{"id":768911,"date":"2025-08-28T13:36:10","date_gmt":"2025-08-28T10:36:10","guid":{"rendered":"https:\/\/roveyayinevi.com.tr\/index.php\/urun\/anglo-amerikan-dunyada-hukuk-felsefesinin-tarihi-1600-1900\/"},"modified":"2026-04-15T03:34:54","modified_gmt":"2026-04-15T00:34:54","slug":"anglo-amerikan-dunyada-hukuk-felsefesinin-tarihi-1600-1900","status":"publish","type":"product","link":"https:\/\/roveyayinevi.com.tr\/index.php\/urun\/anglo-amerikan-dunyada-hukuk-felsefesinin-tarihi-1600-1900\/","title":{"rendered":"Anglo-Amerikan D\u00fcnyada Hukuk Felsefesinin Tarihi (1600-1900)"},"content":{"rendered":"<p>K\u0131ta Avrupas\u0131\u2019n\u0131n yaz\u0131l\u0131 hukuk kurallar\u0131 temelli hukuk sisteminin perspektifinden bak\u0131ld\u0131\u011f\u0131nda \u0130ngiltere\u2019de geli\u015fmi\u015f ve s\u00f6m\u00fcrgecilik faaliyetleriyle geni\u015f bir co\u011frafyaya yay\u0131lm\u0131\u015f common law\u2019un yap\u0131s\u0131 ve bu yap\u0131n\u0131n ard\u0131ndaki hukuki ak\u0131l \u00e7o\u011funlukla anla\u015f\u0131lmaz g\u00f6r\u00fcl\u00fcr. Bu da ya common law hakk\u0131nda kli\u015fele\u015fmi\u015f ama i\u00e7i bo\u015f nitelemelere veya da abart\u0131l\u0131 bir farkl\u0131l\u0131k vurgusuna yol a\u00e7ar. Buna ilaveten T\u00fcrkiye\u2019de son y\u0131llarda hukuk felsefesi alan\u0131nda \u0130ngilizce konu\u015fulan, dolay\u0131s\u0131yla da common law\u2019un ge\u00e7erli oldu\u011fu d\u00fcnyada \u00fcretilen hukuki yakla\u015f\u0131mlar s\u0131k\u00e7a tart\u0131\u015f\u0131lmakla birlikte, Anglo\u2013Amerikan hukukunun tarihi veya kuramsal tarihi ihmal edilmektedir. Bu kitab\u0131n T\u00fcrk\u00e7edeki s\u00f6z konusu bo\u015flu\u011fu doldurmaya aday oldu\u011fu rahatl\u0131kla s\u00f6ylenebilir.   Anglo\u2013Amerikan hukuk tarihi alan\u0131nda uzman olan Michael Lobban\u2019\u0131n kaleme ald\u0131\u011f\u0131 kitap, Orta\u00e7a\u011f\u2019\u0131n sonlar\u0131nda ve Modern d\u00f6nemin ba\u015flar\u0131nda \u0130ngiltere\u2019de geli\u015fen \u2018common law zihniyeti\u2019yle ba\u015fl\u0131yor. Kitapta \u0130ngiltere\u2019de ve Amerika Birle\u015fik Devletleri\u2019nde geli\u015fen farkl\u0131 yakla\u015f\u0131mlar inceleniyor ve Edward Coke\u2019un common law vizyonunun Amerikal\u0131 hukuk\u00e7ular \u00fczerinde g\u00fc\u00e7l\u00fc bir etki yaratmaya devam ederken, \u0130ngiltere&#8217;de Bentham ve Austin&#8217;in \u00e7al\u0131\u015fmalar\u0131nda tam ifadesini bulan daha pozitivist bir yakla\u015f\u0131m\u0131n k\u00f6k sald\u0131\u011f\u0131 g\u00f6steriliyor. <\/p>\n","protected":false},"excerpt":{"rendered":"<p>K\u0131ta Avrupas\u0131\u2019n\u0131n yaz\u0131l\u0131 hukuk kurallar\u0131 temelli hukuk sisteminin perspektifinden bak\u0131ld\u0131\u011f\u0131nda \u0130ngiltere\u2019de geli\u015fmi\u015f ve s\u00f6m\u00fcrgecilik faaliyetleriyle geni\u015f bir co\u011frafyaya yay\u0131lm\u0131\u015f common law\u2019un yap\u0131s\u0131 ve bu yap\u0131n\u0131n ard\u0131ndaki<span class=\"excerpt-hellip\"> [\u2026]<\/span><\/p>\n","protected":false},"featured_media":0,"template":"","meta":{"_monsterinsights_skip_tracking":false,"_monsterinsights_sitenote_active":false,"_monsterinsights_sitenote_note":"","_monsterinsights_sitenote_category":0},"product_brand":[],"product_cat":[15350],"product_tag":[],"class_list":{"0":"post-768911","1":"product","2":"type-product","3":"status-publish","5":"product_cat-hukuk","6":"pa_cilt-ciltsiz","7":"pa_tur-kitap","8":"pa_yayinevi-islik-yayinlari","9":"pa_yazar-michael-lobban","11":"first","12":"instock","13":"sale","14":"shipping-taxable","15":"purchasable","16":"product-type-simple"},"_links":{"self":[{"href":"https:\/\/roveyayinevi.com.tr\/index.php\/wp-json\/wp\/v2\/product\/768911","targetHints":{"allow":["GET"]}}],"collection":[{"href":"https:\/\/roveyayinevi.com.tr\/index.php\/wp-json\/wp\/v2\/product"}],"about":[{"href":"https:\/\/roveyayinevi.com.tr\/index.php\/wp-json\/wp\/v2\/types\/product"}],"wp:attachment":[{"href":"https:\/\/roveyayinevi.com.tr\/index.php\/wp-json\/wp\/v2\/media?parent=768911"}],"wp:term":[{"taxonomy":"product_brand","embeddable":true,"href":"https:\/\/roveyayinevi.com.tr\/index.php\/wp-json\/wp\/v2\/product_brand?post=768911"},{"taxonomy":"product_cat","embeddable":true,"href":"https:\/\/roveyayinevi.com.tr\/index.php\/wp-json\/wp\/v2\/product_cat?post=768911"},{"taxonomy":"product_tag","embeddable":true,"href":"https:\/\/roveyayinevi.com.tr\/index.php\/wp-json\/wp\/v2\/product_tag?post=768911"}],"curies":[{"name":"wp","href":"https:\/\/api.w.org\/{rel}","templated":true}]}}