{"id":768887,"date":"2025-08-28T13:35:28","date_gmt":"2025-08-28T10:35:28","guid":{"rendered":"https:\/\/roveyayinevi.com.tr\/index.php\/urun\/disney-arabalar-simsek-mcqueen-nerede-ara-ve-bul-faaliyet-kitabi-ciltli\/"},"modified":"2026-04-15T03:34:53","modified_gmt":"2026-04-15T00:34:53","slug":"disney-arabalar-simsek-mcqueen-nerede-ara-ve-bul-faaliyet-kitabi-ciltli","status":"publish","type":"product","link":"https:\/\/roveyayinevi.com.tr\/index.php\/urun\/disney-arabalar-simsek-mcqueen-nerede-ara-ve-bul-faaliyet-kitabi-ciltli\/","title":{"rendered":"Disney Arabalar \u015eim\u015fek Mcqueen Nerede? Ara ve Bul Faaliyet Kitab\u0131 (Ciltli)"},"content":{"rendered":"<p>\u015eim\u015fek McQueen ve arkada\u015flar\u0131n\u0131n Radyat\u00f6r Kasabas\u0131\u2019ndan Tokyo\u2019ya yapt\u0131klar\u0131 inan\u0131lmaz yolculu\u011fa kat\u0131l! Sahnelerde gizlenen \u015eim\u015fek, Cruz, Mater, Mack ile di\u011ferlerini ara ve bul. G\u00f6zlerini d\u00f6rt a\u00e7 ve karma\u015f\u0131k resimlerin i\u00e7inde sakl\u0131 nesneleri fark et! Hepsini bulabilir misin?<\/p>\n","protected":false},"excerpt":{"rendered":"<p>\u015eim\u015fek McQueen ve arkada\u015flar\u0131n\u0131n Radyat\u00f6r Kasabas\u0131\u2019ndan Tokyo\u2019ya yapt\u0131klar\u0131 inan\u0131lmaz yolculu\u011fa kat\u0131l! Sahnelerde gizlenen \u015eim\u015fek, Cruz, Mater, Mack ile di\u011ferlerini ara ve bul. G\u00f6zlerini d\u00f6rt a\u00e7 ve<span class=\"excerpt-hellip\"> [\u2026]<\/span><\/p>\n","protected":false},"featured_media":0,"template":"","meta":{"_monsterinsights_skip_tracking":false,"_monsterinsights_sitenote_active":false,"_monsterinsights_sitenote_note":"","_monsterinsights_sitenote_category":0},"product_brand":[],"product_cat":[12644,12274],"product_tag":[],"class_list":{"0":"post-768887","1":"product","2":"type-product","3":"status-publish","5":"product_cat-boyama-kitaplari","6":"product_cat-cocuk-ve-genclik-kitaplari","7":"pa_cilt-ciltli","8":"pa_tur-kitap","9":"pa_yayinevi-beta-kids","10":"pa_yazar-kolektif","12":"first","13":"instock","14":"sale","15":"shipping-taxable","16":"purchasable","17":"product-type-simple"},"_links":{"self":[{"href":"https:\/\/roveyayinevi.com.tr\/index.php\/wp-json\/wp\/v2\/product\/768887","targetHints":{"allow":["GET"]}}],"collection":[{"href":"https:\/\/roveyayinevi.com.tr\/index.php\/wp-json\/wp\/v2\/product"}],"about":[{"href":"https:\/\/roveyayinevi.com.tr\/index.php\/wp-json\/wp\/v2\/types\/product"}],"wp:attachment":[{"href":"https:\/\/roveyayinevi.com.tr\/index.php\/wp-json\/wp\/v2\/media?parent=768887"}],"wp:term":[{"taxonomy":"product_brand","embeddable":true,"href":"https:\/\/roveyayinevi.com.tr\/index.php\/wp-json\/wp\/v2\/product_brand?post=768887"},{"taxonomy":"product_cat","embeddable":true,"href":"https:\/\/roveyayinevi.com.tr\/index.php\/wp-json\/wp\/v2\/product_cat?post=768887"},{"taxonomy":"product_tag","embeddable":true,"href":"https:\/\/roveyayinevi.com.tr\/index.php\/wp-json\/wp\/v2\/product_tag?post=768887"}],"curies":[{"name":"wp","href":"https:\/\/api.w.org\/{rel}","templated":true}]}}