{"id":768854,"date":"2025-08-28T13:34:25","date_gmt":"2025-08-28T10:34:25","guid":{"rendered":"https:\/\/roveyayinevi.com.tr\/index.php\/urun\/sosyolojik-marifet\/"},"modified":"2026-04-15T03:34:53","modified_gmt":"2026-04-15T00:34:53","slug":"sosyolojik-marifet","status":"publish","type":"product","link":"https:\/\/roveyayinevi.com.tr\/index.php\/urun\/sosyolojik-marifet\/","title":{"rendered":"Sosyolojik Marifet"},"content":{"rendered":"<p>Ahmet Hamdi Tanp\u0131nar bundan y\u0131llar \u00f6nce kendisine \u201cT\u00fcrkiye\u2019nin en \u00f6nemli sorunu nedir?\u201d diye soruldu\u011funda \u015f\u00f6yle cevap vermi\u015fti: \u201c\u0130stihsal meselesidir.\u201d \u0130stihsal \u00fcretim anlam\u0131na geliyor. Tanp\u0131nar\u2019\u0131n tespitinden beri bu konuda pek bir yol al\u0131namam\u0131\u015f g\u00f6z\u00fck\u00fcyor. \u00c7\u00fcnk\u00fc ayn\u0131 soruyu bug\u00fcn bana sorsan\u0131z \u015f\u00f6yle cevap verirdim: \u00dcretimin niceli\u011fi ve niteli\u011fi. Yani az \u00fcretmek ve \u00fcretilenin de kalitesinin d\u00fc\u015f\u00fck olmas\u0131. Besim F. Dellalo\u011flu, bu kitab\u0131nda deneyimli bir sosyolog ve usta bir kalem olarak T\u00fcrkiye\u2019de hatal\u0131 veya eksik bilinen bir\u00e7ok meseleyi sosyoloji \u00e7er\u00e7evesinde yeniden tart\u0131\u015fmaya a\u00e7\u0131yor; laiklik, sek\u00fclerle\u015fme, akademi, sosyal bilimler ve g\u00fcncel siyasete dair bir\u00e7ok konuyu yaz\u0131lar\u0131yla tekrar d\u00fc\u015f\u00fcnme \u015fans\u0131 sunuyor. Ayr\u0131ca Dellalo\u011flu, hal\u0131, tespih, esnaf lokantas\u0131 gibi g\u00fcndelik hayat\u0131n s\u0131radan detaylar\u0131n\u0131 metodolojik bir incelemeye tabi tutuyor; bir\u00e7ok farkl\u0131 konuya yeni bak\u0131\u015f a\u00e7\u0131lar\u0131 sunarken istikrarl\u0131 bir y\u00f6ntem de ortaya koyuyor ve okurlar\u0131, meseleleri sosyal bilimler ekseninde g\u00f6rmeye davet ediyor.<\/p>\n","protected":false},"excerpt":{"rendered":"<p>Ahmet Hamdi Tanp\u0131nar bundan y\u0131llar \u00f6nce kendisine \u201cT\u00fcrkiye\u2019nin en \u00f6nemli sorunu nedir?\u201d diye soruldu\u011funda \u015f\u00f6yle cevap vermi\u015fti: \u201c\u0130stihsal meselesidir.\u201d \u0130stihsal \u00fcretim anlam\u0131na geliyor. Tanp\u0131nar\u2019\u0131n tespitinden beri<span class=\"excerpt-hellip\"> [\u2026]<\/span><\/p>\n","protected":false},"featured_media":0,"template":"","meta":{"_monsterinsights_skip_tracking":false,"_monsterinsights_sitenote_active":false,"_monsterinsights_sitenote_note":"","_monsterinsights_sitenote_category":0},"product_brand":[],"product_cat":[12325,12324],"product_tag":[],"class_list":{"0":"post-768854","1":"product","2":"type-product","3":"status-publish","5":"product_cat-diger-sosyoloji","6":"product_cat-sosyoloji","7":"pa_cilt-ciltsiz","8":"pa_tur-kitap","9":"pa_yayinevi-timas-yayinlari","10":"pa_yazar-besim-f-dellaloglu","12":"first","13":"instock","14":"sale","15":"shipping-taxable","16":"purchasable","17":"product-type-simple"},"_links":{"self":[{"href":"https:\/\/roveyayinevi.com.tr\/index.php\/wp-json\/wp\/v2\/product\/768854","targetHints":{"allow":["GET"]}}],"collection":[{"href":"https:\/\/roveyayinevi.com.tr\/index.php\/wp-json\/wp\/v2\/product"}],"about":[{"href":"https:\/\/roveyayinevi.com.tr\/index.php\/wp-json\/wp\/v2\/types\/product"}],"wp:attachment":[{"href":"https:\/\/roveyayinevi.com.tr\/index.php\/wp-json\/wp\/v2\/media?parent=768854"}],"wp:term":[{"taxonomy":"product_brand","embeddable":true,"href":"https:\/\/roveyayinevi.com.tr\/index.php\/wp-json\/wp\/v2\/product_brand?post=768854"},{"taxonomy":"product_cat","embeddable":true,"href":"https:\/\/roveyayinevi.com.tr\/index.php\/wp-json\/wp\/v2\/product_cat?post=768854"},{"taxonomy":"product_tag","embeddable":true,"href":"https:\/\/roveyayinevi.com.tr\/index.php\/wp-json\/wp\/v2\/product_tag?post=768854"}],"curies":[{"name":"wp","href":"https:\/\/api.w.org\/{rel}","templated":true}]}}