{"id":768853,"date":"2025-08-28T13:34:24","date_gmt":"2025-08-28T10:34:24","guid":{"rendered":"https:\/\/roveyayinevi.com.tr\/index.php\/urun\/nasil-bir-egitim\/"},"modified":"2026-04-13T03:30:49","modified_gmt":"2026-04-13T00:30:49","slug":"nasil-bir-egitim","status":"publish","type":"product","link":"https:\/\/roveyayinevi.com.tr\/index.php\/urun\/nasil-bir-egitim\/","title":{"rendered":"Nas\u0131l Bir E\u011fitim?"},"content":{"rendered":"<p>\u201cHayattaki en \u00f6nemli \u015fanslardan biri, ilkokulda iyi bir \u00f6\u011fretmene rastlamakt\u0131r.\u201dD\u00fcnyay\u0131 de\u011fi\u015ftirmek i\u00e7in kullan\u0131lan en g\u00fc\u00e7l\u00fc ara\u00e7 e\u011fitimdir. E\u011fitimdeki temel maksat ise g\u00fcndelik durumlar\u0131 kurtarmak de\u011fil, insan yeti\u015ftirmeye samimiyetle niyet etmektir. \u0130nsani ve k\u00fclt\u00fcrel de\u011ferlerimize sahip \u00e7\u0131kan, bunlar\u0131 \u015fuurlu bir \u015fekilde benimseyen, e\u011fitimi hayat\u0131n her alan\u0131nda birincil konuma yerle\u015ftiren nesiller yeti\u015ftirmek bu anlamda \u00e7ok \u00f6nemlidir. Bu konu \u00fczerimizden bir ba\u015fkas\u0131na atmaya \u00e7al\u0131\u015ft\u0131\u011f\u0131m\u0131z bir mesuliyet de\u011fil; \u00fcstlenmeye can att\u0131\u011f\u0131m\u0131z ve elimizden geldi\u011fince katk\u0131 sa\u011flad\u0131\u011f\u0131m\u0131z bir konu olmal\u0131d\u0131r. Ge\u00e7mi\u015fimizde de hep b\u00f6yle olmu\u015f; e\u011fitimcilere sayg\u0131 duyulurken nesil yeti\u015ftirme konusunda hi\u00e7 kimse kenara \u00e7ekilmemi\u015f, herkes elini ta\u015f\u0131n alt\u0131na koymu\u015ftur. \u00c7\u00fcnk\u00fc en b\u00fcy\u00fck sermayemiz \u00e7ocuklar\u0131m\u0131zd\u0131r.Mill\u00ee E\u011fitim Bakanl\u0131\u011f\u0131 b\u00fcnyesinde uzun y\u0131llar \u00f6\u011fretmenlik ve \u00e7e\u015fitli kademelerde idarecilik yapan Mustafa Alt\u0131nsoy, \u015fahit oldu\u011fu olaylar ve zengin tecr\u00fcbeler ekseninde insan profilimiz, geleneklerimiz, k\u00fclt\u00fcrel miras\u0131m\u0131z, ya\u015fam tarz\u0131m\u0131z ve ideallerimiz i\u00e7in nas\u0131l bir e\u011fitime ihtiyac\u0131m\u0131z oldu\u011funu anlat\u0131yor. Velilere, \u00f6\u011frencilere ve \u00f6\u011fretmenlere ayaklar\u0131 yere basan bir e\u011fitim vizyonu \u00e7izerken gen\u00e7 meslekta\u015flar\u0131n\u0131n ve onlar\u0131n yeti\u015ftirdi\u011fi yeni ku\u015faklar\u0131n elinden tutuyor. ***\u201cNas\u0131l Bir E\u011fitim? E\u011fitime Dair Meselelerimiz ve \u00d6neriler isimli bu kitap, \u00f6mr\u00fcn\u00fc e\u011fitim ve \u00f6\u011fretime vakfetmi\u015f, de\u011fi\u015fik okullarda y\u00f6neticilik yapm\u0131\u015f ve farkl\u0131 \u015fehirlerde Mill\u00ee E\u011fitim M\u00fcd\u00fcr\u00fc olarak bulunmu\u015f tecr\u00fcbeli bir e\u011fitimcinin m\u00fcktesebat\u0131n\u0131n eseridir. Yazar\u0131n sade ve samimi bir dille okuyucuya sundu\u011fu bilgiler alt\u0131n nasihatler s\u0131n\u0131f\u0131ndand\u0131r. Bu bak\u0131mdan kitap, \u00f6\u011fretmen ve idareciler i\u00e7in bir el kitab\u0131 h\u00fcviyetine sahiptir. Ayr\u0131ca yine bu kitapta, e\u011fitim kadrosunda bulunmayan, farkl\u0131 alanlarda \u00e7al\u0131\u015fan yeti\u015fkin okuyucular i\u00e7in de ufuk a\u00e7\u0131c\u0131 yaz\u0131lar bulunmaktad\u0131r.\u201dProf. Dr. Bilal Kemikli<\/p>\n","protected":false},"excerpt":{"rendered":"<p>\u201cHayattaki en \u00f6nemli \u015fanslardan biri, ilkokulda iyi bir \u00f6\u011fretmene rastlamakt\u0131r.\u201dD\u00fcnyay\u0131 de\u011fi\u015ftirmek i\u00e7in kullan\u0131lan en g\u00fc\u00e7l\u00fc ara\u00e7 e\u011fitimdir. E\u011fitimdeki temel maksat ise g\u00fcndelik durumlar\u0131 kurtarmak de\u011fil, insan<span class=\"excerpt-hellip\"> [\u2026]<\/span><\/p>\n","protected":false},"featured_media":0,"template":"","meta":{"_monsterinsights_skip_tracking":false,"_monsterinsights_sitenote_active":false,"_monsterinsights_sitenote_note":"","_monsterinsights_sitenote_category":0},"product_brand":[],"product_cat":[12364,12376],"product_tag":[],"class_list":{"0":"post-768853","1":"product","2":"type-product","3":"status-publish","5":"product_cat-genel-konular","6":"product_cat-kisisel-gelisim","7":"pa_cilt-ciltsiz","8":"pa_tur-kitap","9":"pa_yayinevi-timas-yayinlari","10":"pa_yazar-mustafa-altinsoy","12":"first","13":"instock","14":"sale","15":"shipping-taxable","16":"purchasable","17":"product-type-simple"},"_links":{"self":[{"href":"https:\/\/roveyayinevi.com.tr\/index.php\/wp-json\/wp\/v2\/product\/768853","targetHints":{"allow":["GET"]}}],"collection":[{"href":"https:\/\/roveyayinevi.com.tr\/index.php\/wp-json\/wp\/v2\/product"}],"about":[{"href":"https:\/\/roveyayinevi.com.tr\/index.php\/wp-json\/wp\/v2\/types\/product"}],"wp:attachment":[{"href":"https:\/\/roveyayinevi.com.tr\/index.php\/wp-json\/wp\/v2\/media?parent=768853"}],"wp:term":[{"taxonomy":"product_brand","embeddable":true,"href":"https:\/\/roveyayinevi.com.tr\/index.php\/wp-json\/wp\/v2\/product_brand?post=768853"},{"taxonomy":"product_cat","embeddable":true,"href":"https:\/\/roveyayinevi.com.tr\/index.php\/wp-json\/wp\/v2\/product_cat?post=768853"},{"taxonomy":"product_tag","embeddable":true,"href":"https:\/\/roveyayinevi.com.tr\/index.php\/wp-json\/wp\/v2\/product_tag?post=768853"}],"curies":[{"name":"wp","href":"https:\/\/api.w.org\/{rel}","templated":true}]}}