{"id":768847,"date":"2025-08-28T13:34:14","date_gmt":"2025-08-28T10:34:14","guid":{"rendered":"https:\/\/roveyayinevi.com.tr\/index.php\/urun\/20-turk-filmi-uzerine-kurumsal-inceleme\/"},"modified":"2026-04-15T03:34:53","modified_gmt":"2026-04-15T00:34:53","slug":"20-turk-filmi-uzerine-kurumsal-inceleme","status":"publish","type":"product","link":"https:\/\/roveyayinevi.com.tr\/index.php\/urun\/20-turk-filmi-uzerine-kurumsal-inceleme\/","title":{"rendered":"20 T\u00fcrk Filmi \u00dczerine Kurumsal \u0130nceleme"},"content":{"rendered":"<p>T\u00fcrk sinemas\u0131n\u0131n farkl\u0131 d\u00f6nemlerine, temalar\u0131na ve estetik anlay\u0131\u015flar\u0131na \u0131\u015f\u0131k tutan 20 se\u00e7kin filmi kuramsal bir perspektifle ele ald\u0131\u011f\u0131m bu \u00e7al\u0131\u015fmada, yapay zek\u00e2 destekli analiz y\u00f6ntemlerinden faydaland\u0131m. Sinemam\u0131z\u0131n zenginli\u011fini ve evrimini daha derinlemesine anlayabilmek i\u00e7in sosyolojik, psikolojik, feminist, postmodern ve auteur sinemas\u0131 gibi \u00e7e\u015fitli kuramsal yakla\u015f\u0131mlar yapay zek\u00e2 destekli veri analizi ve i\u00e7erik yorumlama teknikleriyle birle\u015ftirildi. Bu \u00e7al\u0131\u015fma, T\u00fcrk sinemas\u0131n\u0131n toplumsal haf\u0131zay\u0131 nas\u0131l \u015fekillendirdi\u011fini, birey ve toplum aras\u0131ndaki \u00e7at\u0131\u015fmalar\u0131 nas\u0131l ele ald\u0131\u011f\u0131n\u0131, y\u00f6netmenlerin \u00f6zg\u00fcn bak\u0131\u015f a\u00e7\u0131lar\u0131n\u0131 ve izleyiciye sunduklar\u0131 g\u00f6rsel-i\u015fitsel deneyimi hem geleneksel kuramsal y\u00f6ntemler hem de yapay zek\u00e2 destekli analizler \u0131\u015f\u0131\u011f\u0131nda sorguluyor. \u0130NCELENEN F\u0130LMLER Ahlat A\u011fac\u0131 Anayurt Oteli Be\u015f Vakit Bu\u011fday Dar Alanda K\u0131sa Pasla\u015fmalar Duvar Duvara Kar\u015f\u0131 Fakat M\u00fczeyyen Bu Derin Bir Tutku Gizli Y\u00fcz G\u00f6zetleme Kulesi Hakkari\u2019de Bir Mevsim \u0130tiraf K\u0131\u015f Uykusu Laleli\u2019de Bir Azize May\u0131s S\u0131k\u0131nt\u0131s\u0131 Sen Ayd\u0131nlat\u0131rs\u0131n Geceyi Sevmek Zaman\u0131 Tabutta R\u00f6va\u015fata Takva \u00dc\u00e7 Yol <\/p>\n","protected":false},"excerpt":{"rendered":"<p>T\u00fcrk sinemas\u0131n\u0131n farkl\u0131 d\u00f6nemlerine, temalar\u0131na ve estetik anlay\u0131\u015flar\u0131na \u0131\u015f\u0131k tutan 20 se\u00e7kin filmi kuramsal bir perspektifle ele ald\u0131\u011f\u0131m bu \u00e7al\u0131\u015fmada, yapay zek\u00e2 destekli analiz y\u00f6ntemlerinden faydaland\u0131m.<span class=\"excerpt-hellip\"> [\u2026]<\/span><\/p>\n","protected":false},"featured_media":0,"template":"","meta":{"_monsterinsights_skip_tracking":false,"_monsterinsights_sitenote_active":false,"_monsterinsights_sitenote_note":"","_monsterinsights_sitenote_category":0},"product_brand":[],"product_cat":[12409,12408],"product_tag":[],"class_list":{"0":"post-768847","1":"product","2":"type-product","3":"status-publish","5":"product_cat-fotograf-sinema-tiyatro","6":"product_cat-sanat","7":"pa_cilt-ciltsiz","8":"pa_tur-kitap","9":"pa_yayinevi-vaveyla-yayincilik","10":"pa_yazar-akin-senel","12":"first","13":"instock","14":"sale","15":"shipping-taxable","16":"purchasable","17":"product-type-simple"},"_links":{"self":[{"href":"https:\/\/roveyayinevi.com.tr\/index.php\/wp-json\/wp\/v2\/product\/768847","targetHints":{"allow":["GET"]}}],"collection":[{"href":"https:\/\/roveyayinevi.com.tr\/index.php\/wp-json\/wp\/v2\/product"}],"about":[{"href":"https:\/\/roveyayinevi.com.tr\/index.php\/wp-json\/wp\/v2\/types\/product"}],"wp:attachment":[{"href":"https:\/\/roveyayinevi.com.tr\/index.php\/wp-json\/wp\/v2\/media?parent=768847"}],"wp:term":[{"taxonomy":"product_brand","embeddable":true,"href":"https:\/\/roveyayinevi.com.tr\/index.php\/wp-json\/wp\/v2\/product_brand?post=768847"},{"taxonomy":"product_cat","embeddable":true,"href":"https:\/\/roveyayinevi.com.tr\/index.php\/wp-json\/wp\/v2\/product_cat?post=768847"},{"taxonomy":"product_tag","embeddable":true,"href":"https:\/\/roveyayinevi.com.tr\/index.php\/wp-json\/wp\/v2\/product_tag?post=768847"}],"curies":[{"name":"wp","href":"https:\/\/api.w.org\/{rel}","templated":true}]}}