{"id":768838,"date":"2025-08-28T13:33:55","date_gmt":"2025-08-28T10:33:55","guid":{"rendered":"https:\/\/roveyayinevi.com.tr\/index.php\/urun\/kozmostan-kaosa\/"},"modified":"2026-04-15T03:34:52","modified_gmt":"2026-04-15T00:34:52","slug":"kozmostan-kaosa","status":"publish","type":"product","link":"https:\/\/roveyayinevi.com.tr\/index.php\/urun\/kozmostan-kaosa\/","title":{"rendered":"Kozmostan Kaosa"},"content":{"rendered":"<p>Kozmoloji son y\u0131llarda bir devrim ge\u00e7irdi. Astronomi ile temel fizik aras\u0131ndaki heyecan verici etkile\u015fim, kozmosumuza h\u00e2kim gibi g\u00f6r\u00fcnen kara madde ve kara enerjinin varl\u0131\u011f\u0131 da dahil olmak \u00fczere dramatik ke\u015fiflere yol a\u00e7t\u0131. Bu t\u00fcr g\u00f6zlemlerle ba\u015fa \u00e7\u0131kmak, olas\u0131l\u0131k ve istatisti\u011fin dikkatli bir \u015fekilde uygulanmas\u0131n\u0131 gerektirir. Ancak olas\u0131l\u0131k teorisi sadece temel fizi\u011fin gizemli d\u00fcnyas\u0131nda bu kadar \u00f6nemli bir rol oynamaz. Hukuktan piyangoya kadar g\u00fcnl\u00fck hayat\u0131m\u0131z\u0131n pek \u00e7ok alan\u0131nda etkisi vard\u0131r. O halde neden bu kadar az insan olas\u0131l\u0131\u011f\u0131 anl\u0131yor? Ve neden bu kadar az insan bunun bilim i\u00e7in neden bu kadar \u00f6nemli oldu\u011funu anl\u0131yor? Neden bu kadar \u00e7ok insan bilimin mutlak kesinlikten ibaret oldu\u011funu d\u00fc\u015f\u00fcn\u00fcrken, asl\u0131nda bilimin \u00f6z\u00fcnde belirsizlik hakimdir? Bu kitap, olas\u0131l\u0131k teorisinin temellerini a\u00e7\u0131klamaya ve bunlar\u0131n t\u00fcm bilim yelpazesindeki uygulamalar\u0131n\u0131 g\u00f6stermeye \u00e7al\u0131\u015fmaktad\u0131r.    \u201cKozmostan Kaosa olas\u0131l\u0131\u011f\u0131n bilimde ve g\u00fcnl\u00fck ya\u015famdaki rol\u00fcne dair ger\u00e7ekten keyifli bir genel bak\u0131\u015f sunuyor. Kitap temelde uzman olmayan okurlara y\u00f6nelik olsa da i\u00e7eri\u011fine a\u015fina olanlar bile te\u015fvik edici sunumdan keyif alacaklard\u0131r.\u201d \u2013Nature   \u201cYazar\u0131n fikirleri \u00e7ok yepyeni bir hava estiriyor.\u201d \u2013Times Literary Supplement   \u201c\u00c7ok okunabilir bir kitap.\u201d \u2013Zentralblatt Math<\/p>\n","protected":false},"excerpt":{"rendered":"<p>Kozmoloji son y\u0131llarda bir devrim ge\u00e7irdi. Astronomi ile temel fizik aras\u0131ndaki heyecan verici etkile\u015fim, kozmosumuza h\u00e2kim gibi g\u00f6r\u00fcnen kara madde ve kara enerjinin varl\u0131\u011f\u0131 da dahil<span class=\"excerpt-hellip\"> [\u2026]<\/span><\/p>\n","protected":false},"featured_media":0,"template":"","meta":{"_monsterinsights_skip_tracking":false,"_monsterinsights_sitenote_active":false,"_monsterinsights_sitenote_note":"","_monsterinsights_sitenote_category":0},"product_brand":[],"product_cat":[13005,13006],"product_tag":[],"class_list":{"0":"post-768838","1":"product","2":"type-product","3":"status-publish","5":"product_cat-bilim-muhendislik","6":"product_cat-populer-bilim","7":"pa_cilt-ciltsiz","8":"pa_tur-kitap","9":"pa_yayinevi-alfa-yayinlari","10":"pa_yazar-peter-coles","12":"first","13":"instock","14":"sale","15":"shipping-taxable","16":"purchasable","17":"product-type-simple"},"_links":{"self":[{"href":"https:\/\/roveyayinevi.com.tr\/index.php\/wp-json\/wp\/v2\/product\/768838","targetHints":{"allow":["GET"]}}],"collection":[{"href":"https:\/\/roveyayinevi.com.tr\/index.php\/wp-json\/wp\/v2\/product"}],"about":[{"href":"https:\/\/roveyayinevi.com.tr\/index.php\/wp-json\/wp\/v2\/types\/product"}],"wp:attachment":[{"href":"https:\/\/roveyayinevi.com.tr\/index.php\/wp-json\/wp\/v2\/media?parent=768838"}],"wp:term":[{"taxonomy":"product_brand","embeddable":true,"href":"https:\/\/roveyayinevi.com.tr\/index.php\/wp-json\/wp\/v2\/product_brand?post=768838"},{"taxonomy":"product_cat","embeddable":true,"href":"https:\/\/roveyayinevi.com.tr\/index.php\/wp-json\/wp\/v2\/product_cat?post=768838"},{"taxonomy":"product_tag","embeddable":true,"href":"https:\/\/roveyayinevi.com.tr\/index.php\/wp-json\/wp\/v2\/product_tag?post=768838"}],"curies":[{"name":"wp","href":"https:\/\/api.w.org\/{rel}","templated":true}]}}