{"id":768829,"date":"2025-08-28T13:33:31","date_gmt":"2025-08-28T10:33:31","guid":{"rendered":"https:\/\/roveyayinevi.com.tr\/index.php\/urun\/6-subat-2023-depremlerinin-anatomisi-ciltli\/"},"modified":"2026-04-15T03:34:52","modified_gmt":"2026-04-15T00:34:52","slug":"6-subat-2023-depremlerinin-anatomisi-ciltli","status":"publish","type":"product","link":"https:\/\/roveyayinevi.com.tr\/index.php\/urun\/6-subat-2023-depremlerinin-anatomisi-ciltli\/","title":{"rendered":"6 \u015eubat 2023 Depremlerinin Anatomisi (Ciltli)"},"content":{"rendered":"<p>Bu \u00e7al\u0131\u015fman\u0131n ana amac\u0131, depremin etkilerini ve sonu\u00e7lar\u0131n\u0131 genel hatlar\u0131yla incelemenin yan\u0131 s\u0131ra bu t\u00fcr afetlere kar\u015f\u0131 haz\u0131rl\u0131kl\u0131 olman\u0131n ve etkili m\u00fccadele stratejilerinin \u00f6nemini vurgulamakt\u0131r. \u00d6zellikle risk azaltma,afetlere m\u00fcdahale ve iyile\u015ftirme a\u015famalar\u0131nda karar vericilere, planlamac\u0131lara, ara\u015ft\u0131rmac\u0131lara ve t\u00fcm \u00fclke halk\u0131na y\u00f6nelik olarak haz\u0131rlanm\u0131\u015ft\u0131r. Kitap, depremin etkilerini ve sonu\u00e7lar\u0131n\u0131 ele al\u0131rken, s\u0131f\u0131r\u0131nc\u0131 dakikadan itibaren kamu kurulu\u015flar\u0131, \u00f6zel sekt\u00f6r, \u00fcniversiteler ve g\u00f6n\u00fcll\u00fc kurulu\u015flar taraf\u0131ndan y\u00fcr\u00fct\u00fclen \u00e7al\u0131\u015fmalar\u0131 bir y\u0131l\u0131 a\u015fan kronolojik \u00e7er\u00e7evede sunarak fark\u0131ndal\u0131k yaratmay\u0131 ama\u00e7lamaktad\u0131r.  Asr\u0131n felaketinden asr\u0131n dayan\u0131\u015fmas\u0131na uzanan s\u00fcre\u00e7te, \u00fclkenin tek y\u00fcrek olarak ger\u00e7ekle\u015ftirdi\u011fi ve d\u00fcnyan\u0131n en b\u00fcy\u00fck iyile\u015ftirme \u00e7abalar\u0131ndan biri olarak kabul edilen \u00e7al\u0131\u015fmalar\u0131 ele alan bu \u00e7al\u0131\u015fma, ilk ba\u015fvuru kayna\u011f\u0131 niteli\u011fi ta\u015f\u0131maktad\u0131r. En \u00f6nemli ay\u0131rt edici \u00f6zelli\u011fi, AFAD taraf\u0131ndan olu\u015fturulan birincil verilere dayanmas\u0131d\u0131r. <\/p>\n","protected":false},"excerpt":{"rendered":"<p>Bu \u00e7al\u0131\u015fman\u0131n ana amac\u0131, depremin etkilerini ve sonu\u00e7lar\u0131n\u0131 genel hatlar\u0131yla incelemenin yan\u0131 s\u0131ra bu t\u00fcr afetlere kar\u015f\u0131 haz\u0131rl\u0131kl\u0131 olman\u0131n ve etkili m\u00fccadele stratejilerinin \u00f6nemini vurgulamakt\u0131r. \u00d6zellikle<span class=\"excerpt-hellip\"> [\u2026]<\/span><\/p>\n","protected":false},"featured_media":0,"template":"","meta":{"_monsterinsights_skip_tracking":false,"_monsterinsights_sitenote_active":false,"_monsterinsights_sitenote_note":"","_monsterinsights_sitenote_category":0},"product_brand":[],"product_cat":[52477],"product_tag":[],"class_list":{"0":"post-768829","1":"product","2":"type-product","3":"status-publish","5":"product_cat-arastirma","6":"pa_cilt-ciltli","7":"pa_tur-kitap","8":"pa_yayinevi-tiav","9":"pa_yazar-senay-ozden","11":"first","12":"instock","13":"sale","14":"shipping-taxable","15":"purchasable","16":"product-type-simple"},"_links":{"self":[{"href":"https:\/\/roveyayinevi.com.tr\/index.php\/wp-json\/wp\/v2\/product\/768829","targetHints":{"allow":["GET"]}}],"collection":[{"href":"https:\/\/roveyayinevi.com.tr\/index.php\/wp-json\/wp\/v2\/product"}],"about":[{"href":"https:\/\/roveyayinevi.com.tr\/index.php\/wp-json\/wp\/v2\/types\/product"}],"wp:attachment":[{"href":"https:\/\/roveyayinevi.com.tr\/index.php\/wp-json\/wp\/v2\/media?parent=768829"}],"wp:term":[{"taxonomy":"product_brand","embeddable":true,"href":"https:\/\/roveyayinevi.com.tr\/index.php\/wp-json\/wp\/v2\/product_brand?post=768829"},{"taxonomy":"product_cat","embeddable":true,"href":"https:\/\/roveyayinevi.com.tr\/index.php\/wp-json\/wp\/v2\/product_cat?post=768829"},{"taxonomy":"product_tag","embeddable":true,"href":"https:\/\/roveyayinevi.com.tr\/index.php\/wp-json\/wp\/v2\/product_tag?post=768829"}],"curies":[{"name":"wp","href":"https:\/\/api.w.org\/{rel}","templated":true}]}}