{"id":768808,"date":"2025-08-28T13:32:52","date_gmt":"2025-08-28T10:32:52","guid":{"rendered":"https:\/\/roveyayinevi.com.tr\/index.php\/urun\/dark-souls-sayi3-alev-efsaneleri\/"},"modified":"2026-04-15T03:34:52","modified_gmt":"2026-04-15T00:34:52","slug":"dark-souls-sayi3-alev-efsaneleri","status":"publish","type":"product","link":"https:\/\/roveyayinevi.com.tr\/index.php\/urun\/dark-souls-sayi3-alev-efsaneleri\/","title":{"rendered":"Dark Souls Say\u0131:3 &#8211; Alev Efsaneleri"},"content":{"rendered":"<p>\u0130\u00c7\u0130 BO\u015e KAHRAMANLARIN \u00c7A\u011eLARLA B\u0130RL\u0130KTE Y\u00dcKSEL\u0130P D\u00dc\u015eT\u00dc\u011e\u00dc, CESUR \u015e\u00d6VALYELER\u0130N G\u00dcNAHLARINDAN ARINMAYA \u00c7ALI\u015eTI\u011eI VE \u015eENL\u0130K ATE\u015eLER\u0130N\u0130N SONSUZ KARANLI\u011eA KAR\u015eI ALEVLEND\u0130\u011e\u0130 B\u0130R D\u0130YARDA, EFSANELER VE M\u0130TLER SONSUZA DEK H\u00dcK\u00dcM S\u00dcRECEK&#8230;   BANDAI-NAMCO\u2019NUN ELE\u015eT\u0130RMENLERCE \u00d6V\u00dcLEN V\u0130DEO OYUNU SER\u0130S\u0130N\u0130N ISSIZ D\u00dcNYALARINDAN, \u00c7\u0130ZG\u0130 ROMAN D\u00dcNYASININ YILDIZLARI TARAFINDAN YAZILAN VE \u00c7\u0130Z\u0130LEN YEPYEN\u0130 DARK SOULS H\u0130K\u00c2YELER\u0130N\u0130N BU SARSICI KOLEKS\u0130YONU \u00c7IKIP GEL\u0130YOR. SER\u0130N\u0130N KAPSAMLI H\u0130K\u00c2YES\u0130N\u0130 TEMEL ALAN BU AKS\u0130YON DOLU ANTOLOJ\u0130, OYUNUN T\u00dcM HAYRANLARI \u0130\u00c7\u0130N VAZGE\u00c7\u0130LMEZ \u00d6NEMDE. <\/p>\n","protected":false},"excerpt":{"rendered":"<p>\u0130\u00c7\u0130 BO\u015e KAHRAMANLARIN \u00c7A\u011eLARLA B\u0130RL\u0130KTE Y\u00dcKSEL\u0130P D\u00dc\u015eT\u00dc\u011e\u00dc, CESUR \u015e\u00d6VALYELER\u0130N G\u00dcNAHLARINDAN ARINMAYA \u00c7ALI\u015eTI\u011eI VE \u015eENL\u0130K ATE\u015eLER\u0130N\u0130N SONSUZ KARANLI\u011eA KAR\u015eI ALEVLEND\u0130\u011e\u0130 B\u0130R D\u0130YARDA, EFSANELER VE M\u0130TLER SONSUZA DEK<span class=\"excerpt-hellip\"> [\u2026]<\/span><\/p>\n","protected":false},"featured_media":0,"template":"","meta":{"_monsterinsights_skip_tracking":false,"_monsterinsights_sitenote_active":false,"_monsterinsights_sitenote_note":"","_monsterinsights_sitenote_category":0},"product_brand":[],"product_cat":[12416,12291],"product_tag":[],"class_list":{"0":"post-768808","1":"product","2":"type-product","3":"status-publish","5":"product_cat-cizgi-roman","6":"product_cat-edebiyat","7":"pa_cilt-ciltsiz","8":"pa_tur-kitap","9":"pa_yayinevi-eksik-parca-yayinlari","10":"pa_yazar-george-mann","12":"first","13":"instock","14":"sale","15":"shipping-taxable","16":"purchasable","17":"product-type-simple"},"_links":{"self":[{"href":"https:\/\/roveyayinevi.com.tr\/index.php\/wp-json\/wp\/v2\/product\/768808","targetHints":{"allow":["GET"]}}],"collection":[{"href":"https:\/\/roveyayinevi.com.tr\/index.php\/wp-json\/wp\/v2\/product"}],"about":[{"href":"https:\/\/roveyayinevi.com.tr\/index.php\/wp-json\/wp\/v2\/types\/product"}],"wp:attachment":[{"href":"https:\/\/roveyayinevi.com.tr\/index.php\/wp-json\/wp\/v2\/media?parent=768808"}],"wp:term":[{"taxonomy":"product_brand","embeddable":true,"href":"https:\/\/roveyayinevi.com.tr\/index.php\/wp-json\/wp\/v2\/product_brand?post=768808"},{"taxonomy":"product_cat","embeddable":true,"href":"https:\/\/roveyayinevi.com.tr\/index.php\/wp-json\/wp\/v2\/product_cat?post=768808"},{"taxonomy":"product_tag","embeddable":true,"href":"https:\/\/roveyayinevi.com.tr\/index.php\/wp-json\/wp\/v2\/product_tag?post=768808"}],"curies":[{"name":"wp","href":"https:\/\/api.w.org\/{rel}","templated":true}]}}