{"id":768801,"date":"2025-08-28T13:32:40","date_gmt":"2025-08-28T10:32:40","guid":{"rendered":"https:\/\/roveyayinevi.com.tr\/index.php\/urun\/kedim-oyunlarim-ve-ben-5\/"},"modified":"2026-04-15T03:34:51","modified_gmt":"2026-04-15T00:34:51","slug":"kedim-oyunlarim-ve-ben-5","status":"publish","type":"product","link":"https:\/\/roveyayinevi.com.tr\/index.php\/urun\/kedim-oyunlarim-ve-ben-5\/","title":{"rendered":"Kedim Oyunlar\u0131m ve Ben 5"},"content":{"rendered":"<p>\u0130K\u0130 KED\u0130 VE   B\u0130R \u0130NSANIN RENG\u00c2RENK   HAYATINA G\u00d6Z ATMAK \u0130STER M\u0130S\u0130N\u0130Z?  <\/p>\n","protected":false},"excerpt":{"rendered":"<p>\u0130K\u0130 KED\u0130 VE B\u0130R \u0130NSANIN RENG\u00c2RENK HAYATINA G\u00d6Z ATMAK \u0130STER M\u0130S\u0130N\u0130Z?<\/p>\n","protected":false},"featured_media":0,"template":"","meta":{"_monsterinsights_skip_tracking":false,"_monsterinsights_sitenote_active":false,"_monsterinsights_sitenote_note":"","_monsterinsights_sitenote_category":0},"product_brand":[],"product_cat":[12416,12291],"product_tag":[],"class_list":{"0":"post-768801","1":"product","2":"type-product","3":"status-publish","5":"product_cat-cizgi-roman","6":"product_cat-edebiyat","7":"pa_cilt-ciltsiz","8":"pa_tur-kitap","9":"pa_yayinevi-athica-yayinlari","10":"pa_yazar-wataru-nadataniye","12":"first","13":"instock","14":"sale","15":"shipping-taxable","16":"purchasable","17":"product-type-simple"},"_links":{"self":[{"href":"https:\/\/roveyayinevi.com.tr\/index.php\/wp-json\/wp\/v2\/product\/768801","targetHints":{"allow":["GET"]}}],"collection":[{"href":"https:\/\/roveyayinevi.com.tr\/index.php\/wp-json\/wp\/v2\/product"}],"about":[{"href":"https:\/\/roveyayinevi.com.tr\/index.php\/wp-json\/wp\/v2\/types\/product"}],"wp:attachment":[{"href":"https:\/\/roveyayinevi.com.tr\/index.php\/wp-json\/wp\/v2\/media?parent=768801"}],"wp:term":[{"taxonomy":"product_brand","embeddable":true,"href":"https:\/\/roveyayinevi.com.tr\/index.php\/wp-json\/wp\/v2\/product_brand?post=768801"},{"taxonomy":"product_cat","embeddable":true,"href":"https:\/\/roveyayinevi.com.tr\/index.php\/wp-json\/wp\/v2\/product_cat?post=768801"},{"taxonomy":"product_tag","embeddable":true,"href":"https:\/\/roveyayinevi.com.tr\/index.php\/wp-json\/wp\/v2\/product_tag?post=768801"}],"curies":[{"name":"wp","href":"https:\/\/api.w.org\/{rel}","templated":true}]}}