{"id":768790,"date":"2025-08-28T13:32:20","date_gmt":"2025-08-28T10:32:20","guid":{"rendered":"https:\/\/roveyayinevi.com.tr\/index.php\/urun\/thkp-c-kurtulus-2\/"},"modified":"2026-04-15T03:34:51","modified_gmt":"2026-04-15T00:34:51","slug":"thkp-c-kurtulus-2","status":"publish","type":"product","link":"https:\/\/roveyayinevi.com.tr\/index.php\/urun\/thkp-c-kurtulus-2\/","title":{"rendered":"THKP-C Kurtulu\u015f -2"},"content":{"rendered":"<p>1976-1980 y\u0131llar\u0131, Kurtulu\u015f\u2019un geli\u015fme\/kitleselle\u015fme ve devrimci at\u0131l\u0131m d\u00f6nemiydi. Ama\u00e7, ara\u00e7 ve ihtiya\u00e7 diyalekti\u011fi do\u011frultusunda siyasal ve \u00f6rg\u00fctsel ad\u0131mlar bu d\u00f6nemde at\u0131ld\u0131. Bu ba\u011flamda kamula\u015ft\u0131rma eylemleri ve e\u011fitim \u00e7al\u0131\u015fmalar\u0131 yap\u0131ld\u0131. Kitle yay\u0131n organ\u0131 olarak haftal\u0131k Kurtulu\u015f Gazetesi \u00e7\u0131kar\u0131ld\u0131. Siyasal faaliyetler \u201cSiyasal Kampanyalar\u201d \u015feklinde yap\u0131lmaya ba\u015fland\u0131. Belirlenmi\u015f bir model \u00fczerinden Kurtulu\u015f \u00d6rg\u00fct\u00fc kuruldu. K\u00fcrdistan Seksiyonu olu\u015fturuldu ve K\u00fcrt illerinde \u00f6rg\u00fctlenildi. Demokratik kitle \u00f6rg\u00fctlerinde ve sendikalarda \u00e7al\u0131\u015fmalar yo\u011funla\u015ft\u0131r\u0131ld\u0131.   Gen\u00e7lik hareketine daha fazla \u00f6nem verildi ve ayr\u0131 bir gen\u00e7lik \u00f6rg\u00fct\u00fc kuruldu. Kad\u0131n sorunu g\u00fcndeme al\u0131nd\u0131. Ankara Devrimci Kad\u0131nlar Derne\u011fi (ADKD) kuruldu ve Demokrat Kad\u0131n dergisi \u00e7\u0131kar\u0131ld\u0131. Giderek artan fa\u015fist sald\u0131r\u0131lara ve katliamlara kar\u015f\u0131 antifa\u015fist m\u00fccadeleye a\u011f\u0131rl\u0131k verildi ve \u00f6zel \u00f6rg\u00fctlenmeler olu\u015fturuldu. Sol i\u00e7i \u015fiddete kar\u015f\u0131 ilkeli bir tutum geli\u015ftirmeye ve sorunlar\u0131 ideolojik m\u00fccadele temelinde \u00e7\u00f6zmeye \u00e7al\u0131\u015fmas\u0131na kar\u015f\u0131n, ne yaz\u0131k ki bu \u015fiddete Kurtulu\u015f\u2019ta kat\u0131ld\u0131.   Siyasal ve toplumsal s\u00fcrecin seyrine uygun olarak her f\u0131rsatta, antifa\u015fist, antiemperyalist, anti \u015fovenist ve K\u00fcrdistan\u2019da anti s\u00f6m\u00fcrgeci ilkeler temelinde eylem birlikleri kurulmaya \u00e7al\u0131\u015f\u0131ld\u0131. Kurtulu\u015f\u2019tan ilk b\u00f6l\u00fcnme bu d\u00f6nemde ortaya \u00e7\u0131kt\u0131 ve Teko\u015fin grubu Kurtulu\u015f\u2019tan ayr\u0131ld\u0131. \u00d6nemli \u00f6ng\u00f6r\u00fclerine ra\u011fmen Kurtulu\u015f, di\u011fer siyasal hareketler gibi 12 Eyl\u00fcl\u2019e haz\u0131rl\u0131ks\u0131z yakaland\u0131! <\/p>\n","protected":false},"excerpt":{"rendered":"<p>1976-1980 y\u0131llar\u0131, Kurtulu\u015f\u2019un geli\u015fme\/kitleselle\u015fme ve devrimci at\u0131l\u0131m d\u00f6nemiydi. Ama\u00e7, ara\u00e7 ve ihtiya\u00e7 diyalekti\u011fi do\u011frultusunda siyasal ve \u00f6rg\u00fctsel ad\u0131mlar bu d\u00f6nemde at\u0131ld\u0131. Bu ba\u011flamda kamula\u015ft\u0131rma eylemleri ve<span class=\"excerpt-hellip\"> [\u2026]<\/span><\/p>\n","protected":false},"featured_media":0,"template":"","meta":{"_monsterinsights_skip_tracking":false,"_monsterinsights_sitenote_active":false,"_monsterinsights_sitenote_note":"","_monsterinsights_sitenote_category":0},"product_brand":[],"product_cat":[12304,14128],"product_tag":[],"class_list":{"0":"post-768790","1":"product","2":"type-product","3":"status-publish","5":"product_cat-tarih","6":"product_cat-yakin-tarih","7":"pa_cilt-ciltsiz","8":"pa_tur-kitap","9":"pa_yayinevi-favori-yayinlari","10":"pa_yazar-saban-iba","12":"first","13":"instock","14":"sale","15":"shipping-taxable","16":"purchasable","17":"product-type-simple"},"_links":{"self":[{"href":"https:\/\/roveyayinevi.com.tr\/index.php\/wp-json\/wp\/v2\/product\/768790","targetHints":{"allow":["GET"]}}],"collection":[{"href":"https:\/\/roveyayinevi.com.tr\/index.php\/wp-json\/wp\/v2\/product"}],"about":[{"href":"https:\/\/roveyayinevi.com.tr\/index.php\/wp-json\/wp\/v2\/types\/product"}],"wp:attachment":[{"href":"https:\/\/roveyayinevi.com.tr\/index.php\/wp-json\/wp\/v2\/media?parent=768790"}],"wp:term":[{"taxonomy":"product_brand","embeddable":true,"href":"https:\/\/roveyayinevi.com.tr\/index.php\/wp-json\/wp\/v2\/product_brand?post=768790"},{"taxonomy":"product_cat","embeddable":true,"href":"https:\/\/roveyayinevi.com.tr\/index.php\/wp-json\/wp\/v2\/product_cat?post=768790"},{"taxonomy":"product_tag","embeddable":true,"href":"https:\/\/roveyayinevi.com.tr\/index.php\/wp-json\/wp\/v2\/product_tag?post=768790"}],"curies":[{"name":"wp","href":"https:\/\/api.w.org\/{rel}","templated":true}]}}