{"id":768784,"date":"2025-08-28T13:32:08","date_gmt":"2025-08-28T10:32:08","guid":{"rendered":"https:\/\/roveyayinevi.com.tr\/index.php\/urun\/paranormal-hikayeler-2\/"},"modified":"2026-04-15T03:34:51","modified_gmt":"2026-04-15T00:34:51","slug":"paranormal-hikayeler-2","status":"publish","type":"product","link":"https:\/\/roveyayinevi.com.tr\/index.php\/urun\/paranormal-hikayeler-2\/","title":{"rendered":"Paranormal Hikayeler 2"},"content":{"rendered":"<p>Titreyip \u00e7\u0131rp\u0131nmaya ba\u015flad\u0131m \u00e7\u00fcnk\u00fc s\u0131cakl\u0131k dayan\u0131lacak gibi de\u011fildi. Yeter Ebe avucundaki tuzdan biraz dudaklar\u0131ma s\u00fcr\u00fcp biraz da aln\u0131ma d\u00f6k\u00fcnce \u00f6nce serinledim, sonra so\u011fuk barda\u011f\u0131n s\u0131cak suya temas edince \u00e7atlad\u0131\u011f\u0131 gibi \u00e7atlad\u0131\u011f\u0131m\u0131 hissettim. Korkuyla g\u00f6zlerimi kapatt\u0131m. \u201cKovulmu\u015f \u015feytandan ve onun iblislerinden Allah\u2019a s\u0131\u011f\u0131n\u0131r\u0131m,\u201d diyerek g\u00f6zlerimi a\u00e7t\u0131\u011f\u0131mda g\u00f6rd\u00fc\u011f\u00fcm manzara kar\u015f\u0131s\u0131nda neredeyse k\u00fc\u00e7\u00fck dilimi yutacakt\u0131m. Tahta \u00fczerine yar\u0131 \u00e7\u0131plak uzanm\u0131\u015f bedenimi g\u00f6r\u00fcyordum. Bu nas\u0131l m\u00fcmk\u00fcn olabilir, diye d\u00fc\u015f\u00fcn\u00fcrken bedenimin d\u0131\u015f\u0131nda oldu\u011fumu fark ettim. Bedenimin iki metre kadar y\u00fckse\u011finde durmu\u015f havada s\u00fcz\u00fcl\u00fcrken kendime bak\u0131yordum. S\u0131r i\u00e7inde s\u0131r sakl\u0131d\u0131r. S\u0131rr\u0131 \u00f6rten her bir perde, g\u00f6zlerin \u00f6n\u00fcne set olarak \u00e7ekilir. G\u00f6rmediklerimiz, s\u0131rr\u0131n \u00f6n\u00fcndeki kalkand\u0131r. Bizleri koruyan bu kalkan korku pen\u00e7esiyle y\u0131rt\u0131l\u0131rsa g\u00f6r\u00fcnmeyenler g\u00f6r\u00fcn\u00fcr ve ak\u0131l buna dayanmakta zorlan\u0131r.   Bu kitap, 10 kitapl\u0131k serinin ikinci kitab\u0131d\u0131r. <\/p>\n","protected":false},"excerpt":{"rendered":"<p>Titreyip \u00e7\u0131rp\u0131nmaya ba\u015flad\u0131m \u00e7\u00fcnk\u00fc s\u0131cakl\u0131k dayan\u0131lacak gibi de\u011fildi. Yeter Ebe avucundaki tuzdan biraz dudaklar\u0131ma s\u00fcr\u00fcp biraz da aln\u0131ma d\u00f6k\u00fcnce \u00f6nce serinledim, sonra so\u011fuk barda\u011f\u0131n s\u0131cak suya<span class=\"excerpt-hellip\"> [\u2026]<\/span><\/p>\n","protected":false},"featured_media":0,"template":"","meta":{"_monsterinsights_skip_tracking":false,"_monsterinsights_sitenote_active":false,"_monsterinsights_sitenote_note":"","_monsterinsights_sitenote_category":0},"product_brand":[],"product_cat":[12291,17033],"product_tag":[],"class_list":{"0":"post-768784","1":"product","2":"type-product","3":"status-publish","5":"product_cat-edebiyat","6":"product_cat-korku-gerilim","7":"pa_cilt-ciltsiz","8":"pa_tur-kitap","9":"pa_yayinevi-ulysses-yayinlari","10":"pa_yazar-erkan-aksu","12":"first","13":"instock","14":"sale","15":"shipping-taxable","16":"purchasable","17":"product-type-simple"},"_links":{"self":[{"href":"https:\/\/roveyayinevi.com.tr\/index.php\/wp-json\/wp\/v2\/product\/768784","targetHints":{"allow":["GET"]}}],"collection":[{"href":"https:\/\/roveyayinevi.com.tr\/index.php\/wp-json\/wp\/v2\/product"}],"about":[{"href":"https:\/\/roveyayinevi.com.tr\/index.php\/wp-json\/wp\/v2\/types\/product"}],"wp:attachment":[{"href":"https:\/\/roveyayinevi.com.tr\/index.php\/wp-json\/wp\/v2\/media?parent=768784"}],"wp:term":[{"taxonomy":"product_brand","embeddable":true,"href":"https:\/\/roveyayinevi.com.tr\/index.php\/wp-json\/wp\/v2\/product_brand?post=768784"},{"taxonomy":"product_cat","embeddable":true,"href":"https:\/\/roveyayinevi.com.tr\/index.php\/wp-json\/wp\/v2\/product_cat?post=768784"},{"taxonomy":"product_tag","embeddable":true,"href":"https:\/\/roveyayinevi.com.tr\/index.php\/wp-json\/wp\/v2\/product_tag?post=768784"}],"curies":[{"name":"wp","href":"https:\/\/api.w.org\/{rel}","templated":true}]}}