{"id":768779,"date":"2025-08-28T13:31:56","date_gmt":"2025-08-28T10:31:56","guid":{"rendered":"https:\/\/roveyayinevi.com.tr\/index.php\/urun\/meftun\/"},"modified":"2026-04-15T03:34:51","modified_gmt":"2026-04-15T00:34:51","slug":"meftun","status":"publish","type":"product","link":"https:\/\/roveyayinevi.com.tr\/index.php\/urun\/meftun\/","title":{"rendered":"Meftun"},"content":{"rendered":"<p>Cemre La\u00e7in ge\u00e7mi\u015finde ya\u015fad\u0131\u011f\u0131 binbir zorlukla b\u00fcy\u00fcm\u00fc\u015f, b\u00fcy\u00fcmek zorunda kalm\u0131\u015ft\u0131r. Do\u011fdu\u011fundan beri amac\u0131n\u0131n ya\u015fatmak oldu\u011funa inanan Cemre La\u00e7in, tek ba\u015f\u0131na vatan\u0131n\u0131 ve \u015fehitlerini merak edip ara\u015ft\u0131rm\u0131\u015f, damarlar\u0131ndaki asil kan\u0131n fark\u0131na varm\u0131\u015ft\u0131r. Y\u00fcr\u00fcd\u00fc\u011f\u00fc bu yolda asker\u00ee a\u00e7\u0131dan bir\u00e7ok ba\u015far\u0131 elde etmi\u015ftir. Ve zamanla \u201cKAOS\u201d adl\u0131 timin ba\u015f\u0131na ge\u00e7mi\u015ftir. \u201cAVCI\u201d lakab\u0131yla bilinen, ter\u00f6ristlerin korkulu r\u00fcyas\u0131 olan \u00dcste\u011fmen Cemre La\u00e7in, bir g\u00fcn timiyle beraber, esir d\u00fc\u015fm\u00fc\u015f olan Y\u00fczba\u015f\u0131 Emir Pars Boran\u2019\u0131 kurtarmak i\u00e7in g\u00f6revlendirilir. Her g\u00f6revde oldu\u011fu gibi bu g\u00f6revden de ba\u015far\u0131yla d\u00f6nm\u00fc\u015ft\u00fcr. Lakin bu sefer, anlam veremedi\u011fi bir sebepten dolay\u0131 g\u00f6revi uzun soluklu g\u00f6rev h\u00e2line b\u00fcr\u00fcn\u00fcr ve \u201cKURT\u201d lakab\u0131 ile nam salm\u0131\u015f Y\u00fczba\u015f\u0131 Boran\u2019la ayn\u0131 timde g\u00f6rev almaya ba\u015flar. Bu, Kaos Timi i\u00e7in de \u00dcste\u011fmen Cemre La\u00e7in i\u00e7in de hi\u00e7 kolay olmayacakt\u0131r. Zamanla ortaya \u00e7\u0131kan operasyonlar, bitmek bilmeyen hainler, vatan yolunda verilen kay\u0131plar, yap\u0131lan fedakarl\u0131klar, ya\u015fanan dostluklar, sonsuz a\u015fklar, beklenmedik ayr\u0131l\u0131klar, yeni d\u00fc\u015fmanlar ve tehlikeli sorunlar; uzun bir hik\u00e2yenin k\u0131sa ba\u015flang\u0131c\u0131 h\u00e2line gelir. Ger\u00e7ek olaylardan esinlenilen asker\u00ee m\u00fccadeleye haz\u0131r m\u0131s\u0131n\u0131z? <\/p>\n","protected":false},"excerpt":{"rendered":"<p>Cemre La\u00e7in ge\u00e7mi\u015finde ya\u015fad\u0131\u011f\u0131 binbir zorlukla b\u00fcy\u00fcm\u00fc\u015f, b\u00fcy\u00fcmek zorunda kalm\u0131\u015ft\u0131r. Do\u011fdu\u011fundan beri amac\u0131n\u0131n ya\u015fatmak oldu\u011funa inanan Cemre La\u00e7in, tek ba\u015f\u0131na vatan\u0131n\u0131 ve \u015fehitlerini merak edip ara\u015ft\u0131rm\u0131\u015f,<span class=\"excerpt-hellip\"> [\u2026]<\/span><\/p>\n","protected":false},"featured_media":0,"template":"","meta":{"_monsterinsights_skip_tracking":false,"_monsterinsights_sitenote_active":false,"_monsterinsights_sitenote_note":"","_monsterinsights_sitenote_category":0},"product_brand":[],"product_cat":[12291,12711],"product_tag":[],"class_list":{"0":"post-768779","1":"product","2":"type-product","3":"status-publish","5":"product_cat-edebiyat","6":"product_cat-roman-oyku","7":"pa_cilt-ciltsiz","8":"pa_tur-kitap","9":"pa_yayinevi-ulysses-yayinlari","10":"pa_yazar-ilknur-cemre-uslu","12":"first","13":"instock","14":"sale","15":"shipping-taxable","16":"purchasable","17":"product-type-simple"},"_links":{"self":[{"href":"https:\/\/roveyayinevi.com.tr\/index.php\/wp-json\/wp\/v2\/product\/768779","targetHints":{"allow":["GET"]}}],"collection":[{"href":"https:\/\/roveyayinevi.com.tr\/index.php\/wp-json\/wp\/v2\/product"}],"about":[{"href":"https:\/\/roveyayinevi.com.tr\/index.php\/wp-json\/wp\/v2\/types\/product"}],"wp:attachment":[{"href":"https:\/\/roveyayinevi.com.tr\/index.php\/wp-json\/wp\/v2\/media?parent=768779"}],"wp:term":[{"taxonomy":"product_brand","embeddable":true,"href":"https:\/\/roveyayinevi.com.tr\/index.php\/wp-json\/wp\/v2\/product_brand?post=768779"},{"taxonomy":"product_cat","embeddable":true,"href":"https:\/\/roveyayinevi.com.tr\/index.php\/wp-json\/wp\/v2\/product_cat?post=768779"},{"taxonomy":"product_tag","embeddable":true,"href":"https:\/\/roveyayinevi.com.tr\/index.php\/wp-json\/wp\/v2\/product_tag?post=768779"}],"curies":[{"name":"wp","href":"https:\/\/api.w.org\/{rel}","templated":true}]}}