{"id":768766,"date":"2025-08-28T13:31:38","date_gmt":"2025-08-28T10:31:38","guid":{"rendered":"https:\/\/roveyayinevi.com.tr\/index.php\/urun\/meraklisi-icin-agaclar\/"},"modified":"2026-04-15T03:34:50","modified_gmt":"2026-04-15T00:34:50","slug":"meraklisi-icin-agaclar","status":"publish","type":"product","link":"https:\/\/roveyayinevi.com.tr\/index.php\/urun\/meraklisi-icin-agaclar\/","title":{"rendered":"Merakl\u0131s\u0131 \u0130\u00e7in A\u011fa\u00e7lar"},"content":{"rendered":"<p>A\u011fa\u00e7lar gezegenimizin \u00f6nemli bir par\u00e7as\u0131d\u0131r. Peki, onlar\u0131 bu kadar \u00f6nemli yapan \u015fey nedir?   A\u011fa\u00e7lar\u0131n hangi k\u0131s\u0131mlardan olu\u015ftuklar\u0131n\u0131 ve bize nas\u0131l fayda sa\u011flad\u0131klar\u0131n\u0131 ke\u015ffet.   A\u011fa\u00e7lar\u0131n ya\u015flar\u0131n\u0131 ara\u015ft\u0131r ve d\u00fcnyan\u0131n en ya\u015fl\u0131 a\u011fa\u00e7lar\u0131yla tan\u0131\u015f.   Birbirinden g\u00fczel yapraklar kullanarak sen de renkli bir a\u011fa\u00e7 kolaj\u0131 yap.   Merakl\u0131s\u0131 \u0130\u00e7in dizisi, \u00e7ocuklar\u0131 etraflar\u0131ndaki d\u00fcnyayla ba\u011f kurmaya ve bu d\u00fcnyay\u0131 ke\u015ffetmeye te\u015fvik ediyor. <\/p>\n","protected":false},"excerpt":{"rendered":"<p>A\u011fa\u00e7lar gezegenimizin \u00f6nemli bir par\u00e7as\u0131d\u0131r. Peki, onlar\u0131 bu kadar \u00f6nemli yapan \u015fey nedir? A\u011fa\u00e7lar\u0131n hangi k\u0131s\u0131mlardan olu\u015ftuklar\u0131n\u0131 ve bize nas\u0131l fayda sa\u011flad\u0131klar\u0131n\u0131 ke\u015ffet. A\u011fa\u00e7lar\u0131n ya\u015flar\u0131n\u0131 ara\u015ft\u0131r<span class=\"excerpt-hellip\"> [\u2026]<\/span><\/p>\n","protected":false},"featured_media":0,"template":"","meta":{"_monsterinsights_skip_tracking":false,"_monsterinsights_sitenote_active":false,"_monsterinsights_sitenote_note":"","_monsterinsights_sitenote_category":0},"product_brand":[],"product_cat":[13005,13006],"product_tag":[],"class_list":{"0":"post-768766","1":"product","2":"type-product","3":"status-publish","5":"product_cat-bilim-muhendislik","6":"product_cat-populer-bilim","7":"pa_cilt-ciltsiz","8":"pa_tur-kitap","9":"pa_yayinevi-orenda","10":"pa_yazar-kevin-warwick","12":"first","13":"instock","14":"sale","15":"shipping-taxable","16":"purchasable","17":"product-type-simple"},"_links":{"self":[{"href":"https:\/\/roveyayinevi.com.tr\/index.php\/wp-json\/wp\/v2\/product\/768766","targetHints":{"allow":["GET"]}}],"collection":[{"href":"https:\/\/roveyayinevi.com.tr\/index.php\/wp-json\/wp\/v2\/product"}],"about":[{"href":"https:\/\/roveyayinevi.com.tr\/index.php\/wp-json\/wp\/v2\/types\/product"}],"wp:attachment":[{"href":"https:\/\/roveyayinevi.com.tr\/index.php\/wp-json\/wp\/v2\/media?parent=768766"}],"wp:term":[{"taxonomy":"product_brand","embeddable":true,"href":"https:\/\/roveyayinevi.com.tr\/index.php\/wp-json\/wp\/v2\/product_brand?post=768766"},{"taxonomy":"product_cat","embeddable":true,"href":"https:\/\/roveyayinevi.com.tr\/index.php\/wp-json\/wp\/v2\/product_cat?post=768766"},{"taxonomy":"product_tag","embeddable":true,"href":"https:\/\/roveyayinevi.com.tr\/index.php\/wp-json\/wp\/v2\/product_tag?post=768766"}],"curies":[{"name":"wp","href":"https:\/\/api.w.org\/{rel}","templated":true}]}}