{"id":768743,"date":"2025-08-28T13:31:00","date_gmt":"2025-08-28T10:31:00","guid":{"rendered":"https:\/\/roveyayinevi.com.tr\/index.php\/urun\/dusen-kedigiller-ve-temel-fizik\/"},"modified":"2026-04-15T03:34:50","modified_gmt":"2026-04-15T00:34:50","slug":"dusen-kedigiller-ve-temel-fizik","status":"publish","type":"product","link":"https:\/\/roveyayinevi.com.tr\/index.php\/urun\/dusen-kedigiller-ve-temel-fizik\/","title":{"rendered":"Du\u0308\u015fen Kedigiller ve Temel Fizik"},"content":{"rendered":"<p>D\u00fc\u015fen kedilerin nas\u0131l ayaklar\u0131 \u00fcst\u00fcne indikleri [veya di\u011fer bir deyi\u015fle, nas\u0131l d\u00f6rt ayak \u00fcst\u00fcne d\u00fc\u015ft\u00fckleri] uzun bir s\u00fcredir insanlar\u0131n merak\u0131n\u0131 uyand\u0131rm\u0131\u015ft\u0131r. Fizik\u00e7i ve kedi velisi Gregory Gbur, ne\u015feli ve g\u00f6z al\u0131c\u0131 bir ge\u00e7mi\u015fteki kedi do\u011frultma refleksini anlama giri\u015fimlerinin nas\u0131l matematik, jeofizik, n\u00f6robilim ve insanl\u0131 uzay ara\u015ft\u0131rmalar\u0131ndaki bilmecelerle ilgili i\u00e7g\u00f6r\u00fcler sa\u011flad\u0131\u011f\u0131n\u0131 mercek alt\u0131na almaktad\u0131r. Sonu\u00e7, kedi d\u00f6n\u00fc\u015f\u00fc, kedi ters d\u00f6n\u00fc\u015f\u00fc ve kedi burulmas\u0131 diye bilinen akrobatik performans\u0131n s\u0131rr\u0131n\u0131 bilimsel tart\u0131\u015fma arac\u0131l\u0131\u011f\u0131yla g\u00fcn \u0131\u015f\u0131\u011f\u0131na \u00e7\u0131karmak amac\u0131yla fizik, fizyoloji, foto\u011fraf\u00e7\u0131l\u0131k ve roboti\u011fin bir ucundan bir ucuna merak uyand\u0131r\u0131c\u0131 bir \u015fekilde al\u0131nan yoldur. Okurlar meselenin nas\u0131l \u00e7\u00f6z\u00fcld\u00fc\u011f\u00fcn\u00fc \u00f6\u011frenirler ama ayn\u0131 zamanda en ince ayr\u0131nt\u0131lar\u0131n h\u00e2l\u00e2 ate\u015fli tart\u0131\u015fmalara yol a\u00e7t\u0131\u011f\u0131n\u0131 ke\u015ffederler. Ba\u015fka kedi davran\u0131\u015flar\u0131nda oldu\u011fu gibi, e\u015feledik\u00e7e daha \u00e7ok s\u00fcrpriz ortaya \u00e7\u0131kar. Bu kitap, Charlotte\u2019taki Kuzey Carolina \u00dcniversitesi profes\u00f6rlerinden Gregory Gbur\u2019un kaleme ald\u0131\u011f\u0131, onun genel okura hitap eden ilk bilimsel eseridir. Optik, bilim tarihi ve korku romanlar\u0131na duydu\u011fu ilginin tamam\u0131 bu kitapta boy g\u00f6stermektedir. Gregory Gbur, en \u00e7ok (Robert E. Howard\u2019\u0131n k\u0131sa \u00f6yk\u00fcs\u00fcnden m\u00fclhem) Skulls in the Stars [Y\u0131ld\u0131zlardaki Kafataslar\u0131] adl\u0131 \u00f6d\u00fcll\u00fc web sitesinin blog yazar\u0131 olarak bilinir. Gen\u00e7 bir erkek \u00e7ocu\u011funun dondurma yapmaya giri\u015fip s\u0131cak suyun so\u011fuk sudan daha h\u0131zl\u0131 dondu\u011funu ke\u015ffetmesi gibi, en iyi \u00e7evrimi\u00e7i \u00e7al\u0131\u015fmalar bu kitapta konuk olarak sahne al\u0131r. \u00d6z\u00fcnde kitap bilimin, \u00e7ok defa dolamba\u00e7l\u0131 ve bir alandan di\u011ferine beklenmedik uygulamalar\u0131yla, ger\u00e7ekten meydana geli\u015f \u015fekline \u00f6vg\u00fcd\u00fcr. D\u00fc\u015fen bir kediyi incelemek kadar s\u0131radan bir \u015feyin bilimin s\u0131n\u0131rlar\u0131n\u0131 \u00f6teleyip bilim dallar\u0131n\u0131n bir ba\u015f\u0131ndan bir ba\u015f\u0131na yararl\u0131 ke\u015fiflere yol a\u00e7abilece\u011finin ispat\u0131d\u0131r.   (Georgia Teknoloji Enstit\u00fcs\u00fc Profes\u00f6r\u00fc, 2015 Ig Nobel \u00d6d\u00fcl\u00fc sahibi) David L. Hu, American Journal of Physics, Cilt 88, Say\u0131 6, Haziran 2020<\/p>\n","protected":false},"excerpt":{"rendered":"<p>D\u00fc\u015fen kedilerin nas\u0131l ayaklar\u0131 \u00fcst\u00fcne indikleri [veya di\u011fer bir deyi\u015fle, nas\u0131l d\u00f6rt ayak \u00fcst\u00fcne d\u00fc\u015ft\u00fckleri] uzun bir s\u00fcredir insanlar\u0131n merak\u0131n\u0131 uyand\u0131rm\u0131\u015ft\u0131r. Fizik\u00e7i ve kedi velisi Gregory<span class=\"excerpt-hellip\"> [\u2026]<\/span><\/p>\n","protected":false},"featured_media":0,"template":"","meta":{"_monsterinsights_skip_tracking":false,"_monsterinsights_sitenote_active":false,"_monsterinsights_sitenote_note":"","_monsterinsights_sitenote_category":0},"product_brand":[],"product_cat":[13005],"product_tag":[],"class_list":{"0":"post-768743","1":"product","2":"type-product","3":"status-publish","5":"product_cat-bilim-muhendislik","6":"pa_cilt-ciltsiz","7":"pa_tur-kitap","8":"pa_yayinevi-ayrinti-yayinlari","9":"pa_yazar-gregory-j-gbur","11":"first","12":"instock","13":"sale","14":"shipping-taxable","15":"purchasable","16":"product-type-simple"},"_links":{"self":[{"href":"https:\/\/roveyayinevi.com.tr\/index.php\/wp-json\/wp\/v2\/product\/768743","targetHints":{"allow":["GET"]}}],"collection":[{"href":"https:\/\/roveyayinevi.com.tr\/index.php\/wp-json\/wp\/v2\/product"}],"about":[{"href":"https:\/\/roveyayinevi.com.tr\/index.php\/wp-json\/wp\/v2\/types\/product"}],"wp:attachment":[{"href":"https:\/\/roveyayinevi.com.tr\/index.php\/wp-json\/wp\/v2\/media?parent=768743"}],"wp:term":[{"taxonomy":"product_brand","embeddable":true,"href":"https:\/\/roveyayinevi.com.tr\/index.php\/wp-json\/wp\/v2\/product_brand?post=768743"},{"taxonomy":"product_cat","embeddable":true,"href":"https:\/\/roveyayinevi.com.tr\/index.php\/wp-json\/wp\/v2\/product_cat?post=768743"},{"taxonomy":"product_tag","embeddable":true,"href":"https:\/\/roveyayinevi.com.tr\/index.php\/wp-json\/wp\/v2\/product_tag?post=768743"}],"curies":[{"name":"wp","href":"https:\/\/api.w.org\/{rel}","templated":true}]}}