{"id":768742,"date":"2025-08-28T13:30:58","date_gmt":"2025-08-28T10:30:58","guid":{"rendered":"https:\/\/roveyayinevi.com.tr\/index.php\/urun\/cocuklugun-golgesi-2-cilt\/"},"modified":"2026-04-03T03:25:50","modified_gmt":"2026-04-03T00:25:50","slug":"cocuklugun-golgesi-2-cilt","status":"publish","type":"product","link":"https:\/\/roveyayinevi.com.tr\/index.php\/urun\/cocuklugun-golgesi-2-cilt\/","title":{"rendered":"\u00c7ocuklu\u011fun G\u00f6lgesi 2. Cilt"},"content":{"rendered":"<p>Bozk\u0131rda diyar diyar dola\u015fan bir dervi\u015f ve \u00e7\u0131ra\u011f\u0131, ge\u00e7mi\u015ften ald\u0131klar\u0131 ku\u0308ltu\u0308rel emaneti s\u00f6zu\u0308n bu\u0308yu\u0308su\u0308yle yeni bir zamana ta\u015f\u0131maktad\u0131rlar. Bugu\u0308nden yar\u0131n\u0131n du\u0308\u015fu\u0308nu\u0308 kuran gen\u00e7ler ise yakla\u015fmakta olan \u00e7\u0131\u011f\u0131n tela\u015f\u0131ndad\u0131rlar. \u00c7a\u011f de\u011fi\u015fmektedir. Du\u0308n ve yar\u0131n ayn\u0131 gedikte bulu\u015fmu\u015f, du\u0308nu\u0308n inad\u0131n\u0131n u\u0308stu\u0308ne gelece\u011fin g\u00f6lgesi du\u0308\u015fmeye ba\u015flam\u0131\u015ft\u0131r.   &#8220;\u0130drak etti\u011fim ba\u015fka bir \u015fey de hayat\u0131n her yerde ve her \u015fart alt\u0131nda mucize yaratmaya devam etti\u011fidir. Bir gu\u0308n bu sat\u0131rlar\u0131 okudu\u011funda mutsuz ve umutsuz oldu\u011fumu du\u0308\u015fu\u0308necek olursan bil ki evet mutsuzum ama kesinlikle umutsuz de\u011filim!&#8221;   Bozk\u0131\u015f\u0131n hu\u0308kmu\u0308 ayaza, \u00e7\u0131\u011fa ge\u00e7mi\u015ftir. Belki iyi zamanlar de\u011fildi belki de zaman\u0131n talihsiz taraf\u0131nda duruyorlard\u0131 ama yine de umut ve umutsuzluk ba\u015f ba\u015fa yol al\u0131yordu.   \u00c7ocuklu\u011fun G\u00f6lgesi, Ayaz ve \u00c7\u0131\u011f tabletlerinden olu\u015fan ikinci cildiyle s\u00f6zu\u0308 ve sesi kurmaya devam ediyor. <\/p>\n","protected":false},"excerpt":{"rendered":"<p>Bozk\u0131rda diyar diyar dola\u015fan bir dervi\u015f ve \u00e7\u0131ra\u011f\u0131, ge\u00e7mi\u015ften ald\u0131klar\u0131 ku\u0308ltu\u0308rel emaneti s\u00f6zu\u0308n bu\u0308yu\u0308su\u0308yle yeni bir zamana ta\u015f\u0131maktad\u0131rlar. Bugu\u0308nden yar\u0131n\u0131n du\u0308\u015fu\u0308nu\u0308 kuran gen\u00e7ler ise yakla\u015fmakta olan<span class=\"excerpt-hellip\"> [\u2026]<\/span><\/p>\n","protected":false},"featured_media":0,"template":"","meta":{"_monsterinsights_skip_tracking":false,"_monsterinsights_sitenote_active":false,"_monsterinsights_sitenote_note":"","_monsterinsights_sitenote_category":0},"product_brand":[],"product_cat":[12291,12711],"product_tag":[],"class_list":{"0":"post-768742","1":"product","2":"type-product","3":"status-publish","5":"product_cat-edebiyat","6":"product_cat-roman-oyku","7":"pa_cilt-ciltsiz","8":"pa_tur-kitap","9":"pa_yayinevi-ayrinti-yayinlari","10":"pa_yazar-hasan-sever","12":"first","13":"instock","14":"sale","15":"shipping-taxable","16":"purchasable","17":"product-type-simple"},"_links":{"self":[{"href":"https:\/\/roveyayinevi.com.tr\/index.php\/wp-json\/wp\/v2\/product\/768742","targetHints":{"allow":["GET"]}}],"collection":[{"href":"https:\/\/roveyayinevi.com.tr\/index.php\/wp-json\/wp\/v2\/product"}],"about":[{"href":"https:\/\/roveyayinevi.com.tr\/index.php\/wp-json\/wp\/v2\/types\/product"}],"wp:attachment":[{"href":"https:\/\/roveyayinevi.com.tr\/index.php\/wp-json\/wp\/v2\/media?parent=768742"}],"wp:term":[{"taxonomy":"product_brand","embeddable":true,"href":"https:\/\/roveyayinevi.com.tr\/index.php\/wp-json\/wp\/v2\/product_brand?post=768742"},{"taxonomy":"product_cat","embeddable":true,"href":"https:\/\/roveyayinevi.com.tr\/index.php\/wp-json\/wp\/v2\/product_cat?post=768742"},{"taxonomy":"product_tag","embeddable":true,"href":"https:\/\/roveyayinevi.com.tr\/index.php\/wp-json\/wp\/v2\/product_tag?post=768742"}],"curies":[{"name":"wp","href":"https:\/\/api.w.org\/{rel}","templated":true}]}}