{"id":768741,"date":"2025-08-28T13:30:55","date_gmt":"2025-08-28T10:30:55","guid":{"rendered":"https:\/\/roveyayinevi.com.tr\/index.php\/urun\/faruk-ve-viri-viri-biberi\/"},"modified":"2026-04-15T03:34:50","modified_gmt":"2026-04-15T00:34:50","slug":"faruk-ve-viri-viri-biberi","status":"publish","type":"product","link":"https:\/\/roveyayinevi.com.tr\/index.php\/urun\/faruk-ve-viri-viri-biberi\/","title":{"rendered":"Faruk ve Viri Viri Biberi"},"content":{"rendered":"<p>Faruk, b\u00fcy\u00fcy\u00fcnce bir \u015fef a\u015f\u00e7\u0131 olmak istiyor ama ailesi onun t\u0131pk\u0131 babas\u0131 gibi doktor olaca\u011f\u0131n\u0131 umuyor. Bir g\u00fcn, kom\u015fusunun da yard\u0131m\u0131yla Faruk; biraz ac\u0131 viri viri biberi toplay\u0131p bol baharatl\u0131 bir yemek daveti verir. Ailesi i\u00e7in yemek pi\u015firmek Faruk\u2019u \u00e7oook mutlu eder. Ve tabii gelece\u011fi i\u00e7in kurdu\u011fu hayallere bir y\u00f6n verir.<\/p>\n","protected":false},"excerpt":{"rendered":"<p>Faruk, b\u00fcy\u00fcy\u00fcnce bir \u015fef a\u015f\u00e7\u0131 olmak istiyor ama ailesi onun t\u0131pk\u0131 babas\u0131 gibi doktor olaca\u011f\u0131n\u0131 umuyor. Bir g\u00fcn, kom\u015fusunun da yard\u0131m\u0131yla Faruk; biraz ac\u0131 viri viri<span class=\"excerpt-hellip\"> [\u2026]<\/span><\/p>\n","protected":false},"featured_media":0,"template":"","meta":{"_monsterinsights_skip_tracking":false,"_monsterinsights_sitenote_active":false,"_monsterinsights_sitenote_note":"","_monsterinsights_sitenote_category":0},"product_brand":[],"product_cat":[12274,12284],"product_tag":[],"class_list":{"0":"post-768741","1":"product","2":"type-product","3":"status-publish","5":"product_cat-cocuk-ve-genclik-kitaplari","6":"product_cat-hikayeler","7":"pa_cilt-ciltsiz","8":"pa_tur-kitap","9":"pa_yayinevi-mandolin-yayinlari","10":"pa_yazar-sophia-payne","12":"first","13":"instock","14":"sale","15":"shipping-taxable","16":"purchasable","17":"product-type-simple"},"_links":{"self":[{"href":"https:\/\/roveyayinevi.com.tr\/index.php\/wp-json\/wp\/v2\/product\/768741","targetHints":{"allow":["GET"]}}],"collection":[{"href":"https:\/\/roveyayinevi.com.tr\/index.php\/wp-json\/wp\/v2\/product"}],"about":[{"href":"https:\/\/roveyayinevi.com.tr\/index.php\/wp-json\/wp\/v2\/types\/product"}],"wp:attachment":[{"href":"https:\/\/roveyayinevi.com.tr\/index.php\/wp-json\/wp\/v2\/media?parent=768741"}],"wp:term":[{"taxonomy":"product_brand","embeddable":true,"href":"https:\/\/roveyayinevi.com.tr\/index.php\/wp-json\/wp\/v2\/product_brand?post=768741"},{"taxonomy":"product_cat","embeddable":true,"href":"https:\/\/roveyayinevi.com.tr\/index.php\/wp-json\/wp\/v2\/product_cat?post=768741"},{"taxonomy":"product_tag","embeddable":true,"href":"https:\/\/roveyayinevi.com.tr\/index.php\/wp-json\/wp\/v2\/product_tag?post=768741"}],"curies":[{"name":"wp","href":"https:\/\/api.w.org\/{rel}","templated":true}]}}