{"id":768735,"date":"2025-08-28T13:30:43","date_gmt":"2025-08-28T10:30:43","guid":{"rendered":"https:\/\/roveyayinevi.com.tr\/index.php\/urun\/alemdagda-var-bir-yilan-livaneli-kitapligi\/"},"modified":"2026-04-15T03:34:50","modified_gmt":"2026-04-15T00:34:50","slug":"alemdagda-var-bir-yilan-livaneli-kitapligi","status":"publish","type":"product","link":"https:\/\/roveyayinevi.com.tr\/index.php\/urun\/alemdagda-var-bir-yilan-livaneli-kitapligi\/","title":{"rendered":"Alemda\u011f\u2019da Var Bir Y\u0131lan &#8211; Livaneli Kitapl\u0131\u011f\u0131"},"content":{"rendered":"<p>Alemda\u011f\u2019da Var Bir Y\u0131lan, Sait Faik\u2019in hayattayken yay\u0131mlanan son eseri. Varolu\u015f\u00e7uluk ve s\u00fcrrealizmden izler ta\u015f\u0131yan bu kitap, dil ve anlat\u0131m olanaklar\u0131n\u0131 geli\u015ftirmekle kalmad\u0131, ayn\u0131 zamanda \u00f6yk\u00fcc\u00fcl\u00fc\u011f\u00fcm\u00fcz\u00fcn ak\u0131\u015f\u0131n\u0131 de\u011fi\u015ftirdi. Edebiyat\u0131m\u0131za arma\u011fan niteli\u011findeki Alemda\u011f\u2019da Var Bir Y\u0131lan bir\u00e7ok \u00f6yk\u00fcc\u00fcye pusula olmaya devam ediyor. Bu kitapta sevgisine kar\u015f\u0131l\u0131k bulamayan, kent ya\u015fant\u0131s\u0131ndan bunalan, do\u011fan\u0131n i\u00e7inde huzur arayan insanlar anlat\u0131l\u0131yor. Yazar \u201cEftalikus\u2019un Kahvesi\u201dde \u00e7evresinde olup bitenleri g\u00f6zlemliyor, \u201cYaln\u0131zl\u0131\u011f\u0131n Yaratt\u0131\u011f\u0131 \u0130nsan\u201d\u0131 resmediyor, t\u00fcm olumsuzluklara ra\u011fmen do\u011fan\u0131n i\u00e7inden gelecek \u201cHi\u015ft, Hi\u015ft!\u201d sesleni\u015fini duymaya ve duyurmaya \u00e7al\u0131\u015f\u0131yor. Ve orman\u0131n derinliklerinden okura \u015f\u00f6yle sesleniyor: Hi\u015ft hi\u015ft! Hi\u015ft hi\u015ft! Hi\u015ft hi\u015ft! <\/p>\n","protected":false},"excerpt":{"rendered":"<p>Alemda\u011f\u2019da Var Bir Y\u0131lan, Sait Faik\u2019in hayattayken yay\u0131mlanan son eseri. Varolu\u015f\u00e7uluk ve s\u00fcrrealizmden izler ta\u015f\u0131yan bu kitap, dil ve anlat\u0131m olanaklar\u0131n\u0131 geli\u015ftirmekle kalmad\u0131, ayn\u0131 zamanda \u00f6yk\u00fcc\u00fcl\u00fc\u011f\u00fcm\u00fcz\u00fcn<span class=\"excerpt-hellip\"> [\u2026]<\/span><\/p>\n","protected":false},"featured_media":0,"template":"","meta":{"_monsterinsights_skip_tracking":false,"_monsterinsights_sitenote_active":false,"_monsterinsights_sitenote_note":"","_monsterinsights_sitenote_category":0},"product_brand":[],"product_cat":[12291,18202],"product_tag":[],"class_list":{"0":"post-768735","1":"product","2":"type-product","3":"status-publish","5":"product_cat-edebiyat","6":"product_cat-hikaye","7":"pa_cilt-ciltsiz","8":"pa_tur-kitap","9":"pa_yayinevi-inkilap-kitabevi","10":"pa_yazar-sait-faik-abasiyanik","12":"first","13":"instock","14":"sale","15":"shipping-taxable","16":"purchasable","17":"product-type-simple"},"_links":{"self":[{"href":"https:\/\/roveyayinevi.com.tr\/index.php\/wp-json\/wp\/v2\/product\/768735","targetHints":{"allow":["GET"]}}],"collection":[{"href":"https:\/\/roveyayinevi.com.tr\/index.php\/wp-json\/wp\/v2\/product"}],"about":[{"href":"https:\/\/roveyayinevi.com.tr\/index.php\/wp-json\/wp\/v2\/types\/product"}],"wp:attachment":[{"href":"https:\/\/roveyayinevi.com.tr\/index.php\/wp-json\/wp\/v2\/media?parent=768735"}],"wp:term":[{"taxonomy":"product_brand","embeddable":true,"href":"https:\/\/roveyayinevi.com.tr\/index.php\/wp-json\/wp\/v2\/product_brand?post=768735"},{"taxonomy":"product_cat","embeddable":true,"href":"https:\/\/roveyayinevi.com.tr\/index.php\/wp-json\/wp\/v2\/product_cat?post=768735"},{"taxonomy":"product_tag","embeddable":true,"href":"https:\/\/roveyayinevi.com.tr\/index.php\/wp-json\/wp\/v2\/product_tag?post=768735"}],"curies":[{"name":"wp","href":"https:\/\/api.w.org\/{rel}","templated":true}]}}