{"id":768719,"date":"2025-08-28T13:30:13","date_gmt":"2025-08-28T10:30:13","guid":{"rendered":"https:\/\/roveyayinevi.com.tr\/index.php\/urun\/alebriheler\/"},"modified":"2026-04-15T03:34:49","modified_gmt":"2026-04-15T00:34:49","slug":"alebriheler","status":"publish","type":"product","link":"https:\/\/roveyayinevi.com.tr\/index.php\/urun\/alebriheler\/","title":{"rendered":"Alebriheler"},"content":{"rendered":"<p>SON H\u0130K\u00c2YE ANLATICISI EFSANES\u0130 DEVAM ED\u0130YOR!New York Times, Kirkus, Booklist, Chicago Halk K\u00fct\u00fcphanesi taraf\u0131ndan \u00ab Y\u0131l\u0131n En \u0130yisi \u00bb se\u00e7ildi.Newbery ve Pura Belpr\u00e9 \u00d6d\u00fcll\u00fc Donna Barba Higuera\u2019ya, Pura Belpr\u00e9 Onur \u00d6d\u00fcl\u00fc kazand\u0131rd\u0131.K\u00dc\u00c7\u00dcC\u00dcK B\u0130R KANAT \u00c7IRPI\u015eI TAR\u0130H\u0130N SEYR\u0130N\u0130 DE\u011e\u0130\u015eT\u0130REB\u0130L\u0130R.D\u00fcnya d\u00f6rt y\u00fczy\u0131ld\u0131r \u00e7orak bir araziydi. Hayatta kalan birka\u00e7 y\u00fcz Cascabel, ac\u0131mas\u0131z Pocatel \u015fehrinde a\u00e7l\u0131kla m\u00fccadele ediyor, hayatta kalmaya \u00e7al\u0131\u015f\u0131yordu.Cascabellerden biri olan Leandro, k\u0131z karde\u015fi Gabi\u2019yi korumak i\u00e7in onun su\u00e7unu \u00fcstlenirken s\u00fcrg\u00fcne g\u00f6nderilece\u011fini biliyordu ancak bir alebriheye d\u00f6n\u00fc\u015ft\u00fcr\u00fclece\u011fi s\u00f6ylenmemi\u015fti.Alebrihe olduktan sonra \u00f6n\u00fcnde a\u00e7\u0131lan d\u00fcnyada, Leandro, karde\u015finin ve halk\u0131n\u0131n kurtulu\u015funu sa\u011flayabilecek mi?<\/p>\n","protected":false},"excerpt":{"rendered":"<p>SON H\u0130K\u00c2YE ANLATICISI EFSANES\u0130 DEVAM ED\u0130YOR!New York Times, Kirkus, Booklist, Chicago Halk K\u00fct\u00fcphanesi taraf\u0131ndan \u00ab Y\u0131l\u0131n En \u0130yisi \u00bb se\u00e7ildi.Newbery ve Pura Belpr\u00e9 \u00d6d\u00fcll\u00fc Donna Barba<span class=\"excerpt-hellip\"> [\u2026]<\/span><\/p>\n","protected":false},"featured_media":0,"template":"","meta":{"_monsterinsights_skip_tracking":false,"_monsterinsights_sitenote_active":false,"_monsterinsights_sitenote_note":"","_monsterinsights_sitenote_category":0},"product_brand":[],"product_cat":[12274,12284],"product_tag":[],"class_list":{"0":"post-768719","1":"product","2":"type-product","3":"status-publish","5":"product_cat-cocuk-ve-genclik-kitaplari","6":"product_cat-hikayeler","7":"pa_cilt-ciltsiz","8":"pa_tur-kitap","9":"pa_yayinevi-beyaz-balina-yayinlari","10":"pa_yazar-donna-barba-higuera","12":"first","13":"instock","14":"sale","15":"shipping-taxable","16":"purchasable","17":"product-type-simple"},"_links":{"self":[{"href":"https:\/\/roveyayinevi.com.tr\/index.php\/wp-json\/wp\/v2\/product\/768719","targetHints":{"allow":["GET"]}}],"collection":[{"href":"https:\/\/roveyayinevi.com.tr\/index.php\/wp-json\/wp\/v2\/product"}],"about":[{"href":"https:\/\/roveyayinevi.com.tr\/index.php\/wp-json\/wp\/v2\/types\/product"}],"wp:attachment":[{"href":"https:\/\/roveyayinevi.com.tr\/index.php\/wp-json\/wp\/v2\/media?parent=768719"}],"wp:term":[{"taxonomy":"product_brand","embeddable":true,"href":"https:\/\/roveyayinevi.com.tr\/index.php\/wp-json\/wp\/v2\/product_brand?post=768719"},{"taxonomy":"product_cat","embeddable":true,"href":"https:\/\/roveyayinevi.com.tr\/index.php\/wp-json\/wp\/v2\/product_cat?post=768719"},{"taxonomy":"product_tag","embeddable":true,"href":"https:\/\/roveyayinevi.com.tr\/index.php\/wp-json\/wp\/v2\/product_tag?post=768719"}],"curies":[{"name":"wp","href":"https:\/\/api.w.org\/{rel}","templated":true}]}}