{"id":768708,"date":"2025-08-28T13:29:55","date_gmt":"2025-08-28T10:29:55","guid":{"rendered":"https:\/\/roveyayinevi.com.tr\/index.php\/urun\/modern-sanat-akimlari-disavurumculuk\/"},"modified":"2026-03-12T03:32:02","modified_gmt":"2026-03-12T00:32:02","slug":"modern-sanat-akimlari-disavurumculuk","status":"publish","type":"product","link":"https:\/\/roveyayinevi.com.tr\/index.php\/urun\/modern-sanat-akimlari-disavurumculuk\/","title":{"rendered":"Modern Sanat Ak\u0131mlar\u0131: D\u0131\u015favurumculuk"},"content":{"rendered":"<p>Yirminci y\u00fczy\u0131l\u0131n ba\u015flar\u0131nda ortaya \u00e7\u0131kan D\u0131\u015favurumculuk ak\u0131m\u0131, bi\u00e7imsel bir b\u00fct\u00fcnl\u00fckten yoksun olsa da \u0130zlenimcili\u011fin reddedilmesi ve d\u0131\u015f g\u00f6r\u00fcn\u00fc\u015f\u00fcn ard\u0131ndaki i\u00e7sel, \u00f6zsel ger\u00e7ekli\u011fin ortaya \u00e7\u0131kar\u0131lmas\u0131 hususunda birle\u015fiyordu. G\u00fcney Afrikal\u0131 sanat tarih\u00e7isi Shulamith Behr bu kitapta, Birinci D\u00fcnya Sava\u015f\u0131 y\u0131llar\u0131nda, bilhassa Alman metropol k\u00fclt\u00fcr\u00fcne n\u00fcfuz eden D\u0131\u015favurumculuk ak\u0131m\u0131n\u0131n hem tarihsel hem de sanat tarihsel bir analizini sunuyor. Dresden\u2019deki Die Br\u00fccke, M\u00fcnih\u2019teki Der Blaue Reiter ve Berlin\u2019deki Die Pathetiker gibi sanat\u00e7\u0131 topluluklar\u0131n\u0131 inceleyip sava\u015f\u0131n ve Kas\u0131m Devrimi\u2019nin ak\u0131m \u00fczerindeki etkisini ortaya koyuyor. Hitler d\u00f6neminde \u201cyoz\u201d olarak s\u0131n\u0131fland\u0131r\u0131lsa da hem kendi d\u00f6nemine hem de sonraki d\u00f6nemlere etki eden bu \u00f6nemli sanat ak\u0131m\u0131n\u0131 ba\u015ftan sona irdeliyor.   Bu seri, son iki y\u00fczy\u0131la damgas\u0131n\u0131 vurmu\u015f sanat ak\u0131mlar\u0131n\u0131 okuyucuyla bulu\u015fturuyor. Modern sanat\u0131n, hem farkl\u0131 d\u00f6nemleriyle hem de bir b\u00fct\u00fcn olarak t\u00fcm geli\u015fim \u00e7izgisi \u00fczerinde g\u00f6r\u00fclebilece\u011fi ayd\u0131nlat\u0131c\u0131 bir bak\u0131\u015f a\u00e7\u0131s\u0131 sunuyor.   Serinin Di\u011fer Kitaplar\u0131 Arte Povera  &#8211; Ard-\u0130zlenimcilik \u2013 Ger\u00e7ek\u00fcst\u00fcc\u00fcl\u00fck \u2013 F\u00fct\u00fcrizm &#8211; Pop Art &#8211; Kavramsal Sanat \u2013 K\u00fcbizm \u2013 Minimalizm \u2013 Modernizm &#8211; Ger\u00e7ek\u00e7ilik \u2013 Postmodernizm &#8211; Soyut Sanat &#8211; Soyut-D\u0131\u015favurumculuk <\/p>\n","protected":false},"excerpt":{"rendered":"<p>Yirminci y\u00fczy\u0131l\u0131n ba\u015flar\u0131nda ortaya \u00e7\u0131kan D\u0131\u015favurumculuk ak\u0131m\u0131, bi\u00e7imsel bir b\u00fct\u00fcnl\u00fckten yoksun olsa da \u0130zlenimcili\u011fin reddedilmesi ve d\u0131\u015f g\u00f6r\u00fcn\u00fc\u015f\u00fcn ard\u0131ndaki i\u00e7sel, \u00f6zsel ger\u00e7ekli\u011fin ortaya \u00e7\u0131kar\u0131lmas\u0131 hususunda birle\u015fiyordu.<span class=\"excerpt-hellip\"> [\u2026]<\/span><\/p>\n","protected":false},"featured_media":0,"template":"","meta":{"_monsterinsights_skip_tracking":false,"_monsterinsights_sitenote_active":false,"_monsterinsights_sitenote_note":"","_monsterinsights_sitenote_category":0},"product_brand":[],"product_cat":[13548,12408],"product_tag":[],"class_list":{"0":"post-768708","1":"product","2":"type-product","3":"status-publish","5":"product_cat-kuram","6":"product_cat-sanat","7":"pa_cilt-ciltsiz","8":"pa_tur-kitap","9":"pa_yayinevi-hayalperest-yayinlari","10":"pa_yazar-shulamith-behr","12":"first","13":"instock","14":"sale","15":"shipping-taxable","16":"purchasable","17":"product-type-simple"},"_links":{"self":[{"href":"https:\/\/roveyayinevi.com.tr\/index.php\/wp-json\/wp\/v2\/product\/768708","targetHints":{"allow":["GET"]}}],"collection":[{"href":"https:\/\/roveyayinevi.com.tr\/index.php\/wp-json\/wp\/v2\/product"}],"about":[{"href":"https:\/\/roveyayinevi.com.tr\/index.php\/wp-json\/wp\/v2\/types\/product"}],"wp:attachment":[{"href":"https:\/\/roveyayinevi.com.tr\/index.php\/wp-json\/wp\/v2\/media?parent=768708"}],"wp:term":[{"taxonomy":"product_brand","embeddable":true,"href":"https:\/\/roveyayinevi.com.tr\/index.php\/wp-json\/wp\/v2\/product_brand?post=768708"},{"taxonomy":"product_cat","embeddable":true,"href":"https:\/\/roveyayinevi.com.tr\/index.php\/wp-json\/wp\/v2\/product_cat?post=768708"},{"taxonomy":"product_tag","embeddable":true,"href":"https:\/\/roveyayinevi.com.tr\/index.php\/wp-json\/wp\/v2\/product_tag?post=768708"}],"curies":[{"name":"wp","href":"https:\/\/api.w.org\/{rel}","templated":true}]}}