{"id":768702,"date":"2025-08-28T13:29:46","date_gmt":"2025-08-28T10:29:46","guid":{"rendered":"https:\/\/roveyayinevi.com.tr\/index.php\/urun\/falan-filan-fesmekan\/"},"modified":"2026-04-15T03:34:49","modified_gmt":"2026-04-15T00:34:49","slug":"falan-filan-fesmekan","status":"publish","type":"product","link":"https:\/\/roveyayinevi.com.tr\/index.php\/urun\/falan-filan-fesmekan\/","title":{"rendered":"Falan Filan Fe\u015fmekan"},"content":{"rendered":"<p>Falan, Fil\u00e2n, Fe\u015fmek\u00e2n : \u00dc\u00e7leme \u00f6yk\u00fc. Bir r\u00f6portaj\u0131n \u00f6tesindeki me\u00e7hul hayatlar\u0131 merak edip tesad\u00fcfte nedensellik aramak m\u0131? Ya da onu yeniden ke\u015ffedip bir rastlant\u0131 serisinin par\u00e7as\u0131 olmak m\u0131 istersiniz? Baz\u0131 kitaplar vard\u0131r g\u00f6z a\u00e7\u0131p kapay\u0131ncaya kadar biter. Falan,Fil\u00e2n,Fe\u015fmek\u00e2n\u2019 da bu kitaplardan biri, ara vermeyi d\u00fc\u015f\u00fcnmeden son sayfay\u0131 merak edece\u011finiz e\u015fsiz bir \u00f6yk\u00fc\u2026 Sessiz bir park kanepesinde, trende, otob\u00fcste, u\u00e7akta, plajda, evinizde soluksuz okuyup bitirece\u011finiz harika bir hik\u00e2ye sizi bekliyor. <\/p>\n","protected":false},"excerpt":{"rendered":"<p>Falan, Fil\u00e2n, Fe\u015fmek\u00e2n : \u00dc\u00e7leme \u00f6yk\u00fc. Bir r\u00f6portaj\u0131n \u00f6tesindeki me\u00e7hul hayatlar\u0131 merak edip tesad\u00fcfte nedensellik aramak m\u0131? Ya da onu yeniden ke\u015ffedip bir rastlant\u0131 serisinin par\u00e7as\u0131<span class=\"excerpt-hellip\"> [\u2026]<\/span><\/p>\n","protected":false},"featured_media":0,"template":"","meta":{"_monsterinsights_skip_tracking":false,"_monsterinsights_sitenote_active":false,"_monsterinsights_sitenote_note":"","_monsterinsights_sitenote_category":0},"product_brand":[],"product_cat":[12291,12711],"product_tag":[],"class_list":{"0":"post-768702","1":"product","2":"type-product","3":"status-publish","5":"product_cat-edebiyat","6":"product_cat-roman-oyku","7":"pa_cilt-ciltsiz","8":"pa_tur-kitap","9":"pa_yayinevi-deka-yayinlari","10":"pa_yazar-ali-kayacan","12":"first","13":"instock","14":"sale","15":"shipping-taxable","16":"purchasable","17":"product-type-simple"},"_links":{"self":[{"href":"https:\/\/roveyayinevi.com.tr\/index.php\/wp-json\/wp\/v2\/product\/768702","targetHints":{"allow":["GET"]}}],"collection":[{"href":"https:\/\/roveyayinevi.com.tr\/index.php\/wp-json\/wp\/v2\/product"}],"about":[{"href":"https:\/\/roveyayinevi.com.tr\/index.php\/wp-json\/wp\/v2\/types\/product"}],"wp:attachment":[{"href":"https:\/\/roveyayinevi.com.tr\/index.php\/wp-json\/wp\/v2\/media?parent=768702"}],"wp:term":[{"taxonomy":"product_brand","embeddable":true,"href":"https:\/\/roveyayinevi.com.tr\/index.php\/wp-json\/wp\/v2\/product_brand?post=768702"},{"taxonomy":"product_cat","embeddable":true,"href":"https:\/\/roveyayinevi.com.tr\/index.php\/wp-json\/wp\/v2\/product_cat?post=768702"},{"taxonomy":"product_tag","embeddable":true,"href":"https:\/\/roveyayinevi.com.tr\/index.php\/wp-json\/wp\/v2\/product_tag?post=768702"}],"curies":[{"name":"wp","href":"https:\/\/api.w.org\/{rel}","templated":true}]}}