{"id":768691,"date":"2025-08-28T13:29:29","date_gmt":"2025-08-28T10:29:29","guid":{"rendered":"https:\/\/roveyayinevi.com.tr\/index.php\/urun\/75-yilda-fatihten-tesvikiyeye\/"},"modified":"2026-04-15T03:34:49","modified_gmt":"2026-04-15T00:34:49","slug":"75-yilda-fatihten-tesvikiyeye","status":"publish","type":"product","link":"https:\/\/roveyayinevi.com.tr\/index.php\/urun\/75-yilda-fatihten-tesvikiyeye\/","title":{"rendered":"75 Y\u0131lda Fatih\u2019ten Te\u015fvikiye\u2019ye"},"content":{"rendered":"<p>75 Y\u0131lda Fatih\u2019ten Te\u015fvikiye\u2019ye adl\u0131 bu biyografik eser, bir yaz\u0131l\u0131 tarih \u00e7al\u0131\u015fmas\u0131. Usta kalem Bergin Azer; posta ve telgraf naz\u0131r\u0131 Hasan Ali Pa\u015fa ve ailesi oda\u011f\u0131nda Osmanl\u0131 \u0130mparatorlu\u011fu\u2019ndaki siyasal ve toplumsal geli\u015fmeleri, insan ili\u015fkilerini ve ya\u015fam k\u00fclt\u00fcr\u00fcn\u00fc o d\u00f6nemde ya\u015fam\u0131\u015f iki devlet memurunun g\u00f6z\u00fcnden anlat\u0131yor. Bir an\u0131-belge niteli\u011findeki bu eser aile ar\u015fivi, tarihi belgeler ve efemeralardan faydalan\u0131larak olu\u015fturulmu\u015ftur. <\/p>\n","protected":false},"excerpt":{"rendered":"<p>75 Y\u0131lda Fatih\u2019ten Te\u015fvikiye\u2019ye adl\u0131 bu biyografik eser, bir yaz\u0131l\u0131 tarih \u00e7al\u0131\u015fmas\u0131. Usta kalem Bergin Azer; posta ve telgraf naz\u0131r\u0131 Hasan Ali Pa\u015fa ve ailesi oda\u011f\u0131nda<span class=\"excerpt-hellip\"> [\u2026]<\/span><\/p>\n","protected":false},"featured_media":0,"template":"","meta":{"_monsterinsights_skip_tracking":false,"_monsterinsights_sitenote_active":false,"_monsterinsights_sitenote_note":"","_monsterinsights_sitenote_category":0},"product_brand":[],"product_cat":[12291,12745],"product_tag":[],"class_list":{"0":"post-768691","1":"product","2":"type-product","3":"status-publish","5":"product_cat-edebiyat","6":"product_cat-tarihi-roman","7":"pa_cilt-ciltsiz","8":"pa_tur-kitap","9":"pa_yayinevi-yitik-ulke-yayinlari","10":"pa_yazar-bergin-azer","12":"first","13":"instock","14":"sale","15":"shipping-taxable","16":"purchasable","17":"product-type-simple"},"_links":{"self":[{"href":"https:\/\/roveyayinevi.com.tr\/index.php\/wp-json\/wp\/v2\/product\/768691","targetHints":{"allow":["GET"]}}],"collection":[{"href":"https:\/\/roveyayinevi.com.tr\/index.php\/wp-json\/wp\/v2\/product"}],"about":[{"href":"https:\/\/roveyayinevi.com.tr\/index.php\/wp-json\/wp\/v2\/types\/product"}],"wp:attachment":[{"href":"https:\/\/roveyayinevi.com.tr\/index.php\/wp-json\/wp\/v2\/media?parent=768691"}],"wp:term":[{"taxonomy":"product_brand","embeddable":true,"href":"https:\/\/roveyayinevi.com.tr\/index.php\/wp-json\/wp\/v2\/product_brand?post=768691"},{"taxonomy":"product_cat","embeddable":true,"href":"https:\/\/roveyayinevi.com.tr\/index.php\/wp-json\/wp\/v2\/product_cat?post=768691"},{"taxonomy":"product_tag","embeddable":true,"href":"https:\/\/roveyayinevi.com.tr\/index.php\/wp-json\/wp\/v2\/product_tag?post=768691"}],"curies":[{"name":"wp","href":"https:\/\/api.w.org\/{rel}","templated":true}]}}