{"id":768678,"date":"2025-08-28T13:29:05","date_gmt":"2025-08-28T10:29:05","guid":{"rendered":"https:\/\/roveyayinevi.com.tr\/index.php\/urun\/kelebek-evi\/"},"modified":"2026-04-15T03:34:48","modified_gmt":"2026-04-15T00:34:48","slug":"kelebek-evi","status":"publish","type":"product","link":"https:\/\/roveyayinevi.com.tr\/index.php\/urun\/kelebek-evi\/","title":{"rendered":"Kelebek Evi"},"content":{"rendered":"<p>Uluslararas\u0131 \u00e7ok satan yazar Katrine Engberg, 25 farkl\u0131 dile \u00e7evrilen roman\u0131 Kirac\u0131\u2019dan sonra Kopenhag serisine Kelebek Evi ile devam ediyor.Kopenhag\u2019da bir \u00e7e\u015fmenin i\u00e7inde \u00f6l\u00fc bir kad\u0131n\u0131n \u00e7\u0131plak bedeni bulunur. Fakat polis \u015fimdiye kadar hi\u00e7 g\u00f6rmedi\u011fi bir \u00f6ld\u00fcrme y\u00f6ntemiyle kar\u015f\u0131 kar\u015f\u0131yad\u0131r. \u00c7\u00fcnk\u00fc kad\u0131n\u0131n v\u00fccudunda simetrik kesikler vard\u0131r ve v\u00fccudundaki b\u00fct\u00fcn kan tamamen bo\u015falt\u0131lm\u0131\u015ft\u0131r; t\u00fcm bunlar onlara bir \u015fey mi anlatmaktad\u0131r?Dedektif Jeppe K\u00f8rner \u015fehri merakland\u0131ran bu gizemli davan\u0131n soru\u015fturmas\u0131na \u00f6nc\u00fcl\u00fck eder; cevaplar\u0131 aramak i\u00e7in sokak sokak dola\u015f\u0131rken, do\u011fum izninde olan orta\u011f\u0131 Anette Werner ise serbest dedektiflik yapmaya karar verir.Soru\u015fturma tekinsiz k\u00f6\u015felere do\u011fru ilerlerken Dedektif Jeppe K\u00f8rner ve Anette Werner\u2019in ke\u015ffedecekleri \u015feyler kanlar\u0131n\u0131 donduracakt\u0131r. Ve bu arada, bir sonraki cinayete kadar da zaman h\u0131zla akmaktad\u0131r\u2026\u201cTatmin edici. Bu kitap polisiye hayranlar\u0131n\u0131 memnun edecek.\u201dKirkus Reviews \u201cKelebek Evi \u00f6zg\u00fcn ve s\u00fcr\u00fckleyici bir eser. Romanlar\u0131 \u00e7ok satanlar listesinde yer alanKatrine Engberg, dikkat edilmesi gereken bir isim.\u201dSunday Times<\/p>\n","protected":false},"excerpt":{"rendered":"<p>Uluslararas\u0131 \u00e7ok satan yazar Katrine Engberg, 25 farkl\u0131 dile \u00e7evrilen roman\u0131 Kirac\u0131\u2019dan sonra Kopenhag serisine Kelebek Evi ile devam ediyor.Kopenhag\u2019da bir \u00e7e\u015fmenin i\u00e7inde \u00f6l\u00fc bir kad\u0131n\u0131n<span class=\"excerpt-hellip\"> [\u2026]<\/span><\/p>\n","protected":false},"featured_media":0,"template":"","meta":{"_monsterinsights_skip_tracking":false,"_monsterinsights_sitenote_active":false,"_monsterinsights_sitenote_note":"","_monsterinsights_sitenote_category":0},"product_brand":[],"product_cat":[12291,12711],"product_tag":[],"class_list":{"0":"post-768678","1":"product","2":"type-product","3":"status-publish","5":"product_cat-edebiyat","6":"product_cat-roman-oyku","7":"pa_cilt-ciltsiz","8":"pa_tur-kitap","9":"pa_yayinevi-the-roman","10":"pa_yazar-katrine-engberg","12":"first","13":"instock","14":"sale","15":"shipping-taxable","16":"purchasable","17":"product-type-simple"},"_links":{"self":[{"href":"https:\/\/roveyayinevi.com.tr\/index.php\/wp-json\/wp\/v2\/product\/768678","targetHints":{"allow":["GET"]}}],"collection":[{"href":"https:\/\/roveyayinevi.com.tr\/index.php\/wp-json\/wp\/v2\/product"}],"about":[{"href":"https:\/\/roveyayinevi.com.tr\/index.php\/wp-json\/wp\/v2\/types\/product"}],"wp:attachment":[{"href":"https:\/\/roveyayinevi.com.tr\/index.php\/wp-json\/wp\/v2\/media?parent=768678"}],"wp:term":[{"taxonomy":"product_brand","embeddable":true,"href":"https:\/\/roveyayinevi.com.tr\/index.php\/wp-json\/wp\/v2\/product_brand?post=768678"},{"taxonomy":"product_cat","embeddable":true,"href":"https:\/\/roveyayinevi.com.tr\/index.php\/wp-json\/wp\/v2\/product_cat?post=768678"},{"taxonomy":"product_tag","embeddable":true,"href":"https:\/\/roveyayinevi.com.tr\/index.php\/wp-json\/wp\/v2\/product_tag?post=768678"}],"curies":[{"name":"wp","href":"https:\/\/api.w.org\/{rel}","templated":true}]}}