{"id":768675,"date":"2025-08-28T13:29:01","date_gmt":"2025-08-28T10:29:01","guid":{"rendered":"https:\/\/roveyayinevi.com.tr\/index.php\/urun\/kesfedilmemis-megatrendler\/"},"modified":"2026-04-15T03:34:48","modified_gmt":"2026-04-15T00:34:48","slug":"kesfedilmemis-megatrendler","status":"publish","type":"product","link":"https:\/\/roveyayinevi.com.tr\/index.php\/urun\/kesfedilmemis-megatrendler\/","title":{"rendered":"Ke\u015ffedilmemi\u015f Megatrendler"},"content":{"rendered":"<p>\u201cGelecek; sekt\u00f6rler, fikirler ve davran\u0131\u015flar aras\u0131ndaki ba\u011flant\u0131lar\u0131 g\u00f6rmek i\u00e7in g\u00f6zlem g\u00fc\u00e7lerini en iyi \u015fekilde kullanabilen ve bunlar\u0131 h\u0131zlanan g\u00fcn\u00fcm\u00fcz\u00fcn daha derin bir anlay\u0131\u015f\u0131na d\u00f6n\u00fc\u015ft\u00fcrebilen bu ke\u015ffedilmemi\u015f d\u00fc\u015f\u00fcn\u00fcrlere ait olacakt\u0131r.\u201d<\/p>\n","protected":false},"excerpt":{"rendered":"<p>\u201cGelecek; sekt\u00f6rler, fikirler ve davran\u0131\u015flar aras\u0131ndaki ba\u011flant\u0131lar\u0131 g\u00f6rmek i\u00e7in g\u00f6zlem g\u00fc\u00e7lerini en iyi \u015fekilde kullanabilen ve bunlar\u0131 h\u0131zlanan g\u00fcn\u00fcm\u00fcz\u00fcn daha derin bir anlay\u0131\u015f\u0131na d\u00f6n\u00fc\u015ft\u00fcrebilen bu ke\u015ffedilmemi\u015f<span class=\"excerpt-hellip\"> [\u2026]<\/span><\/p>\n","protected":false},"featured_media":0,"template":"","meta":{"_monsterinsights_skip_tracking":false,"_monsterinsights_sitenote_active":false,"_monsterinsights_sitenote_note":"","_monsterinsights_sitenote_category":0},"product_brand":[],"product_cat":[13043,17647],"product_tag":[],"class_list":{"0":"post-768675","1":"product","2":"type-product","3":"status-publish","5":"product_cat-ekonomi","6":"product_cat-is-dunyasi","7":"pa_cilt-ciltsiz","8":"pa_tur-kitap","9":"pa_yayinevi-the-kitap","10":"pa_yazar-rohit-bhargava","12":"first","13":"instock","14":"sale","15":"shipping-taxable","16":"purchasable","17":"product-type-simple"},"_links":{"self":[{"href":"https:\/\/roveyayinevi.com.tr\/index.php\/wp-json\/wp\/v2\/product\/768675","targetHints":{"allow":["GET"]}}],"collection":[{"href":"https:\/\/roveyayinevi.com.tr\/index.php\/wp-json\/wp\/v2\/product"}],"about":[{"href":"https:\/\/roveyayinevi.com.tr\/index.php\/wp-json\/wp\/v2\/types\/product"}],"wp:attachment":[{"href":"https:\/\/roveyayinevi.com.tr\/index.php\/wp-json\/wp\/v2\/media?parent=768675"}],"wp:term":[{"taxonomy":"product_brand","embeddable":true,"href":"https:\/\/roveyayinevi.com.tr\/index.php\/wp-json\/wp\/v2\/product_brand?post=768675"},{"taxonomy":"product_cat","embeddable":true,"href":"https:\/\/roveyayinevi.com.tr\/index.php\/wp-json\/wp\/v2\/product_cat?post=768675"},{"taxonomy":"product_tag","embeddable":true,"href":"https:\/\/roveyayinevi.com.tr\/index.php\/wp-json\/wp\/v2\/product_tag?post=768675"}],"curies":[{"name":"wp","href":"https:\/\/api.w.org\/{rel}","templated":true}]}}