{"id":768670,"date":"2025-08-28T13:28:52","date_gmt":"2025-08-28T10:28:52","guid":{"rendered":"https:\/\/roveyayinevi.com.tr\/index.php\/urun\/yaratici-olabilirsiniz\/"},"modified":"2026-04-15T03:34:48","modified_gmt":"2026-04-15T00:34:48","slug":"yaratici-olabilirsiniz","status":"publish","type":"product","link":"https:\/\/roveyayinevi.com.tr\/index.php\/urun\/yaratici-olabilirsiniz\/","title":{"rendered":"Yarat\u0131c\u0131 Olabilirsiniz"},"content":{"rendered":"<p>\u201cHah! \u0130\u015fte buldum!\u201d dedi\u011finiz an asl\u0131nda nas\u0131l ger\u00e7ekle\u015fir?Biri \u201cEn parlak fikirlerinizi ne zaman bulursunuz?\u201d diye sorsa cevab\u0131n\u0131z muhtemelen \u201cGeceleri,\u201d olur, \u201cDu\u015ftayken,\u201d ya da \u201cTrafikte s\u0131k\u0131\u015f\u0131p kalm\u0131\u015fken.\u201d Bu fikirler siz bekledi\u011finizde de\u011fil, ummad\u0131\u011f\u0131n\u0131z anlarda akl\u0131n\u0131za geliverir ve birden par\u00e7alar\u0131 birle\u015ftirip \u015f\u00f6yle dersiniz: \u201cHah! \u0130\u015fte yapmam gerekeni buldum.\u201d\u015eimdilerde bilim, beyninizde ger\u00e7ekle\u015fen bu fikir patlamas\u0131n\u0131n, sezginin \u00f6zel bir bi\u00e7imi olan bu an\u0131n i\u00e7 y\u00fcz\u00fcn\u00fc a\u00e7\u0131klayabiliyor. Buna stratejik sezgi ad\u0131n\u0131 veriyoruz, \u00e7\u00fcnk\u00fc bu an sizi harekete ge\u00e7irmek i\u00e7in bir fikir, bir stratejiyle birlikte gelir.Modern d\u00fcnyada ba\u015far\u0131ya ula\u015fmak i\u00e7in ayn\u0131 anda yarat\u0131c\u0131, giri\u015fimci, yenilik\u00e7i ve stratejik d\u00fc\u015f\u00fcnceye ihtiyac\u0131n\u0131z oldu\u011funu herkes bilir. Bilinmeyen ve bu kitapta a\u00e7\u0131\u011fa kavu\u015fan ise, bu d\u00fc\u015f\u00fcnce bi\u00e7imlerinin stratejik sezginin fikir patlamalar\u0131yla ger\u00e7ekle\u015fti\u011fi ve \u00f6\u011frenilebilir oldu\u011fudur.William Duggan y\u0131llard\u0131r stratejik sezgi \u00fczerine \u00f6nc\u00fc bir ara\u015ft\u0131rma y\u00fcr\u00fct\u00fcyor ve birka\u00e7 y\u0131ld\u0131r da bu konu \u00fczerine pop\u00fcler kurslar d\u00fczenliyor. \u015eimdi bu ufuk a\u00e7\u0131c\u0131 kitab\u0131yla insano\u011flunun ba\u015far\u0131s\u0131ndaki yarat\u0131c\u0131l\u0131\u011f\u0131n kalbinde stratejik sezginin yatt\u0131\u011f\u0131n\u0131 a\u00e7\u0131kl\u0131yor. \u00d6rneklerini ise, bilimsel geli\u015fmeler, bilgisayar devrimi, kad\u0131nlar\u0131n oy hakk\u0131 kazanmas\u0131, yurtta\u015f haklar\u0131 hareketi, modern sanat, yoksul \u00fclkelerdeki mikrofinans d\u00f6n\u00fc\u015f\u00fcm\u00fc ve \u00e7ok daha fazlas\u0131ndan al\u0131yor.Stratejik sezgi, Bill Gates\u2019ten Google ser\u00fcvenine, Kopernik\u2019ten Martin Luther King\u2019e Picasso\u2019dan Patton\u2019a pek \u00e7ok ba\u015far\u0131 hik\u00e2yesinin i\u00e7inde sakl\u0131. Bunu \u00f6\u011frendikten sonra bir daha stratejiye eskisi gibi bakamayacak, bu bulmacadaki kay\u0131p par\u00e7ay\u0131 ke\u015ffedecek ve \u015f\u00f6yle diyeceksiniz: \u201cHah! \u0130\u015fte buldum!\u201d<\/p>\n","protected":false},"excerpt":{"rendered":"<p>\u201cHah! \u0130\u015fte buldum!\u201d dedi\u011finiz an asl\u0131nda nas\u0131l ger\u00e7ekle\u015fir?Biri \u201cEn parlak fikirlerinizi ne zaman bulursunuz?\u201d diye sorsa cevab\u0131n\u0131z muhtemelen \u201cGeceleri,\u201d olur, \u201cDu\u015ftayken,\u201d ya da \u201cTrafikte s\u0131k\u0131\u015f\u0131p kalm\u0131\u015fken.\u201d<span class=\"excerpt-hellip\"> [\u2026]<\/span><\/p>\n","protected":false},"featured_media":0,"template":"","meta":{"_monsterinsights_skip_tracking":false,"_monsterinsights_sitenote_active":false,"_monsterinsights_sitenote_note":"","_monsterinsights_sitenote_category":0},"product_brand":[],"product_cat":[13043,17647],"product_tag":[],"class_list":{"0":"post-768670","1":"product","2":"type-product","3":"status-publish","5":"product_cat-ekonomi","6":"product_cat-is-dunyasi","7":"pa_cilt-ciltsiz","8":"pa_tur-kitap","9":"pa_yayinevi-the-kitap","10":"pa_yazar-william-duggan","12":"first","13":"instock","14":"sale","15":"shipping-taxable","16":"purchasable","17":"product-type-simple"},"_links":{"self":[{"href":"https:\/\/roveyayinevi.com.tr\/index.php\/wp-json\/wp\/v2\/product\/768670","targetHints":{"allow":["GET"]}}],"collection":[{"href":"https:\/\/roveyayinevi.com.tr\/index.php\/wp-json\/wp\/v2\/product"}],"about":[{"href":"https:\/\/roveyayinevi.com.tr\/index.php\/wp-json\/wp\/v2\/types\/product"}],"wp:attachment":[{"href":"https:\/\/roveyayinevi.com.tr\/index.php\/wp-json\/wp\/v2\/media?parent=768670"}],"wp:term":[{"taxonomy":"product_brand","embeddable":true,"href":"https:\/\/roveyayinevi.com.tr\/index.php\/wp-json\/wp\/v2\/product_brand?post=768670"},{"taxonomy":"product_cat","embeddable":true,"href":"https:\/\/roveyayinevi.com.tr\/index.php\/wp-json\/wp\/v2\/product_cat?post=768670"},{"taxonomy":"product_tag","embeddable":true,"href":"https:\/\/roveyayinevi.com.tr\/index.php\/wp-json\/wp\/v2\/product_tag?post=768670"}],"curies":[{"name":"wp","href":"https:\/\/api.w.org\/{rel}","templated":true}]}}