{"id":768664,"date":"2025-08-28T13:28:45","date_gmt":"2025-08-28T10:28:45","guid":{"rendered":"https:\/\/roveyayinevi.com.tr\/index.php\/urun\/en-iyi-benlik\/"},"modified":"2026-04-03T03:25:48","modified_gmt":"2026-04-03T00:25:48","slug":"en-iyi-benlik","status":"publish","type":"product","link":"https:\/\/roveyayinevi.com.tr\/index.php\/urun\/en-iyi-benlik\/","title":{"rendered":"En \u0130yi Benlik"},"content":{"rendered":"<p>Kendinize sorun\u2026 Ger\u00e7ekten olmak istedi\u011finiz ki\u015fi misiniz?Ger\u00e7ekten istedi\u011finiz hayat bu mu?Her g\u00fcn\u00fc en iyi benli\u011finizle mi ge\u00e7iriyorsunuz?Bug\u00fcn neyi de\u011fi\u015ftirebilirsiniz?Bu sorulara nas\u0131l cevap verirsiniz? G\u00fcnl\u00fck hayat\u0131n\u0131z\u0131 d\u00fc\u015f\u00fcn\u00fcn\u2026 G\u00fcnleriniz i\u015f, ili\u015fkiler ve ger\u00e7ek benli\u011finize uygun faaliyetlerle mi dolu yoksa kendinizi sorumluluklar\u0131n\u0131z\u0131n ortas\u0131nda kapana k\u0131s\u0131lm\u0131\u015f gibi mi hissediyorsunuz? Daha iyi bir hayat hayal ediyorsan\u0131z \u015fimdi hayalinizi ger\u00e7e\u011fe d\u00f6n\u00fc\u015ft\u00fcrme zaman\u0131. Tatmin edici bir ya\u015fam tasarlamak i\u00e7in ihtiya\u00e7 duyaca\u011f\u0131n\u0131z \u015fey elinizin alt\u0131nda: En \u0130yi Benlik size bunun nas\u0131l olaca\u011f\u0131n\u0131 g\u00f6sterecek.Hayat\u0131n temel yedi alan\u0131n\u0131n (sosyal hayat, ki\u015fisel hayat, sa\u011fl\u0131k, e\u011fitim, ili\u015fkiler, i\u015f, ruhsal geli\u015fim) her biri \u00fczerinde \u00e7al\u0131\u015fan Ya\u015fam ko\u00e7u Mike Bayer \u2013pop y\u0131ld\u0131zlar\u0131ndan \u015firket y\u00f6neticilerine kadar\u2013 binlerce ki\u015fiye en iyi benliklerini ke\u015ffetmede yard\u0131mc\u0131 oldu. Bunu onlara, \u201cTemel de\u011ferleriniz nelerdir?\u201d, \u201cHer g\u00fcn uyand\u0131\u011f\u0131n\u0131zdan daha bilgili bir \u015fekilde mi yata\u011fa gidiyorsunuz?\u201d ya da \u201cKorku ya da ink\u00e2r y\u00fcz\u00fcnden fiziksel sa\u011fl\u0131\u011f\u0131n\u0131z\u0131n baz\u0131 y\u00f6nlerini ihmal ediyor musunuz?\u201d gibi bir dizi zor ama \u00f6nemli soru sorarak yapt\u0131. Bu sorularla en iyi benliklerinin ve anti-benliklerinin ger\u00e7ekte nas\u0131l g\u00f6r\u00fcnd\u00fc\u011f\u00fcn\u00fc g\u00f6rmelerini sa\u011flad\u0131. D\u00fcr\u00fcstl\u00fck ve a\u00e7\u0131kl\u0131kla hayatlar\u0131n nas\u0131l daha iyi hale gelebilece\u011finin yollar\u0131n\u0131 buldu.A\u00e7\u0131klay\u0131c\u0131 testlerle ve k\u0131\u015fk\u0131rt\u0131c\u0131 anketlerle dolu En \u0130yi Benlik, \u00f6zg\u00fcnl\u00fc\u011f\u00fcn\u00fcz\u00fc kucaklaman\u0131z, sizi neyin engelledi\u011fini kabul etmeniz ve tutkulu bir hayat\u0131 sonsuza kadar dolu dolu ya\u015faman\u0131z i\u00e7in size g\u00fc\u00e7 verecek.<\/p>\n","protected":false},"excerpt":{"rendered":"<p>Kendinize sorun\u2026 Ger\u00e7ekten olmak istedi\u011finiz ki\u015fi misiniz?Ger\u00e7ekten istedi\u011finiz hayat bu mu?Her g\u00fcn\u00fc en iyi benli\u011finizle mi ge\u00e7iriyorsunuz?Bug\u00fcn neyi de\u011fi\u015ftirebilirsiniz?Bu sorulara nas\u0131l cevap verirsiniz? G\u00fcnl\u00fck hayat\u0131n\u0131z\u0131 d\u00fc\u015f\u00fcn\u00fcn\u2026<span class=\"excerpt-hellip\"> [\u2026]<\/span><\/p>\n","protected":false},"featured_media":0,"template":"","meta":{"_monsterinsights_skip_tracking":false,"_monsterinsights_sitenote_active":false,"_monsterinsights_sitenote_note":"","_monsterinsights_sitenote_category":0},"product_brand":[],"product_cat":[12364,12376],"product_tag":[],"class_list":{"0":"post-768664","1":"product","2":"type-product","3":"status-publish","5":"product_cat-genel-konular","6":"product_cat-kisisel-gelisim","7":"pa_cilt-ciltsiz","8":"pa_tur-kitap","9":"pa_yayinevi-the-kitap","10":"pa_yazar-mike-bayer","12":"first","13":"instock","14":"sale","15":"shipping-taxable","16":"purchasable","17":"product-type-simple"},"_links":{"self":[{"href":"https:\/\/roveyayinevi.com.tr\/index.php\/wp-json\/wp\/v2\/product\/768664","targetHints":{"allow":["GET"]}}],"collection":[{"href":"https:\/\/roveyayinevi.com.tr\/index.php\/wp-json\/wp\/v2\/product"}],"about":[{"href":"https:\/\/roveyayinevi.com.tr\/index.php\/wp-json\/wp\/v2\/types\/product"}],"wp:attachment":[{"href":"https:\/\/roveyayinevi.com.tr\/index.php\/wp-json\/wp\/v2\/media?parent=768664"}],"wp:term":[{"taxonomy":"product_brand","embeddable":true,"href":"https:\/\/roveyayinevi.com.tr\/index.php\/wp-json\/wp\/v2\/product_brand?post=768664"},{"taxonomy":"product_cat","embeddable":true,"href":"https:\/\/roveyayinevi.com.tr\/index.php\/wp-json\/wp\/v2\/product_cat?post=768664"},{"taxonomy":"product_tag","embeddable":true,"href":"https:\/\/roveyayinevi.com.tr\/index.php\/wp-json\/wp\/v2\/product_tag?post=768664"}],"curies":[{"name":"wp","href":"https:\/\/api.w.org\/{rel}","templated":true}]}}