{"id":768662,"date":"2025-08-28T13:28:41","date_gmt":"2025-08-28T10:28:41","guid":{"rendered":"https:\/\/roveyayinevi.com.tr\/index.php\/urun\/wikipediaya-inanmali-miyiz\/"},"modified":"2026-04-15T03:34:48","modified_gmt":"2026-04-15T00:34:48","slug":"wikipediaya-inanmali-miyiz","status":"publish","type":"product","link":"https:\/\/roveyayinevi.com.tr\/index.php\/urun\/wikipediaya-inanmali-miyiz\/","title":{"rendered":"Wikipedia&#8217;ya \u0130nanmal\u0131 m\u0131y\u0131z?"},"content":{"rendered":"<p>\u00c7evrimi\u00e7i etkile\u015fime girdik\u00e7e yeni bilgi t\u00fcrleri ve topluluklar yarat\u0131yoruz. Bu topluluklar nas\u0131l olu\u015fuyor? Bilgi kayna\u011f\u0131 olarak onlara g\u00fcvenip g\u00fcvenemeyece\u011fimizi nas\u0131l bilebiliriz? Ba\u015fka bir deyi\u015fle, Wikipedia\u2019ya inanmal\u0131 m\u0131y\u0131z? Bu kitap, toplulu\u011fun ve bilginin tan\u0131m\u0131n\u0131, internetin yeni topluluk t\u00fcrlerini nas\u0131l kolayla\u015ft\u0131rd\u0131\u011f\u0131n\u0131 ve bilginin \u00e7evrimi\u00e7i i\u015fbirli\u011fi ve sohbet yoluyla nas\u0131l \u015fekillendi\u011fini ara\u015ft\u0131r\u0131yor.Amy S. Bruckman, kendimizi \u00e7evrimi\u00e7i ortamda temsil edi\u015fimizin etkile\u015fimimizi \u015fekillendirme bi\u00e7imini, \u00e7evrimi\u00e7i ortamdaki k\u00f6t\u00fc davran\u0131\u015flar\u0131n sebeplerini ve bu konuda yap\u0131labilecekleri irdeliyor. Ve en \u00f6nemli soruyu soruyor: \u0130nternet kullan\u0131c\u0131lar\u0131 ve tasar\u0131mc\u0131lar\u0131 olarak internetin hepimizin i\u00e7indeki en iyiyi ortaya \u00e7\u0131karmas\u0131n\u0131 nas\u0131l sa\u011flar\u0131z?Wikipedia\u2019ya \u0130nanmal\u0131 m\u0131y\u0131z? \u00e7evrimi\u00e7i topluluklar\u0131 daha iyi anlamak, internette ge\u00e7irdi\u011fi zaman\u0131 daha kaliteli ve g\u00fcvenli hale getirmek, insan-bilgisayar etkile\u015fimi ve sosyal bili\u015fim hakk\u0131nda fikir edinmek isteyen herkesin okumas\u0131 gereken kayda de\u011fer bir kaynak.\u201cBu kitap, \u00e7evrimi\u00e7i hayat\u0131n duygusal ve sosyal ama\u00e7lar\u0131m\u0131za nas\u0131l hizmet edece\u011fine dair yol g\u00f6steren bir rehber niteli\u011finde.\u201d \u2013Sherry Turkle\u201cWikipedia\u2019y\u0131 g\u00fcvenli ve verimli bir \u015fekilde kullanmak istiyorsan\u0131z bu kitab\u0131 mutlaka okumal\u0131s\u0131n\u0131z.\u201d \u2013Howard Rheingold\u201cTek kelimeyle harika! Bruckman, \u00e7evrimi\u00e7i topluluk tasar\u0131m\u0131 bilimini ifade etmek i\u00e7in sosyolojik ve psikolojik t\u00fcm bak\u0131\u015f a\u00e7\u0131lar\u0131n\u0131 bir araya getiriyor.\u201d \u2013Keith N. Hamptony<\/p>\n","protected":false},"excerpt":{"rendered":"<p>\u00c7evrimi\u00e7i etkile\u015fime girdik\u00e7e yeni bilgi t\u00fcrleri ve topluluklar yarat\u0131yoruz. Bu topluluklar nas\u0131l olu\u015fuyor? Bilgi kayna\u011f\u0131 olarak onlara g\u00fcvenip g\u00fcvenemeyece\u011fimizi nas\u0131l bilebiliriz? Ba\u015fka bir deyi\u015fle, Wikipedia\u2019ya inanmal\u0131<span class=\"excerpt-hellip\"> [\u2026]<\/span><\/p>\n","protected":false},"featured_media":0,"template":"","meta":{"_monsterinsights_skip_tracking":false,"_monsterinsights_sitenote_active":false,"_monsterinsights_sitenote_note":"","_monsterinsights_sitenote_category":0},"product_brand":[],"product_cat":[13005],"product_tag":[],"class_list":{"0":"post-768662","1":"product","2":"type-product","3":"status-publish","5":"product_cat-bilim-muhendislik","6":"pa_cilt-ciltsiz","7":"pa_tur-kitap","8":"pa_yayinevi-the-kitap","9":"pa_yazar-amy-s-bruckman","11":"first","12":"instock","13":"sale","14":"shipping-taxable","15":"purchasable","16":"product-type-simple"},"_links":{"self":[{"href":"https:\/\/roveyayinevi.com.tr\/index.php\/wp-json\/wp\/v2\/product\/768662","targetHints":{"allow":["GET"]}}],"collection":[{"href":"https:\/\/roveyayinevi.com.tr\/index.php\/wp-json\/wp\/v2\/product"}],"about":[{"href":"https:\/\/roveyayinevi.com.tr\/index.php\/wp-json\/wp\/v2\/types\/product"}],"wp:attachment":[{"href":"https:\/\/roveyayinevi.com.tr\/index.php\/wp-json\/wp\/v2\/media?parent=768662"}],"wp:term":[{"taxonomy":"product_brand","embeddable":true,"href":"https:\/\/roveyayinevi.com.tr\/index.php\/wp-json\/wp\/v2\/product_brand?post=768662"},{"taxonomy":"product_cat","embeddable":true,"href":"https:\/\/roveyayinevi.com.tr\/index.php\/wp-json\/wp\/v2\/product_cat?post=768662"},{"taxonomy":"product_tag","embeddable":true,"href":"https:\/\/roveyayinevi.com.tr\/index.php\/wp-json\/wp\/v2\/product_tag?post=768662"}],"curies":[{"name":"wp","href":"https:\/\/api.w.org\/{rel}","templated":true}]}}