{"id":768659,"date":"2025-08-28T13:28:37","date_gmt":"2025-08-28T10:28:37","guid":{"rendered":"https:\/\/roveyayinevi.com.tr\/index.php\/urun\/yanlis-alarm\/"},"modified":"2026-04-15T03:34:48","modified_gmt":"2026-04-15T00:34:48","slug":"yanlis-alarm","status":"publish","type":"product","link":"https:\/\/roveyayinevi.com.tr\/index.php\/urun\/yanlis-alarm\/","title":{"rendered":"Yanl\u0131\u015f Alarm"},"content":{"rendered":"<p>Time\u2019\u0131n \u201cEn Etkili 100 Ki\u015fiden Biri\u201d ilan etti\u011fi, Foreign Policiy\u2019nin \u201cEn \u0130yi 100 K\u00fcresel D\u00fc\u015f\u00fcn\u00fcrden Biri\u201d se\u00e7ti\u011fi ve Guardian\u2019\u0131n \u201cGezegeni Kurtaracak 50 Ki\u015fiden Biri\u201d olarak tan\u0131mlad\u0131\u011f\u0131 Bjorn Lomborg\u2019a g\u00f6re iklim de\u011fi\u015fikli\u011fi konusunda hissedilen panik yarardan \u00e7ok zarara neden oluyor.Kas\u0131rgalar k\u0131y\u0131lar\u0131m\u0131za vuruyor. Orman yang\u0131nlar\u0131 \u00fclkelerimizi kas\u0131p kavuruyor. Kutuplardaki buzullar g\u00fcnden g\u00fcne eriyor. Politikac\u0131lar ve aktivistler bu konuda ortak bir mesaj\u0131 benimsiyorlar: \u201c\u0130klim de\u011fi\u015fikli\u011fi gezegenimizi mahvediyor ve bunu durdurmak i\u00e7in bir an \u00f6nce sert tedbirler almal\u0131y\u0131z.\u201d \u00c7ocuklar gelecekleri hakk\u0131nda endi\u015feye kap\u0131l\u0131yorlar, yeti\u015fkinler b\u00f6yle bir d\u00fcnyada \u00e7ocuk sahibi olman\u0131n etik olup olmad\u0131\u011f\u0131n\u0131 tart\u0131\u015f\u0131yorlar.<\/p>\n","protected":false},"excerpt":{"rendered":"<p>Time\u2019\u0131n \u201cEn Etkili 100 Ki\u015fiden Biri\u201d ilan etti\u011fi, Foreign Policiy\u2019nin \u201cEn \u0130yi 100 K\u00fcresel D\u00fc\u015f\u00fcn\u00fcrden Biri\u201d se\u00e7ti\u011fi ve Guardian\u2019\u0131n \u201cGezegeni Kurtaracak 50 Ki\u015fiden Biri\u201d olarak tan\u0131mlad\u0131\u011f\u0131<span class=\"excerpt-hellip\"> [\u2026]<\/span><\/p>\n","protected":false},"featured_media":0,"template":"","meta":{"_monsterinsights_skip_tracking":false,"_monsterinsights_sitenote_active":false,"_monsterinsights_sitenote_note":"","_monsterinsights_sitenote_category":0},"product_brand":[],"product_cat":[12324],"product_tag":[],"class_list":{"0":"post-768659","1":"product","2":"type-product","3":"status-publish","5":"product_cat-sosyoloji","6":"pa_cilt-ciltsiz","7":"pa_tur-kitap","8":"pa_yayinevi-the-kitap","9":"pa_yazar-bjorn-lomborg","11":"first","12":"instock","13":"sale","14":"shipping-taxable","15":"purchasable","16":"product-type-simple"},"_links":{"self":[{"href":"https:\/\/roveyayinevi.com.tr\/index.php\/wp-json\/wp\/v2\/product\/768659","targetHints":{"allow":["GET"]}}],"collection":[{"href":"https:\/\/roveyayinevi.com.tr\/index.php\/wp-json\/wp\/v2\/product"}],"about":[{"href":"https:\/\/roveyayinevi.com.tr\/index.php\/wp-json\/wp\/v2\/types\/product"}],"wp:attachment":[{"href":"https:\/\/roveyayinevi.com.tr\/index.php\/wp-json\/wp\/v2\/media?parent=768659"}],"wp:term":[{"taxonomy":"product_brand","embeddable":true,"href":"https:\/\/roveyayinevi.com.tr\/index.php\/wp-json\/wp\/v2\/product_brand?post=768659"},{"taxonomy":"product_cat","embeddable":true,"href":"https:\/\/roveyayinevi.com.tr\/index.php\/wp-json\/wp\/v2\/product_cat?post=768659"},{"taxonomy":"product_tag","embeddable":true,"href":"https:\/\/roveyayinevi.com.tr\/index.php\/wp-json\/wp\/v2\/product_tag?post=768659"}],"curies":[{"name":"wp","href":"https:\/\/api.w.org\/{rel}","templated":true}]}}