{"id":768648,"date":"2025-08-28T13:28:21","date_gmt":"2025-08-28T10:28:21","guid":{"rendered":"https:\/\/roveyayinevi.com.tr\/index.php\/urun\/iki-yanilsamanin-sonu-batidan-sonra-islam\/"},"modified":"2026-04-15T03:34:48","modified_gmt":"2026-04-15T00:34:48","slug":"iki-yanilsamanin-sonu-batidan-sonra-islam","status":"publish","type":"product","link":"https:\/\/roveyayinevi.com.tr\/index.php\/urun\/iki-yanilsamanin-sonu-batidan-sonra-islam\/","title":{"rendered":"\u0130ki Yan\u0131lsaman\u0131n Sonu: Bat\u0131\u2019dan sonra \u0130slam"},"content":{"rendered":"<p>\u0130ki Yan\u0131lsaman\u0131n Sonu, g\u00fcnl\u00fck haberlerden son iki y\u00fczy\u0131l\u0131n ve daha \u00f6ncesinin en derin ve en ayd\u0131nlat\u0131c\u0131 tarihlerine uzanan, b\u00fcy\u00fck \u00f6l\u00e7\u00fcde feti\u015fle\u015ftirilmi\u015f iki soyutlama olan \u201c\u0130slam\u201d ve \u201cBat\u0131\u201d aras\u0131ndaki en tehlikeli yan\u0131lsamalar\u0131 par\u00e7alayan cesur, k\u0131\u015fk\u0131rt\u0131c\u0131 ve \u00e7\u0131\u011f\u0131r a\u00e7an bir eser. Hamid Dabashi bu kitapla, bu iki kavram aras\u0131nda hayal edilen medeniyet ayr\u0131mlar\u0131n\u0131n, \u00e7e\u015fitli ve de\u011fi\u015fken topluluklar\u0131n ya\u015fad\u0131klar\u0131 melez deneyimleri a\u00e7\u0131klamakta nas\u0131l yetersiz kald\u0131\u011f\u0131n\u0131 g\u00f6steriyor. \u0130ki Yan\u0131lsaman\u0131n Sonu, ayr\u0131nt\u0131l\u0131 tarihsel ve g\u00fcncel analizler arac\u0131l\u0131\u011f\u0131yla bu k\u00fcresel kurguyu yaratan motivasyonlar\u0131 a\u00e7\u0131\u011fa \u00e7\u0131kar\u0131yor. Dabashi, &#8220;Bat\u0131&#8221;n\u0131n nas\u0131l Avrupa Ayd\u0131nlanmas\u0131 s\u0131ras\u0131nda icat edilen ideolojik bir meta ve medeniyet mantras\u0131 oldu\u011funu ve k\u00fcreselle\u015fmi\u015f kapitalist modernitenin y\u00fckseli\u015fi i\u00e7in bir merkez \u00fcss\u00fc olarak hizmet etti\u011fini g\u00f6steriyor. Buna kar\u015f\u0131l\u0131k oryantalist ideologlar da, d\u00fcnyan\u0131n d\u00f6rt bir yan\u0131nda \u2013Hindistan, \u00c7in, Afrika, Latin Amerika, Orta Do\u011fu\u2013 \u201ca\u015fa\u011f\u0131 medeniyetler\u201d \u015feklinde ayn\u0131 derecede hayali soyutlamalar \u00fcretti. Sonu\u00e7, bir yanda \u0130slamofobi, di\u011fer yanda militan \u0130slamc\u0131l\u0131k olmak \u00fczere, \u00e7a\u011fda\u015f tarihimize yanl\u0131\u015f a\u00e7\u0131klamalar ve hatal\u0131 \u00f6ng\u00f6r\u00fcler getiren bir medeniyet d\u00fc\u015fmanl\u0131\u011f\u0131n\u0131n prototipi olarak &#8220;\u0130slam ve Bat\u0131&#8221; projeksiyonu oldu. Dabashi, bu tehlikeli ili\u015fkiyi ortadan kald\u0131rman\u0131n, tehlikeli yan\u0131lsamalar\u0131n\u0131 a\u00e7\u0131\u011fa \u00e7\u0131kar\u0131p \u00fcstesinden gelmenin ve d\u00fcnyay\u0131 seraplar\u0131n \u00f6tesinde hayal etmenin zaman\u0131n\u0131n \u00e7oktan geldi\u011fini savunuyor. \u0130ki Yan\u0131lsaman\u0131n Sonu, son zamanlarda ortaya \u00e7\u0131kan en ikonoklastik ele\u015ftirel d\u00fc\u015f\u00fcnce ve bilim \u00e7al\u0131\u015fmas\u0131d\u0131r ve payla\u015ft\u0131\u011f\u0131m\u0131z d\u00fcnyan\u0131n \u00e7ok daha \u00f6zg\u00fcrle\u015ftirici bir hayal\u00ee co\u011frafyas\u0131na giden yolu a\u00e7maktad\u0131r.<\/p>\n","protected":false},"excerpt":{"rendered":"<p>\u0130ki Yan\u0131lsaman\u0131n Sonu, g\u00fcnl\u00fck haberlerden son iki y\u00fczy\u0131l\u0131n ve daha \u00f6ncesinin en derin ve en ayd\u0131nlat\u0131c\u0131 tarihlerine uzanan, b\u00fcy\u00fck \u00f6l\u00e7\u00fcde feti\u015fle\u015ftirilmi\u015f iki soyutlama olan \u201c\u0130slam\u201d ve<span class=\"excerpt-hellip\"> [\u2026]<\/span><\/p>\n","protected":false},"featured_media":0,"template":"","meta":{"_monsterinsights_skip_tracking":false,"_monsterinsights_sitenote_active":false,"_monsterinsights_sitenote_note":"","_monsterinsights_sitenote_category":0},"product_brand":[],"product_cat":[13590,12337],"product_tag":[],"class_list":{"0":"post-768648","1":"product","2":"type-product","3":"status-publish","5":"product_cat-arastirma-inceleme-politika-siyaset","6":"product_cat-politika-siyaset","7":"pa_cilt-ciltsiz","8":"pa_tur-kitap","9":"pa_yayinevi-the-kitap","10":"pa_yazar-hamid-dabashi","12":"first","13":"instock","14":"sale","15":"shipping-taxable","16":"purchasable","17":"product-type-simple"},"_links":{"self":[{"href":"https:\/\/roveyayinevi.com.tr\/index.php\/wp-json\/wp\/v2\/product\/768648","targetHints":{"allow":["GET"]}}],"collection":[{"href":"https:\/\/roveyayinevi.com.tr\/index.php\/wp-json\/wp\/v2\/product"}],"about":[{"href":"https:\/\/roveyayinevi.com.tr\/index.php\/wp-json\/wp\/v2\/types\/product"}],"wp:attachment":[{"href":"https:\/\/roveyayinevi.com.tr\/index.php\/wp-json\/wp\/v2\/media?parent=768648"}],"wp:term":[{"taxonomy":"product_brand","embeddable":true,"href":"https:\/\/roveyayinevi.com.tr\/index.php\/wp-json\/wp\/v2\/product_brand?post=768648"},{"taxonomy":"product_cat","embeddable":true,"href":"https:\/\/roveyayinevi.com.tr\/index.php\/wp-json\/wp\/v2\/product_cat?post=768648"},{"taxonomy":"product_tag","embeddable":true,"href":"https:\/\/roveyayinevi.com.tr\/index.php\/wp-json\/wp\/v2\/product_tag?post=768648"}],"curies":[{"name":"wp","href":"https:\/\/api.w.org\/{rel}","templated":true}]}}