{"id":768633,"date":"2025-08-28T13:27:54","date_gmt":"2025-08-28T10:27:54","guid":{"rendered":"https:\/\/roveyayinevi.com.tr\/index.php\/urun\/insan-uygarliginin-kisa-tarihi-ekonomik-ve-siyasal-kurumlarin-dunu-ve-yarini\/"},"modified":"2026-04-15T03:34:47","modified_gmt":"2026-04-15T00:34:47","slug":"insan-uygarliginin-kisa-tarihi-ekonomik-ve-siyasal-kurumlarin-dunu-ve-yarini","status":"publish","type":"product","link":"https:\/\/roveyayinevi.com.tr\/index.php\/urun\/insan-uygarliginin-kisa-tarihi-ekonomik-ve-siyasal-kurumlarin-dunu-ve-yarini\/","title":{"rendered":"\u0130nsan Uygarl\u0131\u011f\u0131n\u0131n K\u0131sa Tarihi: Ekonomik ve Siyasal Kurumlar\u0131n D\u00fcn\u00fc ve Yar\u0131n\u0131"},"content":{"rendered":"<p>\u201dBaba liberal ekonomi politikas\u0131 uygulanmas\u0131na karar verildi ne demek?\u201d Soruyu y\u0131llar \u00f6nce liseye ge\u00e7i\u015f s\u0131nav\u0131na haz\u0131rlan\u0131rken \u0130nk\u0131l\u00e2p Tarihi dersi \u00e7al\u0131\u015fan o\u011flum sordu. \u0130zmir \u0130ktisat Kongresi\u2019yle ilgili pasajda b\u00f6yle bir c\u00fcmle okumu\u015f, merak etmi\u015fti. Bizim ders kitaplar\u0131m\u0131z hep b\u00f6yle. Bilgiyi bir tarihi ba\u011flamla birlikte \u00f6\u011frenciye aktarmak yerine test \u015feklindeki s\u0131navda do\u011fru se\u00e7ene\u011fi i\u015faretleyece\u011fi bir hap halinde vermeyi tercih ediyor. Tam da bu y\u00fczden \u00e7o\u011fumuz okulda \u00f6\u011frendiklerimizi zaman i\u00e7inde unutuyoruz, bir s\u00fcr\u00fcs\u00fcn\u00fc de hayat i\u00e7inde yeni ba\u015ftan \u00f6\u011frenmek zorunda kal\u0131yoruz.<\/p>\n","protected":false},"excerpt":{"rendered":"<p>\u201dBaba liberal ekonomi politikas\u0131 uygulanmas\u0131na karar verildi ne demek?\u201d Soruyu y\u0131llar \u00f6nce liseye ge\u00e7i\u015f s\u0131nav\u0131na haz\u0131rlan\u0131rken \u0130nk\u0131l\u00e2p Tarihi dersi \u00e7al\u0131\u015fan o\u011flum sordu. \u0130zmir \u0130ktisat Kongresi\u2019yle ilgili<span class=\"excerpt-hellip\"> [\u2026]<\/span><\/p>\n","protected":false},"featured_media":0,"template":"","meta":{"_monsterinsights_skip_tracking":false,"_monsterinsights_sitenote_active":false,"_monsterinsights_sitenote_note":"","_monsterinsights_sitenote_category":0},"product_brand":[],"product_cat":[12370,12304],"product_tag":[],"class_list":{"0":"post-768633","1":"product","2":"type-product","3":"status-publish","5":"product_cat-arastirma-inceleme","6":"product_cat-tarih","7":"pa_cilt-ciltsiz","8":"pa_tur-kitap","9":"pa_yayinevi-the-kitap","10":"pa_yazar-ismet-berkan","12":"first","13":"instock","14":"sale","15":"shipping-taxable","16":"purchasable","17":"product-type-simple"},"_links":{"self":[{"href":"https:\/\/roveyayinevi.com.tr\/index.php\/wp-json\/wp\/v2\/product\/768633","targetHints":{"allow":["GET"]}}],"collection":[{"href":"https:\/\/roveyayinevi.com.tr\/index.php\/wp-json\/wp\/v2\/product"}],"about":[{"href":"https:\/\/roveyayinevi.com.tr\/index.php\/wp-json\/wp\/v2\/types\/product"}],"wp:attachment":[{"href":"https:\/\/roveyayinevi.com.tr\/index.php\/wp-json\/wp\/v2\/media?parent=768633"}],"wp:term":[{"taxonomy":"product_brand","embeddable":true,"href":"https:\/\/roveyayinevi.com.tr\/index.php\/wp-json\/wp\/v2\/product_brand?post=768633"},{"taxonomy":"product_cat","embeddable":true,"href":"https:\/\/roveyayinevi.com.tr\/index.php\/wp-json\/wp\/v2\/product_cat?post=768633"},{"taxonomy":"product_tag","embeddable":true,"href":"https:\/\/roveyayinevi.com.tr\/index.php\/wp-json\/wp\/v2\/product_tag?post=768633"}],"curies":[{"name":"wp","href":"https:\/\/api.w.org\/{rel}","templated":true}]}}