{"id":768631,"date":"2025-08-28T13:27:51","date_gmt":"2025-08-28T10:27:51","guid":{"rendered":"https:\/\/roveyayinevi.com.tr\/index.php\/urun\/tom-petersin-kisa-mukemmellik-rehberi\/"},"modified":"2026-04-06T13:41:50","modified_gmt":"2026-04-06T10:41:50","slug":"tom-petersin-kisa-mukemmellik-rehberi","status":"publish","type":"product","link":"https:\/\/roveyayinevi.com.tr\/index.php\/urun\/tom-petersin-kisa-mukemmellik-rehberi\/","title":{"rendered":"Tom Peters\u2019\u0131n K\u0131sa M\u00fckemmellik Rehberi"},"content":{"rendered":"<p>Tom Peters&#8217;\u0131n K\u0131sa M\u00fckemmellik Rehberi, kasiyerlerden CEO&#8217;lara kadar hemen herkes i\u00e7in ilhamla dolu bir kitap. \u00c7oksatan i\u015f kitaplar\u0131n\u0131n yazar\u0131 efsanevi Tom Peters, i\u015f d\u00fcnyas\u0131 liderleri i\u00e7in bu rehberi olu\u015fturmak \u00fczere Donovan\/Green&#8217;in ikonik tasar\u0131mc\u0131s\u0131 Nancye Green ile i\u015fbirli\u011fi yapt\u0131. Peters ve Green, \u00e7arp\u0131c\u0131 bir tasar\u0131ma sahip bu k\u00fc\u00e7\u00fck kitab\u0131, i\u015fyerinde ger\u00e7ekten neyin \u00f6nemli oldu\u011funun fark\u0131na varman\u0131z i\u00e7in heyecan verici al\u0131nt\u0131larla doldurdu. Peters bu bilgelik cevherlerini, ony\u0131llar boyunca ola\u011fan\u00fcst\u00fc \u00e7al\u0131\u015fma ortamlar\u0131 yaratm\u0131\u015f olan ki\u015filerden toplad\u0131. Green bu bilgeli\u011fi \u00f6z\u00fcmsemenin b\u00fcy\u00fcleyici bir yolunu yaratt\u0131.Kitap, i\u015f d\u00fcnyas\u0131 liderlerinin \u201c\u00f6nce insan\u201d demelerinin gereklili\u011fini savunuyor. Pandeminin yaratt\u0131\u011f\u0131 olumsuz bilan\u00e7o hesaplan\u0131rken, a\u015f\u0131r\u0131 servet e\u015fitsizli\u011fiyle y\u00fczle\u015filirken ve hen\u00fcz emekleme a\u015famas\u0131nda olan istikrars\u0131zla\u015ft\u0131r\u0131c\u0131 teknolojik devrimlerle bo\u011fu\u015fulurken, \u201cekstrem h\u00fcmanizm&#8221;in, yani birbirimize insanca davranman\u0131n, gidilecek en iyi yol oldu\u011funu vurguluyor.Tom Peters&#8217;\u0131n K\u0131sa M\u00fckemmellik Rehberi&#8217;nde bulaca\u011f\u0131n\u0131z i\u00e7g\u00f6r\u00fcler sizi harekete ge\u00e7irecek ve toplumunuzu g\u00fc\u00e7l\u00fc bir \u015fekilde desteklemenizi, m\u00fc\u015fterilerinize m\u00fckemmellikleri ve canl\u0131l\u0131klar\u0131yla hayrete d\u00fc\u015f\u00fcren \u00fcr\u00fcnler\/hizmetler sunman\u0131z\u0131 ve hasta gezegenimize hizmet etmenizi sa\u011flayacakt\u0131r. Bu sadece gidilecek en iyi yol de\u011fil, ayn\u0131 zamanda i\u015f d\u00fcnyas\u0131ndaki herkeste bir ama\u00e7 ve gurur yaratabilecek bir yoldur. Bu rehberi i\u015finize, seyahatlerinize, m\u00fckemmelli\u011fin hat\u0131rlat\u0131lmas\u0131na ihtiya\u00e7 duydu\u011funuz her yere g\u00f6t\u00fcr\u00fcn. Daha da iyisi, m\u00fckemmel bir hediye olan bu kitab\u0131, bir dehan\u0131n verece\u011fi ilhama ihtiya\u00e7 duyan herkesle payla\u015f\u0131n<\/p>\n","protected":false},"excerpt":{"rendered":"<p>Tom Peters&#8217;\u0131n K\u0131sa M\u00fckemmellik Rehberi, kasiyerlerden CEO&#8217;lara kadar hemen herkes i\u00e7in ilhamla dolu bir kitap. \u00c7oksatan i\u015f kitaplar\u0131n\u0131n yazar\u0131 efsanevi Tom Peters, i\u015f d\u00fcnyas\u0131 liderleri i\u00e7in<span class=\"excerpt-hellip\"> [\u2026]<\/span><\/p>\n","protected":false},"featured_media":0,"template":"","meta":{"_monsterinsights_skip_tracking":false,"_monsterinsights_sitenote_active":false,"_monsterinsights_sitenote_note":"","_monsterinsights_sitenote_category":0},"product_brand":[],"product_cat":[13043,17647],"product_tag":[],"class_list":{"0":"post-768631","1":"product","2":"type-product","3":"status-publish","5":"product_cat-ekonomi","6":"product_cat-is-dunyasi","7":"pa_cilt-ciltsiz","8":"pa_tur-kitap","9":"pa_yayinevi-the-kitap","10":"pa_yazar-tom-peters-ve-nancye-green","12":"first","13":"instock","14":"sale","15":"shipping-taxable","16":"purchasable","17":"product-type-simple"},"_links":{"self":[{"href":"https:\/\/roveyayinevi.com.tr\/index.php\/wp-json\/wp\/v2\/product\/768631","targetHints":{"allow":["GET"]}}],"collection":[{"href":"https:\/\/roveyayinevi.com.tr\/index.php\/wp-json\/wp\/v2\/product"}],"about":[{"href":"https:\/\/roveyayinevi.com.tr\/index.php\/wp-json\/wp\/v2\/types\/product"}],"wp:attachment":[{"href":"https:\/\/roveyayinevi.com.tr\/index.php\/wp-json\/wp\/v2\/media?parent=768631"}],"wp:term":[{"taxonomy":"product_brand","embeddable":true,"href":"https:\/\/roveyayinevi.com.tr\/index.php\/wp-json\/wp\/v2\/product_brand?post=768631"},{"taxonomy":"product_cat","embeddable":true,"href":"https:\/\/roveyayinevi.com.tr\/index.php\/wp-json\/wp\/v2\/product_cat?post=768631"},{"taxonomy":"product_tag","embeddable":true,"href":"https:\/\/roveyayinevi.com.tr\/index.php\/wp-json\/wp\/v2\/product_tag?post=768631"}],"curies":[{"name":"wp","href":"https:\/\/api.w.org\/{rel}","templated":true}]}}