{"id":768606,"date":"2025-08-28T13:26:15","date_gmt":"2025-08-28T10:26:15","guid":{"rendered":"https:\/\/roveyayinevi.com.tr\/index.php\/urun\/denizkizi-gulnar\/"},"modified":"2026-04-15T03:34:47","modified_gmt":"2026-04-15T00:34:47","slug":"denizkizi-gulnar","status":"publish","type":"product","link":"https:\/\/roveyayinevi.com.tr\/index.php\/urun\/denizkizi-gulnar\/","title":{"rendered":"Denizk\u0131z\u0131 G\u00fclnar"},"content":{"rendered":"<p>Deniz krallar\u0131 aras\u0131ndaki sava\u015f, G\u00fclnar&#8217;\u0131n eve d\u00f6nmesinin imk\u00e2ns\u0131z oldu\u011fu anlam\u0131na gelir. Bu esnada \u00e7\u0131kan bir f\u0131rt\u0131na, onu \u0130ran&#8217;da bir sahile s\u00fcr\u00fckler. Sonra yaln\u0131z Kral Hamid ile tan\u0131\u015f\u0131r. Y\u00fcr\u00fcyemeyen, konu\u015fmak istemeyen ve kara insanlar\u0131na g\u00fcvenmeyen G\u00fclnar bir anda kendini krala \u00e2\u015f\u0131k olurken bulur. Ancak denizin alt\u0131nda huzur ve mutlulu\u011fu bulamazlar. Yanl\u0131\u015f izlenimler ve sihirlerle dolu bu hik\u00e2yede, Prens Beder ile Prenses Giauhara mutlulu\u011fu bulabilecekler mi?<\/p>\n","protected":false},"excerpt":{"rendered":"<p>Deniz krallar\u0131 aras\u0131ndaki sava\u015f, G\u00fclnar&#8217;\u0131n eve d\u00f6nmesinin imk\u00e2ns\u0131z oldu\u011fu anlam\u0131na gelir. Bu esnada \u00e7\u0131kan bir f\u0131rt\u0131na, onu \u0130ran&#8217;da bir sahile s\u00fcr\u00fckler. Sonra yaln\u0131z Kral Hamid ile<span class=\"excerpt-hellip\"> [\u2026]<\/span><\/p>\n","protected":false},"featured_media":0,"template":"","meta":{"_monsterinsights_skip_tracking":false,"_monsterinsights_sitenote_active":false,"_monsterinsights_sitenote_note":"","_monsterinsights_sitenote_category":0},"product_brand":[],"product_cat":[12274,12284],"product_tag":[],"class_list":{"0":"post-768606","1":"product","2":"type-product","3":"status-publish","5":"product_cat-cocuk-ve-genclik-kitaplari","6":"product_cat-hikayeler","7":"pa_cilt-ciltsiz","8":"pa_tur-kitap","9":"pa_yayinevi-the-kitap","10":"pa_yazar-kellie-jones","12":"first","13":"instock","14":"sale","15":"shipping-taxable","16":"purchasable","17":"product-type-simple"},"_links":{"self":[{"href":"https:\/\/roveyayinevi.com.tr\/index.php\/wp-json\/wp\/v2\/product\/768606","targetHints":{"allow":["GET"]}}],"collection":[{"href":"https:\/\/roveyayinevi.com.tr\/index.php\/wp-json\/wp\/v2\/product"}],"about":[{"href":"https:\/\/roveyayinevi.com.tr\/index.php\/wp-json\/wp\/v2\/types\/product"}],"wp:attachment":[{"href":"https:\/\/roveyayinevi.com.tr\/index.php\/wp-json\/wp\/v2\/media?parent=768606"}],"wp:term":[{"taxonomy":"product_brand","embeddable":true,"href":"https:\/\/roveyayinevi.com.tr\/index.php\/wp-json\/wp\/v2\/product_brand?post=768606"},{"taxonomy":"product_cat","embeddable":true,"href":"https:\/\/roveyayinevi.com.tr\/index.php\/wp-json\/wp\/v2\/product_cat?post=768606"},{"taxonomy":"product_tag","embeddable":true,"href":"https:\/\/roveyayinevi.com.tr\/index.php\/wp-json\/wp\/v2\/product_tag?post=768606"}],"curies":[{"name":"wp","href":"https:\/\/api.w.org\/{rel}","templated":true}]}}