{"id":768586,"date":"2025-08-28T13:25:40","date_gmt":"2025-08-28T10:25:40","guid":{"rendered":"https:\/\/roveyayinevi.com.tr\/index.php\/urun\/deklansor\/"},"modified":"2026-04-08T03:31:03","modified_gmt":"2026-04-08T00:31:03","slug":"deklansor","status":"publish","type":"product","link":"https:\/\/roveyayinevi.com.tr\/index.php\/urun\/deklansor\/","title":{"rendered":"Deklan\u015f\u00f6r"},"content":{"rendered":"<p>New Mexico&#8217;nun Navajo b\u00f6lgesinde ge\u00e7en bu kan dondurucu roman, s\u00fcr\u00fckleyici bir su\u00e7 gerilimi, do\u011fa\u00fcst\u00fc korku ve K\u0131z\u0131lderili b\u00f6lgesinde b\u00fcy\u00fcmenin dokunakl\u0131 bir tasvirini sunuyor. Rita Todacheene, Albuquerque polis te\u015fkilat\u0131 i\u00e7in \u00e7al\u0131\u015fan bir adli t\u0131p foto\u011fraf\u00e7\u0131s\u0131d\u0131r. M\u00fckemmel foto\u011fraf\u00e7\u0131l\u0131k becerileri ile bir\u00e7ok davay\u0131 \u00e7\u00f6zm\u00fc\u015ft\u00fcr. Ayr\u0131ca ayr\u0131nt\u0131lar\u0131 yakalamakta neredeyse do\u011fa\u00fcst\u00fc derecede iyidir. Asl\u0131nda Rita bir s\u0131r saklamaktad\u0131r: Su\u00e7 ma\u011fdurlar\u0131n\u0131n hayaletlerini g\u00f6rmektedir ve bu hayaletler ona di\u011fer dedektiflerin g\u00f6zden ka\u00e7\u0131rd\u0131\u011f\u0131 ipu\u00e7lar\u0131n\u0131 g\u00f6stermektedir. Travma ge\u00e7irmi\u015f ruhlar i\u00e7in tek ba\u015f\u0131na bir ya\u015fam kap\u0131s\u0131 olan Rita, uyumas\u0131na izin vermeyen ve \u00f6zel hayat\u0131n\u0131 sabote eden d\u0131rd\u0131rc\u0131 hayaletler taraf\u0131ndan ter\u00f6rize edilir. Tabu olan ve adeta bir y\u00fcke d\u00f6n\u00fc\u015fen bu yetene\u011fi, onu b\u00fcy\u00fckannesi taraf\u0131ndan b\u00fcy\u00fct\u00fcld\u00fc\u011f\u00fc Navajotopraklar\u0131ndan uzakla\u015ft\u0131rm\u0131\u015ft\u0131r. Onu arkada\u015flar\u0131ndan soyutlam\u0131\u015f ve ba\u015f\u0131n\u0131 kanunla derde sokmu\u015ftur. Ve bu yetenek \u015fimdi de \u00f6l\u00fcm\u00fcne neden olabilir. Rita bir otoyol \u00fcst ge\u00e7idindeki s\u00f6zde intihar olay\u0131n\u0131n foto\u011fraf\u0131n\u0131 \u00e7ekmek i\u00e7in g\u00f6nderildi\u011finde, \u00f6ld\u00fcr\u00fcld\u00fc\u011f\u00fcne \u0131srar eden kurban\u0131n \u00f6fkeli ve karars\u0131z hayaleti Rita&#8217;ya yap\u0131\u015farak onu katillerden intikam almak i\u00e7in maceraya \u00e7\u0131kmaya zorlar ve Rita kendini Albuquerque&#8217;nin en tehlikeli kartellerinden birinin hedefinde bulur. P\u0131r\u0131l p\u0131r\u0131l, deh\u015fet verici bir d\u00fczyaz\u0131yla yaz\u0131lm\u0131\u015f olan Deklan\u015f\u00f6r, polisiye kurgunun en g\u00fc\u00e7l\u00fc yeni seslerinden birinden patlay\u0131c\u0131 bir \u00e7\u0131k\u0131\u015f roman\u0131.\u201cGerilim, korku ve b\u00fcy\u00fcme hik\u00e2yesinin m\u00fckemmel bir kar\u0131\u015f\u0131m\u0131.\u201d-The Boston Globe\u201cAkl\u0131n\u0131zdan \u00e7\u0131kmayacak.\u201d-The New York Times Book Review\u201cBu hik\u00e2ye bir gerilimden ve hayalet hikayesinden \u00e7ok daha fazlas\u0131. Aile ve tarihle, k\u00fclt\u00fcrle,ge\u00e7mi\u015fle ve bug\u00fcnle, belirlenmi\u015f s\u0131n\u0131rlarda y\u00fcr\u00fcmekle ve kendini ke\u015ffetmekle ilgili.\u201d-USA Today\u201cBu paranormal polisiye roman al\u0131\u015f\u0131lmad\u0131k ve \u00e7ok katmanl\u0131; ancak \u00f6ne \u00e7\u0131kan \u015fey, Rita\u2019n\u0131nbug\u00fcn\u00fc ve ge\u00e7mi\u015fi aras\u0131nda b\u00f6l\u00fcnen muhte\u015fem etkileyici ve itici birinci \u015fah\u0131s hik\u00e2ye anlat\u0131m\u0131.Kendisi de eski bir adli t\u0131p foto\u011fraf\u00e7\u0131s\u0131 olan Emerson\u2019\u0131n kelimelerle \u00e7izdi\u011fi resimler ac\u0131mas\u0131zoldu\u011fu kadar canl\u0131 da.\u201d-Oprah Daily\u201cPolisiye roman hayranlar\u0131, bu sert\u00e7e dengelenmi\u015f paranormal s\u00fcr\u00fckleyici kitaptan veetkileyici b\u00fcy\u00fcme hik\u00e2yesinden keyif alacaklar.\u201d-Publishers Weekly<\/p>\n","protected":false},"excerpt":{"rendered":"<p>New Mexico&#8217;nun Navajo b\u00f6lgesinde ge\u00e7en bu kan dondurucu roman, s\u00fcr\u00fckleyici bir su\u00e7 gerilimi, do\u011fa\u00fcst\u00fc korku ve K\u0131z\u0131lderili b\u00f6lgesinde b\u00fcy\u00fcmenin dokunakl\u0131 bir tasvirini sunuyor. Rita Todacheene, Albuquerque<span class=\"excerpt-hellip\"> [\u2026]<\/span><\/p>\n","protected":false},"featured_media":0,"template":"","meta":{"_monsterinsights_skip_tracking":false,"_monsterinsights_sitenote_active":false,"_monsterinsights_sitenote_note":"","_monsterinsights_sitenote_category":0},"product_brand":[],"product_cat":[12291,12711],"product_tag":[],"class_list":{"0":"post-768586","1":"product","2":"type-product","3":"status-publish","5":"product_cat-edebiyat","6":"product_cat-roman-oyku","7":"pa_cilt-ciltsiz","8":"pa_tur-kitap","9":"pa_yayinevi-the-kitap","10":"pa_yazar-ramona-emerson","12":"first","13":"instock","14":"sale","15":"shipping-taxable","16":"purchasable","17":"product-type-simple"},"_links":{"self":[{"href":"https:\/\/roveyayinevi.com.tr\/index.php\/wp-json\/wp\/v2\/product\/768586","targetHints":{"allow":["GET"]}}],"collection":[{"href":"https:\/\/roveyayinevi.com.tr\/index.php\/wp-json\/wp\/v2\/product"}],"about":[{"href":"https:\/\/roveyayinevi.com.tr\/index.php\/wp-json\/wp\/v2\/types\/product"}],"wp:attachment":[{"href":"https:\/\/roveyayinevi.com.tr\/index.php\/wp-json\/wp\/v2\/media?parent=768586"}],"wp:term":[{"taxonomy":"product_brand","embeddable":true,"href":"https:\/\/roveyayinevi.com.tr\/index.php\/wp-json\/wp\/v2\/product_brand?post=768586"},{"taxonomy":"product_cat","embeddable":true,"href":"https:\/\/roveyayinevi.com.tr\/index.php\/wp-json\/wp\/v2\/product_cat?post=768586"},{"taxonomy":"product_tag","embeddable":true,"href":"https:\/\/roveyayinevi.com.tr\/index.php\/wp-json\/wp\/v2\/product_tag?post=768586"}],"curies":[{"name":"wp","href":"https:\/\/api.w.org\/{rel}","templated":true}]}}