{"id":768584,"date":"2025-08-28T13:25:36","date_gmt":"2025-08-28T10:25:36","guid":{"rendered":"https:\/\/roveyayinevi.com.tr\/index.php\/urun\/o-kiz\/"},"modified":"2026-04-15T03:34:46","modified_gmt":"2026-04-15T00:34:46","slug":"o-kiz","status":"publish","type":"product","link":"https:\/\/roveyayinevi.com.tr\/index.php\/urun\/o-kiz\/","title":{"rendered":"O K\u0131z"},"content":{"rendered":"<p>Hannah, Oxford \u00dcniversitesi\u2019ne ad\u0131m att\u0131\u011f\u0131nda her \u015feyin m\u00fckemmel olaca\u011f\u0131n\u0131 d\u00fc\u015f\u00fcn\u00fcyordu: Yeni arkada\u015flar, parlak bir gelecek ve en \u00f6nemlisi de etkileyici, karizmatik April. Ancak bir gecede t\u00fcm hayat\u0131 parampar\u00e7a oldu. April\u2019\u0131n trajik \u00f6l\u00fcm\u00fcyle Hannah\u2019\u0131n hayalleri karanl\u0131\u011fa g\u00f6m\u00fcld\u00fc. Y\u0131llar sonra April\u2019\u0131n katili oldu\u011funa inan\u0131lan adam hapiste \u00f6l\u00fc bulununcaHannah ge\u00e7mi\u015fin tozlu sayfalar\u0131yla y\u00fczle\u015fmek zorunda kald\u0131.Ger\u00e7ekten do\u011fru ki\u015fiyi mi su\u00e7lam\u0131\u015ft\u0131? Yoksa en g\u00fcvendi\u011fi insanlar bile ona ihanet mi etmi\u015fti?On y\u0131l \u00f6nce April\u2019\u0131n cesedini bulan ki\u015fi Hannah\u2019yd\u0131.O g\u00fcn g\u00f6rd\u00fcklerini sorgulamayan ki\u015fi Hannah\u2019yd\u0131.Onun tan\u0131kl\u0131\u011f\u0131, masum bir adam\u0131 hapse mi t\u0131km\u0131\u015ft\u0131? Ger\u00e7e\u011fi \u00f6\u011frenmesi gerekiyordu. Kendi arkada\u015flar\u0131n\u0131 sorgulamas\u0131 gerekse bile.Kendi hayat\u0131n\u0131 riske atsa bile.\u00c7\u00fcnk\u00fc katil yabanc\u0131 de\u011fil, tan\u0131d\u0131\u011f\u0131 biriydi&#8230;Gerilim ve s\u00fcrpriz dolu bu roman, her sayfas\u0131nda sizi soluksuz b\u0131rakacak! Ruth Ware\u2019in usta kaleminden \u00e7\u0131kan bu hik\u00e2ye, korku ve merakla dolu bir yolculuk vaat ediyor.<\/p>\n","protected":false},"excerpt":{"rendered":"<p>Hannah, Oxford \u00dcniversitesi\u2019ne ad\u0131m att\u0131\u011f\u0131nda her \u015feyin m\u00fckemmel olaca\u011f\u0131n\u0131 d\u00fc\u015f\u00fcn\u00fcyordu: Yeni arkada\u015flar, parlak bir gelecek ve en \u00f6nemlisi de etkileyici, karizmatik April. Ancak bir gecede t\u00fcm<span class=\"excerpt-hellip\"> [\u2026]<\/span><\/p>\n","protected":false},"featured_media":0,"template":"","meta":{"_monsterinsights_skip_tracking":false,"_monsterinsights_sitenote_active":false,"_monsterinsights_sitenote_note":"","_monsterinsights_sitenote_category":0},"product_brand":[],"product_cat":[12291,17033],"product_tag":[],"class_list":{"0":"post-768584","1":"product","2":"type-product","3":"status-publish","5":"product_cat-edebiyat","6":"product_cat-korku-gerilim","7":"pa_cilt-ciltsiz","8":"pa_tur-kitap","9":"pa_yayinevi-the-kitap","10":"pa_yazar-ruth-ware","12":"first","13":"instock","14":"sale","15":"shipping-taxable","16":"purchasable","17":"product-type-simple"},"_links":{"self":[{"href":"https:\/\/roveyayinevi.com.tr\/index.php\/wp-json\/wp\/v2\/product\/768584","targetHints":{"allow":["GET"]}}],"collection":[{"href":"https:\/\/roveyayinevi.com.tr\/index.php\/wp-json\/wp\/v2\/product"}],"about":[{"href":"https:\/\/roveyayinevi.com.tr\/index.php\/wp-json\/wp\/v2\/types\/product"}],"wp:attachment":[{"href":"https:\/\/roveyayinevi.com.tr\/index.php\/wp-json\/wp\/v2\/media?parent=768584"}],"wp:term":[{"taxonomy":"product_brand","embeddable":true,"href":"https:\/\/roveyayinevi.com.tr\/index.php\/wp-json\/wp\/v2\/product_brand?post=768584"},{"taxonomy":"product_cat","embeddable":true,"href":"https:\/\/roveyayinevi.com.tr\/index.php\/wp-json\/wp\/v2\/product_cat?post=768584"},{"taxonomy":"product_tag","embeddable":true,"href":"https:\/\/roveyayinevi.com.tr\/index.php\/wp-json\/wp\/v2\/product_tag?post=768584"}],"curies":[{"name":"wp","href":"https:\/\/api.w.org\/{rel}","templated":true}]}}