{"id":768574,"date":"2025-08-28T13:25:21","date_gmt":"2025-08-28T10:25:21","guid":{"rendered":"https:\/\/roveyayinevi.com.tr\/index.php\/urun\/kocluk-ve-mentorluk\/"},"modified":"2026-04-15T03:34:46","modified_gmt":"2026-04-15T00:34:46","slug":"kocluk-ve-mentorluk","status":"publish","type":"product","link":"https:\/\/roveyayinevi.com.tr\/index.php\/urun\/kocluk-ve-mentorluk\/","title":{"rendered":"Ko\u00e7luk ve Ment\u00f6rl\u00fck"},"content":{"rendered":"<p>Ba\u015far\u0131n\u0131n Anahtar\u0131 Sizi Bekliyor!Kurumunuzun ba\u015far\u0131s\u0131n\u0131 art\u0131rmak i\u00e7in liderleri ve \u00e7al\u0131\u015fanlar\u0131 en etkili \u015fekilde nas\u0131l destekleyebilece\u011finizi biliyor musunuz? Peki, ko\u00e7luk ve ment\u00f6rl\u00fck uygulamalar\u0131n\u0131 bu ama\u00e7 do\u011frultusunda nas\u0131l en verimli hale getirebilirsiniz? Tak\u0131m baz\u0131nda m\u0131, bireysel d\u00fczeyde mi bir destek sunmal\u0131s\u0131n\u0131z? Ko\u00e7 veya ment\u00f6r kurum i\u00e7inden mi, yoksa d\u0131\u015far\u0131dan m\u0131 olmal\u0131?Eric Parsloe ve Melville Leedham, bu ve benzeri sorulara yan\u0131tlar sunarak hem kurumlar hem de herseviyedeki ko\u00e7 ve ment\u00f6rler i\u00e7in kapsaml\u0131 bir rehber haz\u0131rlad\u0131. Ko\u00e7luk ve Ment\u00f6rl\u00fck: \u00d6\u011frenme ve Performans\u0131 Geli\u015ftirmek \u0130\u00e7in Pratik Teknikler kitab\u0131, ko\u00e7 ve ment\u00f6rlerin Covid-19 sonras\u0131 i\u015f d\u00fcnyas\u0131nda uyumlu, verimli bir \u00e7al\u0131\u015fma ortam\u0131 yaratmalar\u0131na destek olacak teknikler ve y\u00f6ntemler sunuyor.Ko\u00e7luk ve ment\u00f6rl\u00fck s\u00fcre\u00e7lerinin arka plan\u0131n\u0131, uygulama ad\u0131mlar\u0131n\u0131 ve temel ama\u00e7lar\u0131n\u0131 ele alan bu rehber, kurumlara ve bireylere ger\u00e7ek\u00e7i beklentiler olu\u015fturmada yol g\u00f6steriyor. Alan\u0131nda uzman pek \u00e7ok ko\u00e7 ve ment\u00f6r\u00fcn deneyimlerinden yararlanarak, anla\u015f\u0131l\u0131r ve uygulanabilir bir rota \u00e7iziyor.Eric Parsloe ve Melville Leedham\u2019\u0131n geni\u015f deneyiminden beslenen bu eser, sadece bir kitap de\u011fil, ayn\u0131 zamanda sizin ki\u015fisel ve profesyonel geli\u015fim rehberiniz! Hedeflerinizi ger\u00e7ekle\u015ftirme yolunda yan\u0131n\u0131zda olacak Ko\u00e7luk ve Ment\u00f6rl\u00fck, i\u015f d\u00fcnyas\u0131nda etkili bir lider olmak isteyenlerin elinden d\u00fc\u015fmeyecek.Kariyer yolculu\u011funuzu yeniden \u015fekillendirin ve ba\u015far\u0131n\u0131n kilidini a\u00e7\u0131n!<\/p>\n","protected":false},"excerpt":{"rendered":"<p>Ba\u015far\u0131n\u0131n Anahtar\u0131 Sizi Bekliyor!Kurumunuzun ba\u015far\u0131s\u0131n\u0131 art\u0131rmak i\u00e7in liderleri ve \u00e7al\u0131\u015fanlar\u0131 en etkili \u015fekilde nas\u0131l destekleyebilece\u011finizi biliyor musunuz? Peki, ko\u00e7luk ve ment\u00f6rl\u00fck uygulamalar\u0131n\u0131 bu ama\u00e7 do\u011frultusunda nas\u0131l<span class=\"excerpt-hellip\"> [\u2026]<\/span><\/p>\n","protected":false},"featured_media":0,"template":"","meta":{"_monsterinsights_skip_tracking":false,"_monsterinsights_sitenote_active":false,"_monsterinsights_sitenote_note":"","_monsterinsights_sitenote_category":0},"product_brand":[],"product_cat":[14841,13043],"product_tag":[],"class_list":{"0":"post-768574","1":"product","2":"type-product","3":"status-publish","5":"product_cat-arastirma-inceleme-kuram","6":"product_cat-ekonomi","7":"pa_cilt-ciltsiz","8":"pa_tur-kitap","9":"pa_yayinevi-the-kitap","10":"pa_yazar-eric-parsloe","11":"pa_yazar-melville-leedham","13":"first","14":"instock","15":"sale","16":"shipping-taxable","17":"purchasable","18":"product-type-simple"},"_links":{"self":[{"href":"https:\/\/roveyayinevi.com.tr\/index.php\/wp-json\/wp\/v2\/product\/768574","targetHints":{"allow":["GET"]}}],"collection":[{"href":"https:\/\/roveyayinevi.com.tr\/index.php\/wp-json\/wp\/v2\/product"}],"about":[{"href":"https:\/\/roveyayinevi.com.tr\/index.php\/wp-json\/wp\/v2\/types\/product"}],"wp:attachment":[{"href":"https:\/\/roveyayinevi.com.tr\/index.php\/wp-json\/wp\/v2\/media?parent=768574"}],"wp:term":[{"taxonomy":"product_brand","embeddable":true,"href":"https:\/\/roveyayinevi.com.tr\/index.php\/wp-json\/wp\/v2\/product_brand?post=768574"},{"taxonomy":"product_cat","embeddable":true,"href":"https:\/\/roveyayinevi.com.tr\/index.php\/wp-json\/wp\/v2\/product_cat?post=768574"},{"taxonomy":"product_tag","embeddable":true,"href":"https:\/\/roveyayinevi.com.tr\/index.php\/wp-json\/wp\/v2\/product_tag?post=768574"}],"curies":[{"name":"wp","href":"https:\/\/api.w.org\/{rel}","templated":true}]}}