{"id":768547,"date":"2025-08-28T13:24:37","date_gmt":"2025-08-28T10:24:37","guid":{"rendered":"https:\/\/roveyayinevi.com.tr\/index.php\/urun\/hayatin-ipuclari-6\/"},"modified":"2026-04-15T03:34:12","modified_gmt":"2026-04-15T00:34:12","slug":"hayatin-ipuclari-6","status":"publish","type":"product","link":"https:\/\/roveyayinevi.com.tr\/index.php\/urun\/hayatin-ipuclari-6\/","title":{"rendered":"Hayat\u0131n \u0130pu\u00e7lar\u0131 6"},"content":{"rendered":"<p>\u201c\u00c7ok \u00e7al\u0131\u015f\u0131n gen\u00e7ler, zira her birimiz i\u00e7in \u00e7ok \u00e7al\u0131\u015fmaktan ba\u015fka yol yok! Bir de kuvvetle \u00f6neririm ki hobileriniz ve \u00e7ok\u00e7a arkada\u015f\u0131n\u0131z, biraz da dostunuz olsun, g\u00fcc\u00fcn\u00fcz elverdi\u011fince gezin, bakt\u0131\u011f\u0131n\u0131z \u015feyleri g\u00f6rmeyi ihmal etmeyin ve ailenizin k\u0131ymetini hep bilin. Bu d\u00fcnyadaki deneyimimiz k\u0131sa, karma\u015f\u0131k ama asl\u0131nda bir o kadar da basit.\u201dY\u0131ld\u0131z Holding\u2019i 4 k\u0131tada 4 milyardan fazla t\u00fcketici n\u00fcfusun ya\u015fad\u0131\u011f\u0131 alanda faaliyet g\u00f6steren ve 65 binden fazla \u00e7al\u0131\u015fan\u0131 olan global bir \u015firkete d\u00f6n\u00fc\u015ft\u00fcren ba\u015far\u0131l\u0131 i\u015f adam\u0131 Murat \u00dclker, daha \u00f6nce be\u015f cildini yay\u0131mlad\u0131\u011f\u0131m\u0131z ve k\u0131sa s\u00fcrede b\u00fcy\u00fck ilgi g\u00f6ren yaz\u0131lar\u0131na kald\u0131\u011f\u0131 yerden devam ediyor. Okudu\u011fu kitaplardan ya da kat\u0131ld\u0131\u011f\u0131 konferanslardan yola \u00e7\u0131karak kendi g\u00f6zlem ve tecr\u00fcbeleriyle zenginle\u015ftirdi\u011fi yaz\u0131lar\u0131nda hem ba\u015far\u0131l\u0131 olmas\u0131n\u0131 sa\u011flayan prensiplerin ipucunu veriyor hem de gelece\u011fe dair pek \u00e7ok \u00f6ng\u00f6r\u00fcde bulunuyor.Hayat\u0131n \u0130pu\u00e7lar\u0131 6\u2019da yine geni\u015f bir konu yelpazesi mevcut. Bu yelpaze, global \u015firketlerde strateji olu\u015fturman\u0131n \u00f6nemini anlatan \u201c\u0130\u015f\u201d yaz\u0131lar\u0131ndan Fatih Sultan Mehmet\u2019in k\u00fclt\u00fcr devrimi \u00e7abalar\u0131na dikkat \u00e7eken \u201cTarih\u201d yaz\u0131lar\u0131na, nas\u0131l \u00e7a\u011fda\u015f ebeveyn olunaca\u011f\u0131n\u0131 tart\u0131\u015fan \u201cToplum\u201d yaz\u0131lar\u0131ndan \u00e7e\u015fitli sanat eserleri hakk\u0131ndaki izlenimlerin aktar\u0131ld\u0131\u011f\u0131 \u201cK\u00fclt\u00fcr ve Sanat\u201d yaz\u0131lar\u0131na kadar uzan\u0131yor. Bunlara ek olarak bu ciltte Murat \u00dclker\u2019in \u00e7e\u015fitli gezinotlar\u0131n\u0131 ve g\u00fcndemdeki meselelerle ilgili g\u00f6r\u00fc\u015flerini de okuyabileceksiniz. S\u0131ra d\u0131\u015f\u0131 bir i\u015f adam\u0131 profili \u00e7izerek, tecr\u00fcbelerini ve beslendi\u011fi kaynaklar\u0131 d\u00fczenli bir \u015fekilde bizimle c\u00f6mert\u00e7e payla\u015fan Murat \u00dclker ufkumuzu a\u00e7maya devam ediyor. <\/p>\n","protected":false},"excerpt":{"rendered":"<p>\u201c\u00c7ok \u00e7al\u0131\u015f\u0131n gen\u00e7ler, zira her birimiz i\u00e7in \u00e7ok \u00e7al\u0131\u015fmaktan ba\u015fka yol yok! Bir de kuvvetle \u00f6neririm ki hobileriniz ve \u00e7ok\u00e7a arkada\u015f\u0131n\u0131z, biraz da dostunuz olsun, g\u00fcc\u00fcn\u00fcz<span class=\"excerpt-hellip\"> [\u2026]<\/span><\/p>\n","protected":false},"featured_media":0,"template":"","meta":{"_monsterinsights_skip_tracking":false,"_monsterinsights_sitenote_active":false,"_monsterinsights_sitenote_note":"","_monsterinsights_sitenote_category":0},"product_brand":[],"product_cat":[13772,12364],"product_tag":[],"class_list":{"0":"post-768547","1":"product","2":"type-product","3":"status-publish","5":"product_cat-basvuru-kitaplari","6":"product_cat-genel-konular","7":"pa_cilt-ciltsiz","8":"pa_tur-kitap","9":"pa_yayinevi-sabri-ulker-vakfi-yayinlari","10":"pa_yazar-murat-ulker","12":"first","13":"instock","14":"sale","15":"shipping-taxable","16":"purchasable","17":"product-type-simple"},"_links":{"self":[{"href":"https:\/\/roveyayinevi.com.tr\/index.php\/wp-json\/wp\/v2\/product\/768547","targetHints":{"allow":["GET"]}}],"collection":[{"href":"https:\/\/roveyayinevi.com.tr\/index.php\/wp-json\/wp\/v2\/product"}],"about":[{"href":"https:\/\/roveyayinevi.com.tr\/index.php\/wp-json\/wp\/v2\/types\/product"}],"wp:attachment":[{"href":"https:\/\/roveyayinevi.com.tr\/index.php\/wp-json\/wp\/v2\/media?parent=768547"}],"wp:term":[{"taxonomy":"product_brand","embeddable":true,"href":"https:\/\/roveyayinevi.com.tr\/index.php\/wp-json\/wp\/v2\/product_brand?post=768547"},{"taxonomy":"product_cat","embeddable":true,"href":"https:\/\/roveyayinevi.com.tr\/index.php\/wp-json\/wp\/v2\/product_cat?post=768547"},{"taxonomy":"product_tag","embeddable":true,"href":"https:\/\/roveyayinevi.com.tr\/index.php\/wp-json\/wp\/v2\/product_tag?post=768547"}],"curies":[{"name":"wp","href":"https:\/\/api.w.org\/{rel}","templated":true}]}}