{"id":768540,"date":"2025-08-28T13:24:23","date_gmt":"2025-08-28T10:24:23","guid":{"rendered":"https:\/\/roveyayinevi.com.tr\/index.php\/urun\/korktugu-her-sey\/"},"modified":"2026-04-15T03:34:11","modified_gmt":"2026-04-15T00:34:11","slug":"korktugu-her-sey","status":"publish","type":"product","link":"https:\/\/roveyayinevi.com.tr\/index.php\/urun\/korktugu-her-sey\/","title":{"rendered":"Korktu\u011fu Her \u015eey"},"content":{"rendered":"<p>Her anne \u00e7ocu\u011fu i\u00e7in endi\u015felenir. Ama Sara Harmon, kendi \u00e7ocu\u011fundan korkuyor&#8230; 17 ya\u015f\u0131ndaki Anna Shaw u\u00e7urumun kenar\u0131nda selfie \u00e7ekerken dengesini kaybedip d\u00fc\u015ferek hayat\u0131n\u0131 kaybeder. \u00d6lmeden \u00f6nce g\u00f6rd\u00fc\u011f\u00fc son \u015fey, bak\u0131c\u0131l\u0131\u011f\u0131n\u0131 yapt\u0131\u011f\u0131 dokuz ya\u015f\u0131ndaki Katie Harmon\u2019\u0131n deh\u015fet dolu bak\u0131\u015ft\u0131r. M\u00fcfetti\u015fler olay yerinde toplan\u0131rken Katie\u2019nin annesi Sara, k\u0131z\u0131n\u0131 sakinle\u015ftirmek i\u00e7in yan\u0131na ko\u015far. Yine de i\u00e7inde saklad\u0131\u011f\u0131, kimseyle payla\u015famad\u0131\u011f\u0131 karanl\u0131k bir korku vard\u0131r. Bu gizli endi\u015fe, acemi dedektif Kim Pierce\u2019\u0131n dikkatinden ka\u00e7maz. Bir\u00e7ok ki\u015fi y\u0131llar boyunca bu s\u0131rr\u0131 \u00e7\u00f6zmeye \u00e7al\u0131\u015fm\u0131\u015ft\u0131r. Ger\u00e7ek su\u00e7 \u00fczerine yay\u0131n yapan podcast yay\u0131nc\u0131lar\u0131ndan, y\u0131llar \u00f6nce hapisten \u00e7\u0131kt\u0131ktan sonra ortadan kaybolan bir katilin izini s\u00fcren lanetli bir gazeteciye kadar. Ve \u015fimdi, dedektifler soru\u015fturmalar\u0131n\u0131 daralt\u0131rken Sara en b\u00fcy\u00fck korkusuyla y\u00fczle\u015fmek zorunda kal\u0131r: Bak\u0131c\u0131n\u0131n \u00f6l\u00fcm\u00fc bir kaza de\u011filse? \u201cKorktu\u011fu Her \u015eey, nehir gibi ak\u0131yor. Ka\u00e7\u0131r\u0131lmamas\u0131 gereken bir gerilim.\u201d Michael Connelly \u201cRick Mofina, t\u00fcyler \u00fcrpertici, nefes kesen bir roman kaleme alm\u0131\u015f. Ba\u015ftan sona s\u00fcr\u00fckleyici, gerilim dolu bir hik\u00e2ye.\u201d Heather Gudenkauf <\/p>\n","protected":false},"excerpt":{"rendered":"<p>Her anne \u00e7ocu\u011fu i\u00e7in endi\u015felenir. Ama Sara Harmon, kendi \u00e7ocu\u011fundan korkuyor&#8230; 17 ya\u015f\u0131ndaki Anna Shaw u\u00e7urumun kenar\u0131nda selfie \u00e7ekerken dengesini kaybedip d\u00fc\u015ferek hayat\u0131n\u0131 kaybeder. \u00d6lmeden \u00f6nce<span class=\"excerpt-hellip\"> [\u2026]<\/span><\/p>\n","protected":false},"featured_media":0,"template":"","meta":{"_monsterinsights_skip_tracking":false,"_monsterinsights_sitenote_active":false,"_monsterinsights_sitenote_note":"","_monsterinsights_sitenote_category":0},"product_brand":[],"product_cat":[12291,12711],"product_tag":[],"class_list":{"0":"post-768540","1":"product","2":"type-product","3":"status-publish","5":"product_cat-edebiyat","6":"product_cat-roman-oyku","7":"pa_cilt-ciltsiz","8":"pa_tur-kitap","9":"pa_yayinevi-eksik-parca-yayinlari","10":"pa_yazar-rick-mofina","12":"first","13":"instock","14":"sale","15":"shipping-taxable","16":"purchasable","17":"product-type-simple"},"_links":{"self":[{"href":"https:\/\/roveyayinevi.com.tr\/index.php\/wp-json\/wp\/v2\/product\/768540","targetHints":{"allow":["GET"]}}],"collection":[{"href":"https:\/\/roveyayinevi.com.tr\/index.php\/wp-json\/wp\/v2\/product"}],"about":[{"href":"https:\/\/roveyayinevi.com.tr\/index.php\/wp-json\/wp\/v2\/types\/product"}],"wp:attachment":[{"href":"https:\/\/roveyayinevi.com.tr\/index.php\/wp-json\/wp\/v2\/media?parent=768540"}],"wp:term":[{"taxonomy":"product_brand","embeddable":true,"href":"https:\/\/roveyayinevi.com.tr\/index.php\/wp-json\/wp\/v2\/product_brand?post=768540"},{"taxonomy":"product_cat","embeddable":true,"href":"https:\/\/roveyayinevi.com.tr\/index.php\/wp-json\/wp\/v2\/product_cat?post=768540"},{"taxonomy":"product_tag","embeddable":true,"href":"https:\/\/roveyayinevi.com.tr\/index.php\/wp-json\/wp\/v2\/product_tag?post=768540"}],"curies":[{"name":"wp","href":"https:\/\/api.w.org\/{rel}","templated":true}]}}