{"id":768525,"date":"2025-08-28T13:23:53","date_gmt":"2025-08-28T10:23:53","guid":{"rendered":"https:\/\/roveyayinevi.com.tr\/index.php\/urun\/kozmik-ritim-ahenk\/"},"modified":"2026-04-12T03:26:11","modified_gmt":"2026-04-12T00:26:11","slug":"kozmik-ritim-ahenk","status":"publish","type":"product","link":"https:\/\/roveyayinevi.com.tr\/index.php\/urun\/kozmik-ritim-ahenk\/","title":{"rendered":"Kozmik Ritim &#8211; Ahenk"},"content":{"rendered":"<p>\u201cHAYAT, \u00c7E\u015e\u0130TL\u0130 SEMBOLLER\u0130 KULLANARAK MATEMAT\u0130KSEL B\u0130R D\u0130LLE YAZILAN K\u0130TAP G\u0130B\u0130D\u0130R. OKUYUP ANLADIK\u00c7A, K\u00c2\u0130NATIN KURULU B\u0130R D\u00dcZEN \u0130\u00c7ER\u0130S\u0130NDE, \u00c2HENKLE DANS ETT\u0130\u011e\u0130N\u0130 G\u00d6R\u00dcR\u00dcZ.\u201d   Hayat\u0131n, basit gibi g\u00f6r\u00fcnen derin  bir sorusu vard\u0131r: \u201cBu d\u00fcnyadaki amac\u0131n ne?\u201d Bu derin soru, seni varl\u0131\u011f\u0131n\u0131n anlam\u0131n\u0131 ke\u015ffetmeye \u00e7a\u011f\u0131r\u0131r. \u0130\u00e7indeki sakl\u0131 potansiyeli uyand\u0131rmak, ya\u015fam\u0131na sa\u011fl\u0131k, denge ve anlam katman\u0131n anahtar\u0131d\u0131r. Elindeki kitap, bu yolculukta rehberin olacak. Kim olursan ol; ister b ir \u00f6\u011frenci, ister yo\u011fun bir \u00e7al\u0131\u015fan ya da hayat\u0131nda yeni bir sayfa a\u00e7mak isteyen bir ki\u015fi&#8230; Bu kitap, sana kendi enerji merkezlerini tan\u0131ma ve ya\u015fam\u0131na yepyeni bir bak\u0131\u015f a\u00e7\u0131s\u0131yla yakla\u015fma f\u0131rsat\u0131 sunuyor. Her sayfa, seni hayat\u0131na yepyeni bir g\u00f6zle bakmaya, i\u00e7sel g\u00fcc\u00fcn\u00fc uyand\u0131rmaya davet ediyor. Kendi melodini yaratmaya, hayat\u0131n \u00e2hengini bulmaya ve bu evrensel dansa kat\u0131lmaya haz\u0131r m\u0131s\u0131n? <\/p>\n","protected":false},"excerpt":{"rendered":"<p>\u201cHAYAT, \u00c7E\u015e\u0130TL\u0130 SEMBOLLER\u0130 KULLANARAK MATEMAT\u0130KSEL B\u0130R D\u0130LLE YAZILAN K\u0130TAP G\u0130B\u0130D\u0130R. OKUYUP ANLADIK\u00c7A, K\u00c2\u0130NATIN KURULU B\u0130R D\u00dcZEN \u0130\u00c7ER\u0130S\u0130NDE, \u00c2HENKLE DANS ETT\u0130\u011e\u0130N\u0130 G\u00d6R\u00dcR\u00dcZ.\u201d Hayat\u0131n, basit gibi g\u00f6r\u00fcnen derin<span class=\"excerpt-hellip\"> [\u2026]<\/span><\/p>\n","protected":false},"featured_media":0,"template":"","meta":{"_monsterinsights_skip_tracking":false,"_monsterinsights_sitenote_active":false,"_monsterinsights_sitenote_note":"","_monsterinsights_sitenote_category":0},"product_brand":[],"product_cat":[12364,12376],"product_tag":[],"class_list":{"0":"post-768525","1":"product","2":"type-product","3":"status-publish","5":"product_cat-genel-konular","6":"product_cat-kisisel-gelisim","7":"pa_cilt-ciltsiz","8":"pa_tur-kitap","9":"pa_yayinevi-destek-yayinlari","10":"pa_yazar-unal-guner","12":"first","13":"instock","14":"sale","15":"shipping-taxable","16":"purchasable","17":"product-type-simple"},"_links":{"self":[{"href":"https:\/\/roveyayinevi.com.tr\/index.php\/wp-json\/wp\/v2\/product\/768525","targetHints":{"allow":["GET"]}}],"collection":[{"href":"https:\/\/roveyayinevi.com.tr\/index.php\/wp-json\/wp\/v2\/product"}],"about":[{"href":"https:\/\/roveyayinevi.com.tr\/index.php\/wp-json\/wp\/v2\/types\/product"}],"wp:attachment":[{"href":"https:\/\/roveyayinevi.com.tr\/index.php\/wp-json\/wp\/v2\/media?parent=768525"}],"wp:term":[{"taxonomy":"product_brand","embeddable":true,"href":"https:\/\/roveyayinevi.com.tr\/index.php\/wp-json\/wp\/v2\/product_brand?post=768525"},{"taxonomy":"product_cat","embeddable":true,"href":"https:\/\/roveyayinevi.com.tr\/index.php\/wp-json\/wp\/v2\/product_cat?post=768525"},{"taxonomy":"product_tag","embeddable":true,"href":"https:\/\/roveyayinevi.com.tr\/index.php\/wp-json\/wp\/v2\/product_tag?post=768525"}],"curies":[{"name":"wp","href":"https:\/\/api.w.org\/{rel}","templated":true}]}}