{"id":768489,"date":"2025-08-28T13:22:37","date_gmt":"2025-08-28T10:22:37","guid":{"rendered":"https:\/\/roveyayinevi.com.tr\/index.php\/urun\/ibranice-sozluk\/"},"modified":"2026-04-15T03:34:10","modified_gmt":"2026-04-15T00:34:10","slug":"ibranice-sozluk","status":"publish","type":"product","link":"https:\/\/roveyayinevi.com.tr\/index.php\/urun\/ibranice-sozluk\/","title":{"rendered":"\u0130branice S\u00f6zl\u00fck"},"content":{"rendered":"<p>\u0130branice S\u00f6zl\u00fck &#8211; Orta ve \u0130leri Seviye, \u0130branice \u00f6\u011frenenler i\u00e7in \u00f6zel olarak tasarlanm\u0131\u015f, i\u00e7erdi\u011fi kelimeleri bu ama\u00e7 i\u00e7in \u00f6zenle se\u00e7ilmi\u015f bir s\u00f6zl\u00fckt\u00fcr. \u0130branice S\u00f6zl\u00fck &#8211; Orta ve \u0130leri Seviye, \u0130branice \u00f6\u011frenirken \u00f6\u011frenciye azam\u00ee kolayl\u0131k ve esneklik sa\u011flamak \u00fczere haz\u0131rlanm\u0131\u015ft\u0131r; t\u00fcm isimlerin eril ve tekil olu\u015flar\u0131 ve t\u00fcm s\u0131fatlar\u0131n tekil\/\u00e7o\u011ful ve eril\/di\u015fil halleri bu \u0130branice S\u00f6zl\u00fck&#8217;te mevcuttur.  Ayn\u0131 \u015fekilde, t\u00fcm fiillerin hem geleneksel y\u00f6ntem olan k\u00f6klerine g\u00f6re dizilimi hem de modern y\u00f6ntem olan mastar hallerine g\u00f6re dizilimi verilmi\u015ftir.  \u0130branice S\u00f6zl\u00fck&#8217;te ayr\u0131ca, her fiil i\u00e7in fiil \u00e7at\u0131s\u0131 bilgisi de verilmi\u015ftir. \u0130branice S\u00f6zl\u00fck, orta ve ileri seviyedeki bir \u0130branice \u00f6\u011frencisinin kar\u015f\u0131la\u015fabilece\u011fi en yayg\u0131n kelimeleri i\u00e7erir. T\u00fcm \u0130branice kelimeler k\u00f6klerin tan\u0131mlar\u0131, varsa eril\/di\u015fil ve tekil\/\u00e7o\u011ful \u00e7ekimleri ve T\u00fcrk\u00e7e okunu\u015fu ile birlikte sunulmaktad\u0131r. Gerekli noktalarda anlam\u0131 daha a\u00e7\u0131k hale getirmek i\u00e7in belirli dilbilgisi kurallar\u0131yla ilgili \u00f6rnekler eklenmi\u015ftir. Tamam\u0131 T\u00fcrk\u00e7e Okunu\u015flu Kolay telaffuz i\u00e7in T\u00fcrk\u00e7e okunu\u015f deste\u011fi \u00d6\u011frenci odakl\u0131 yakla\u015f\u0131m \u0130sim ve s\u0131fatlar\u0131n eril\/di\u015fil ve tekil\/\u00e7o\u011ful halleri Referans tablolar\u0131 Kitab\u0131n sonunda edat tablolar\u0131 ile zengin referans kayna\u011f\u0131 Fiillerin geleneksel ve modern dizimi &amp; Fiillerin fiil \u00e7at\u0131s\u0131 bilgisi <\/p>\n","protected":false},"excerpt":{"rendered":"<p>\u0130branice S\u00f6zl\u00fck &#8211; Orta ve \u0130leri Seviye, \u0130branice \u00f6\u011frenenler i\u00e7in \u00f6zel olarak tasarlanm\u0131\u015f, i\u00e7erdi\u011fi kelimeleri bu ama\u00e7 i\u00e7in \u00f6zenle se\u00e7ilmi\u015f bir s\u00f6zl\u00fckt\u00fcr. \u0130branice S\u00f6zl\u00fck &#8211; Orta<span class=\"excerpt-hellip\"> [\u2026]<\/span><\/p>\n","protected":false},"featured_media":0,"template":"","meta":{"_monsterinsights_skip_tracking":false,"_monsterinsights_sitenote_active":false,"_monsterinsights_sitenote_note":"","_monsterinsights_sitenote_category":0},"product_brand":[],"product_cat":[12566,13611],"product_tag":[],"class_list":{"0":"post-768489","1":"product","2":"type-product","3":"status-publish","5":"product_cat-egitim","6":"product_cat-sozlukler-ve-konusma-kilavuzlari","7":"pa_cilt-ciltsiz","8":"pa_tur-kitap","9":"pa_yayinevi-astana-yayinlari","10":"pa_yazar-ahmet-murat-taser","12":"first","13":"instock","14":"sale","15":"shipping-taxable","16":"purchasable","17":"product-type-simple"},"_links":{"self":[{"href":"https:\/\/roveyayinevi.com.tr\/index.php\/wp-json\/wp\/v2\/product\/768489","targetHints":{"allow":["GET"]}}],"collection":[{"href":"https:\/\/roveyayinevi.com.tr\/index.php\/wp-json\/wp\/v2\/product"}],"about":[{"href":"https:\/\/roveyayinevi.com.tr\/index.php\/wp-json\/wp\/v2\/types\/product"}],"wp:attachment":[{"href":"https:\/\/roveyayinevi.com.tr\/index.php\/wp-json\/wp\/v2\/media?parent=768489"}],"wp:term":[{"taxonomy":"product_brand","embeddable":true,"href":"https:\/\/roveyayinevi.com.tr\/index.php\/wp-json\/wp\/v2\/product_brand?post=768489"},{"taxonomy":"product_cat","embeddable":true,"href":"https:\/\/roveyayinevi.com.tr\/index.php\/wp-json\/wp\/v2\/product_cat?post=768489"},{"taxonomy":"product_tag","embeddable":true,"href":"https:\/\/roveyayinevi.com.tr\/index.php\/wp-json\/wp\/v2\/product_tag?post=768489"}],"curies":[{"name":"wp","href":"https:\/\/api.w.org\/{rel}","templated":true}]}}