{"id":768481,"date":"2025-08-28T13:22:26","date_gmt":"2025-08-28T10:22:26","guid":{"rendered":"https:\/\/roveyayinevi.com.tr\/index.php\/urun\/ben-bir-sosyopatim\/"},"modified":"2026-04-15T03:34:10","modified_gmt":"2026-04-15T00:34:10","slug":"ben-bir-sosyopatim","status":"publish","type":"product","link":"https:\/\/roveyayinevi.com.tr\/index.php\/urun\/ben-bir-sosyopatim\/","title":{"rendered":"Ben Bir Sosyopat\u0131m"},"content":{"rendered":"<p>Sosyopatlar\u0131n topluma uyum sa\u011flamalar\u0131n\u0131n bir yolu var m\u0131? Patric Gagne, anaokuluna ba\u015flamadan \u00f6nce \u00e7evresindekilere rahats\u0131zl\u0131k verdi\u011fini fark etti. Di\u011fer \u00e7ocuklar gibi de\u011fildi; korku, su\u00e7luluk ve empati gibi duygulardan yoksundu. \u00c7o\u011funlukla hi\u00e7bir \u015fey hissetmiyordu. Topluma uyum sa\u011flamak i\u00e7in \u00e7abalasa da zorlan\u0131yor, bu y\u00fczden s\u0131k s\u0131k yalan s\u00f6yl\u00fcyor ve hatta \u015fiddete bile ba\u015fvuruyordu. T\u00fcm bunlar\u0131n amac\u0131 hi\u00e7li\u011fin yerine bir \u015fey koymakt\u0131. \u00dcniversiteye gitti\u011finde Patric uzun zamand\u0131r \u015f\u00fcphelendi\u011fi \u015feyi do\u011frulad\u0131: O bir sosyopatt\u0131. Ne var ki 200 y\u0131ldan uzun bir s\u00fcre \u00f6nce tan\u0131mlanan ilk ki\u015filik bozuklu\u011fu olmas\u0131na ra\u011fmen sosyopati, ruh sa\u011fl\u0131\u011f\u0131 uzmanlar\u0131 taraf\u0131ndan y\u0131llarca ihmal edilmi\u015fti. Sosyopatlar, pop\u00fcler k\u00fclt\u00fcrde \u201ccanavar\u201d, \u201cdeli\u201d, \u201ckorkun\u00e7\u201d gibi etiketlerle damgalan\u0131yordu. Patric i\u00e7in hi\u00e7 umut yok gibiydi. Ancak o, hastal\u0131\u011f\u0131n\u0131n nedenlerini anlamak i\u00e7in y\u0131llarca psikoloji \u00fczerine ara\u015ft\u0131rmalar yaparak sosyopati alan\u0131nda uzmanla\u015ft\u0131. Ve sevginin hayat\u0131nda a\u00e7abilece\u011fi yeni kap\u0131lar onun o kadar da umutsuz bir vaka olmad\u0131\u011f\u0131n\u0131 g\u00f6sterecekti. Bu kitap, bir sosyopat\u0131n kaderini de\u011fi\u015ftirme yolculu\u011funun, sevgi ve umut dolu bir hayat kurmay\u0131 nas\u0131l ba\u015fard\u0131\u011f\u0131n\u0131n ilham verici hik\u00e2yesi. <\/p>\n","protected":false},"excerpt":{"rendered":"<p>Sosyopatlar\u0131n topluma uyum sa\u011flamalar\u0131n\u0131n bir yolu var m\u0131? Patric Gagne, anaokuluna ba\u015flamadan \u00f6nce \u00e7evresindekilere rahats\u0131zl\u0131k verdi\u011fini fark etti. Di\u011fer \u00e7ocuklar gibi de\u011fildi; korku, su\u00e7luluk ve empati<span class=\"excerpt-hellip\"> [\u2026]<\/span><\/p>\n","protected":false},"featured_media":0,"template":"","meta":{"_monsterinsights_skip_tracking":false,"_monsterinsights_sitenote_active":false,"_monsterinsights_sitenote_note":"","_monsterinsights_sitenote_category":0},"product_brand":[],"product_cat":[12679,12357],"product_tag":[],"class_list":{"0":"post-768481","1":"product","2":"type-product","3":"status-publish","5":"product_cat-cocuk-psikolojisi","6":"product_cat-psikoloji","7":"pa_cilt-ciltsiz","8":"pa_tur-kitap","9":"pa_yayinevi-say-yayinlari","10":"pa_yazar-patric-gagne","12":"first","13":"instock","14":"sale","15":"shipping-taxable","16":"purchasable","17":"product-type-simple"},"_links":{"self":[{"href":"https:\/\/roveyayinevi.com.tr\/index.php\/wp-json\/wp\/v2\/product\/768481","targetHints":{"allow":["GET"]}}],"collection":[{"href":"https:\/\/roveyayinevi.com.tr\/index.php\/wp-json\/wp\/v2\/product"}],"about":[{"href":"https:\/\/roveyayinevi.com.tr\/index.php\/wp-json\/wp\/v2\/types\/product"}],"wp:attachment":[{"href":"https:\/\/roveyayinevi.com.tr\/index.php\/wp-json\/wp\/v2\/media?parent=768481"}],"wp:term":[{"taxonomy":"product_brand","embeddable":true,"href":"https:\/\/roveyayinevi.com.tr\/index.php\/wp-json\/wp\/v2\/product_brand?post=768481"},{"taxonomy":"product_cat","embeddable":true,"href":"https:\/\/roveyayinevi.com.tr\/index.php\/wp-json\/wp\/v2\/product_cat?post=768481"},{"taxonomy":"product_tag","embeddable":true,"href":"https:\/\/roveyayinevi.com.tr\/index.php\/wp-json\/wp\/v2\/product_tag?post=768481"}],"curies":[{"name":"wp","href":"https:\/\/api.w.org\/{rel}","templated":true}]}}