{"id":768457,"date":"2025-08-28T13:21:45","date_gmt":"2025-08-28T10:21:45","guid":{"rendered":"https:\/\/roveyayinevi.com.tr\/index.php\/urun\/asansorle-antik-yunana-yolculuk\/"},"modified":"2026-04-15T03:34:09","modified_gmt":"2026-04-15T00:34:09","slug":"asansorle-antik-yunana-yolculuk","status":"publish","type":"product","link":"https:\/\/roveyayinevi.com.tr\/index.php\/urun\/asansorle-antik-yunana-yolculuk\/","title":{"rendered":"Asans\u00f6rle Antik Yunan&#8217;a Yolculuk"},"content":{"rendered":"<p>\u0130ki yabanc\u0131 bir asans\u00f6rde mahsur kal\u0131r. Biri arkeologdur. Ne i\u015f yap\u0131yorsun? sorusuyla asans\u00f6rde Antik Yunan\u2019\u0131n b\u00fcy\u00fcleyici d\u00fcnyas\u0131na yolculuk ba\u015flar.   Arkeolog Theodore Papakostas bizi, ilk \u00e7a\u011flardan ba\u015flayarak Antik Yunanistan\u2019da e\u011flenceli bir yolculu\u011fa \u00e7\u0131kar\u0131yor. Asans\u00f6rde mahsur kalan iki ki\u015finin diyaloglar\u0131ndan olu\u015fan bu kitap, salt bilgiyi g\u00fcndelik hayata uyarlayarak Antik Yunanistan\u2019da ya\u015fam\u0131\u015f hem \u00f6nemli hem de s\u0131radan insanlar\u0131n hik\u00e2yeleriyle tarihi e\u011flenceli h\u00e2le getiriyor.   Yolculuk boyunca, daha \u00f6nce akl\u0131n\u0131za hi\u00e7 gelmeyen sorular\u0131n yan\u0131tlar\u0131n\u0131 bulabilirsiniz: Bir Minos prensesi M\u0131s\u0131r\u2019a giderken yan\u0131na ne alm\u0131\u015ft\u0131? M\u00fcstehcen bir dans, demokrasinin do\u011fu\u015funa nas\u0131l yol a\u00e7t\u0131? Herakleitos neden Homeros\u2019un tokatlanmas\u0131n\u0131 \u00f6nerdi?   Daha \u00f6nce Antik Yunan\u2019\u0131 okurken bu kadar e\u011flenmedi\u011finizi fark edeceksiniz. <\/p>\n","protected":false},"excerpt":{"rendered":"<p>\u0130ki yabanc\u0131 bir asans\u00f6rde mahsur kal\u0131r. Biri arkeologdur. Ne i\u015f yap\u0131yorsun? sorusuyla asans\u00f6rde Antik Yunan\u2019\u0131n b\u00fcy\u00fcleyici d\u00fcnyas\u0131na yolculuk ba\u015flar. Arkeolog Theodore Papakostas bizi, ilk \u00e7a\u011flardan ba\u015flayarak<span class=\"excerpt-hellip\"> [\u2026]<\/span><\/p>\n","protected":false},"featured_media":0,"template":"","meta":{"_monsterinsights_skip_tracking":false,"_monsterinsights_sitenote_active":false,"_monsterinsights_sitenote_note":"","_monsterinsights_sitenote_category":0},"product_brand":[],"product_cat":[12312,12304],"product_tag":[],"class_list":{"0":"post-768457","1":"product","2":"type-product","3":"status-publish","5":"product_cat-diger","6":"product_cat-tarih","7":"pa_cilt-ciltsiz","8":"pa_tur-kitap","9":"pa_yayinevi-mona-kitap","10":"pa_yazar-theodore-papakostas","12":"first","13":"instock","14":"sale","15":"shipping-taxable","16":"purchasable","17":"product-type-simple"},"_links":{"self":[{"href":"https:\/\/roveyayinevi.com.tr\/index.php\/wp-json\/wp\/v2\/product\/768457","targetHints":{"allow":["GET"]}}],"collection":[{"href":"https:\/\/roveyayinevi.com.tr\/index.php\/wp-json\/wp\/v2\/product"}],"about":[{"href":"https:\/\/roveyayinevi.com.tr\/index.php\/wp-json\/wp\/v2\/types\/product"}],"wp:attachment":[{"href":"https:\/\/roveyayinevi.com.tr\/index.php\/wp-json\/wp\/v2\/media?parent=768457"}],"wp:term":[{"taxonomy":"product_brand","embeddable":true,"href":"https:\/\/roveyayinevi.com.tr\/index.php\/wp-json\/wp\/v2\/product_brand?post=768457"},{"taxonomy":"product_cat","embeddable":true,"href":"https:\/\/roveyayinevi.com.tr\/index.php\/wp-json\/wp\/v2\/product_cat?post=768457"},{"taxonomy":"product_tag","embeddable":true,"href":"https:\/\/roveyayinevi.com.tr\/index.php\/wp-json\/wp\/v2\/product_tag?post=768457"}],"curies":[{"name":"wp","href":"https:\/\/api.w.org\/{rel}","templated":true}]}}