{"id":768455,"date":"2025-08-28T13:21:42","date_gmt":"2025-08-28T10:21:42","guid":{"rendered":"https:\/\/roveyayinevi.com.tr\/index.php\/urun\/ermenicilik-tezgahini-anlamak\/"},"modified":"2026-04-15T03:34:09","modified_gmt":"2026-04-15T00:34:09","slug":"ermenicilik-tezgahini-anlamak","status":"publish","type":"product","link":"https:\/\/roveyayinevi.com.tr\/index.php\/urun\/ermenicilik-tezgahini-anlamak\/","title":{"rendered":"Ermenicilik Tezgah\u0131n\u0131 Anlamak"},"content":{"rendered":"<p>Ermenicilik konusu uzun y\u0131llarad\u0131r T\u00fcrk milletini me\u015fgul eden uluslararas\u0131 siyasetin bir konusudur. \u00d6zellikle ba\u015fta Amerika olmak \u00fczere bir\u00e7ok bat\u0131l\u0131 devlet, T\u00fcrk devletini \u00e7\u00f6kertmek ve T\u00fcrk milletini peri\u015fan etmek i\u00e7in, i\u015flemedi\u011fimiz k\u00f6t\u00fcl\u00fckleri bize y\u00fckleyerek Ermenileri soyk\u0131r\u0131ma u\u011fratt\u0131\u011f\u0131m\u0131z\u0131, onlara b\u00fcy\u00fck haks\u0131zl\u0131klar yapt\u0131\u011f\u0131m\u0131z\u0131 iddia ediyorlar. Kanunlar \u00e7\u0131kar\u0131p kararlar al\u0131yorlar, bize yapt\u0131r\u0131m uygulamaya, bizi cezaland\u0131rmaya \u00e7al\u0131\u015f\u0131yorlar. Ben bu itab\u0131mda Ermenicilik konusunun asl\u0131 astar\u0131 olmayan, tamamen bir tezg\u00e2h oldu\u011funu ortaya koyuyorum. <\/p>\n","protected":false},"excerpt":{"rendered":"<p>Ermenicilik konusu uzun y\u0131llarad\u0131r T\u00fcrk milletini me\u015fgul eden uluslararas\u0131 siyasetin bir konusudur. \u00d6zellikle ba\u015fta Amerika olmak \u00fczere bir\u00e7ok bat\u0131l\u0131 devlet, T\u00fcrk devletini \u00e7\u00f6kertmek ve T\u00fcrk milletini<span class=\"excerpt-hellip\"> [\u2026]<\/span><\/p>\n","protected":false},"featured_media":0,"template":"","meta":{"_monsterinsights_skip_tracking":false,"_monsterinsights_sitenote_active":false,"_monsterinsights_sitenote_note":"","_monsterinsights_sitenote_category":0},"product_brand":[],"product_cat":[13590,12337],"product_tag":[],"class_list":{"0":"post-768455","1":"product","2":"type-product","3":"status-publish","5":"product_cat-arastirma-inceleme-politika-siyaset","6":"product_cat-politika-siyaset","7":"pa_cilt-ciltsiz","8":"pa_tur-kitap","9":"pa_yayinevi-kamutay-yayinlari","10":"pa_yazar-prof-dr-nurullah-cetin","12":"first","13":"instock","14":"sale","15":"shipping-taxable","16":"purchasable","17":"product-type-simple"},"_links":{"self":[{"href":"https:\/\/roveyayinevi.com.tr\/index.php\/wp-json\/wp\/v2\/product\/768455","targetHints":{"allow":["GET"]}}],"collection":[{"href":"https:\/\/roveyayinevi.com.tr\/index.php\/wp-json\/wp\/v2\/product"}],"about":[{"href":"https:\/\/roveyayinevi.com.tr\/index.php\/wp-json\/wp\/v2\/types\/product"}],"wp:attachment":[{"href":"https:\/\/roveyayinevi.com.tr\/index.php\/wp-json\/wp\/v2\/media?parent=768455"}],"wp:term":[{"taxonomy":"product_brand","embeddable":true,"href":"https:\/\/roveyayinevi.com.tr\/index.php\/wp-json\/wp\/v2\/product_brand?post=768455"},{"taxonomy":"product_cat","embeddable":true,"href":"https:\/\/roveyayinevi.com.tr\/index.php\/wp-json\/wp\/v2\/product_cat?post=768455"},{"taxonomy":"product_tag","embeddable":true,"href":"https:\/\/roveyayinevi.com.tr\/index.php\/wp-json\/wp\/v2\/product_tag?post=768455"}],"curies":[{"name":"wp","href":"https:\/\/api.w.org\/{rel}","templated":true}]}}