{"id":768453,"date":"2025-08-28T13:21:38","date_gmt":"2025-08-28T10:21:38","guid":{"rendered":"https:\/\/roveyayinevi.com.tr\/index.php\/urun\/dusmus-sevdalar\/"},"modified":"2026-04-15T03:34:09","modified_gmt":"2026-04-15T00:34:09","slug":"dusmus-sevdalar","status":"publish","type":"product","link":"https:\/\/roveyayinevi.com.tr\/index.php\/urun\/dusmus-sevdalar\/","title":{"rendered":"D\u00fc\u015fm\u00fc\u015f Sevdalar"},"content":{"rendered":"<p>1979 y\u0131l\u0131n\u0131n aral\u0131k ay\u0131n\u0131n ya\u011fmurlu bir per\u015fembesinde yasakl\u0131 g\u00fcnlerde Adana\u2019da d\u00fcnyaya geldi. O zamandan beri yasaklarla aras\u0131 iyi olmad\u0131. Belki de oradan geliyordur i\u00e7e vurumculu\u011fu. Asl\u0131nda hep yaln\u0131z de\u011fildi. A\u015fk\u0131, dolu dolu ya\u015famay\u0131 sevdi. Fakat oldum olas\u0131 israf\u0131 sevemedi, a\u015fklar\u0131n\u0131 ve sevgilerini payla\u015f\u0131rken, tasarrufuna hep yaln\u0131zl\u0131k kald\u0131. \u201cZaten i\u00e7indeki \u00e7ocukta yaln\u0131z de\u011fil miydi?\u201d Avuntu, her i\u00e7i yand\u0131\u011f\u0131nda bu avuntusuna ko\u015fuyordu. Y\u0131llarca her ya\u015fad\u0131\u011f\u0131ndan bir yaln\u0131zl\u0131k biriktirdi. Sonra ba\u015fka insanlar\u0131n da yaln\u0131zl\u0131k avuntusunu hissetti. Herkes a\u015fk \u00fczerine yazarken, g\u00f6rd\u00fc ki d\u00fcnya kalabal\u0131k yaln\u0131zl\u0131klar ta\u015f\u0131yor kalbinde. Oda yaln\u0131zl\u0131klara sallad\u0131 kalemini. \u0130\u00e7indeki \u00e7ocu\u011fun, i\u00e7inde ba\u015fka \u00e7ocuklar\u0131 avutan insanlarla bulu\u015fmas\u0131 i\u00e7in yaln\u0131zl\u0131klar\u0131 yazd\u0131. <\/p>\n","protected":false},"excerpt":{"rendered":"<p>1979 y\u0131l\u0131n\u0131n aral\u0131k ay\u0131n\u0131n ya\u011fmurlu bir per\u015fembesinde yasakl\u0131 g\u00fcnlerde Adana\u2019da d\u00fcnyaya geldi. O zamandan beri yasaklarla aras\u0131 iyi olmad\u0131. Belki de oradan geliyordur i\u00e7e vurumculu\u011fu. Asl\u0131nda<span class=\"excerpt-hellip\"> [\u2026]<\/span><\/p>\n","protected":false},"featured_media":0,"template":"","meta":{"_monsterinsights_skip_tracking":false,"_monsterinsights_sitenote_active":false,"_monsterinsights_sitenote_note":"","_monsterinsights_sitenote_category":0},"product_brand":[],"product_cat":[12291,12509],"product_tag":[],"class_list":{"0":"post-768453","1":"product","2":"type-product","3":"status-publish","5":"product_cat-edebiyat","6":"product_cat-siir","7":"pa_cilt-ciltsiz","8":"pa_tur-kitap","9":"pa_yayinevi-kamutay-yayinlari","10":"pa_yazar-tuna-genc","12":"first","13":"instock","14":"sale","15":"shipping-taxable","16":"purchasable","17":"product-type-simple"},"_links":{"self":[{"href":"https:\/\/roveyayinevi.com.tr\/index.php\/wp-json\/wp\/v2\/product\/768453","targetHints":{"allow":["GET"]}}],"collection":[{"href":"https:\/\/roveyayinevi.com.tr\/index.php\/wp-json\/wp\/v2\/product"}],"about":[{"href":"https:\/\/roveyayinevi.com.tr\/index.php\/wp-json\/wp\/v2\/types\/product"}],"wp:attachment":[{"href":"https:\/\/roveyayinevi.com.tr\/index.php\/wp-json\/wp\/v2\/media?parent=768453"}],"wp:term":[{"taxonomy":"product_brand","embeddable":true,"href":"https:\/\/roveyayinevi.com.tr\/index.php\/wp-json\/wp\/v2\/product_brand?post=768453"},{"taxonomy":"product_cat","embeddable":true,"href":"https:\/\/roveyayinevi.com.tr\/index.php\/wp-json\/wp\/v2\/product_cat?post=768453"},{"taxonomy":"product_tag","embeddable":true,"href":"https:\/\/roveyayinevi.com.tr\/index.php\/wp-json\/wp\/v2\/product_tag?post=768453"}],"curies":[{"name":"wp","href":"https:\/\/api.w.org\/{rel}","templated":true}]}}