{"id":768430,"date":"2025-08-28T13:20:55","date_gmt":"2025-08-28T10:20:55","guid":{"rendered":"https:\/\/roveyayinevi.com.tr\/index.php\/urun\/bir-yazariniz-olmali-2\/"},"modified":"2026-04-15T03:34:09","modified_gmt":"2026-04-15T00:34:09","slug":"bir-yazariniz-olmali-2","status":"publish","type":"product","link":"https:\/\/roveyayinevi.com.tr\/index.php\/urun\/bir-yazariniz-olmali-2\/","title":{"rendered":"Bir Yazar\u0131n\u0131z Olmal\u0131 &#8211; 2"},"content":{"rendered":"<p>Yaz\u0131sal Portreler Yans\u0131malar\/Kar\u015f\u0131la\u015fmalar   Her okurun bir yazar\u0131 olmal\u0131 d\u00fc\u015f\u00fcncesinden yola \u00e7\u0131k\u0131larak haz\u0131rland\u0131 bu kitap dizisi. T\u00fcrk edebiyat\u0131yla d\u00fcnya edebiyat\u0131n\u0131n okurunu bulan yazarlar\u0131na d\u00f6n\u00fck birer yaz\u0131nsal portre denemesi\u2026 Bir yan\u0131yla modern edebiyat\u0131n olu\u015fumunda iz b\u0131rakan yazarlar\u0131n edebi yolculuklar\u0131na d\u00f6n\u00fck de\u011ferlendirmeleri i\u00e7eriyor, di\u011fer yan\u0131yla da okura \u201csizin de bir yazar\u0131n\u0131z olmal\u0131\u201d sorusunu sor duruyor. \u201c\u0130yi okur\u201dlu\u011fun \u00f6n\u00fcn\u00fc a\u00e7an mutlaka bir yazar vard\u0131r. Yaz\u0131da yolculu\u011fu se\u00e7en her ki\u015finin de bir yazara gitmesi, onu ke\u015ffetmesi, ondan el almas\u0131 ka\u00e7\u0131n\u0131lmaz. \u0130\u015fte elinizdeki bu iki kitapl\u0131k birikim Feridun Anda\u00e7\u2019\u0131n okura\/yazara\/yazar adaylar\u0131na \u00e7a\u011fr\u0131s\u0131d\u0131r: Bir Yazar\u0131n\u0131z Olmal\u0131. \u00c7a\u011f\u0131na \u00e7a\u011fda\u015fl\u0131k eden, yazd\u0131klar\u0131yla ya\u015fad\u0131klar\u0131 d\u00f6nemin insan ger\u00e7ekli\u011fini yans\u0131tan yazarlar\u0131n yaz\u0131\/ya\u015fam yolculuklar\u0131na bir bak\u0131\u015f\u0131 i\u00e7eriyor \u00e7izilen her bir portre. Ya\u015famla, yaz\u0131yla kar\u015f\u0131la\u015fmalar size kendi yazar\u0131n\u0131z\u0131 da ke\u015ffettirecek bir okuma yolculu\u011fudur ayn\u0131 zamanda.<\/p>\n","protected":false},"excerpt":{"rendered":"<p>Yaz\u0131sal Portreler Yans\u0131malar\/Kar\u015f\u0131la\u015fmalar Her okurun bir yazar\u0131 olmal\u0131 d\u00fc\u015f\u00fcncesinden yola \u00e7\u0131k\u0131larak haz\u0131rland\u0131 bu kitap dizisi. T\u00fcrk edebiyat\u0131yla d\u00fcnya edebiyat\u0131n\u0131n okurunu bulan yazarlar\u0131na d\u00f6n\u00fck birer yaz\u0131nsal portre<span class=\"excerpt-hellip\"> [\u2026]<\/span><\/p>\n","protected":false},"featured_media":0,"template":"","meta":{"_monsterinsights_skip_tracking":false,"_monsterinsights_sitenote_active":false,"_monsterinsights_sitenote_note":"","_monsterinsights_sitenote_category":0},"product_brand":[],"product_cat":[12777,12291],"product_tag":[],"class_list":{"0":"post-768430","1":"product","2":"type-product","3":"status-publish","5":"product_cat-deneme","6":"product_cat-edebiyat","7":"pa_cilt-ciltsiz","8":"pa_tur-kitap","9":"pa_yayinevi-butik-yayinlari","10":"pa_yazar-feridun-andac","12":"first","13":"instock","14":"sale","15":"shipping-taxable","16":"purchasable","17":"product-type-simple"},"_links":{"self":[{"href":"https:\/\/roveyayinevi.com.tr\/index.php\/wp-json\/wp\/v2\/product\/768430","targetHints":{"allow":["GET"]}}],"collection":[{"href":"https:\/\/roveyayinevi.com.tr\/index.php\/wp-json\/wp\/v2\/product"}],"about":[{"href":"https:\/\/roveyayinevi.com.tr\/index.php\/wp-json\/wp\/v2\/types\/product"}],"wp:attachment":[{"href":"https:\/\/roveyayinevi.com.tr\/index.php\/wp-json\/wp\/v2\/media?parent=768430"}],"wp:term":[{"taxonomy":"product_brand","embeddable":true,"href":"https:\/\/roveyayinevi.com.tr\/index.php\/wp-json\/wp\/v2\/product_brand?post=768430"},{"taxonomy":"product_cat","embeddable":true,"href":"https:\/\/roveyayinevi.com.tr\/index.php\/wp-json\/wp\/v2\/product_cat?post=768430"},{"taxonomy":"product_tag","embeddable":true,"href":"https:\/\/roveyayinevi.com.tr\/index.php\/wp-json\/wp\/v2\/product_tag?post=768430"}],"curies":[{"name":"wp","href":"https:\/\/api.w.org\/{rel}","templated":true}]}}

Bir Yazarınız Olmalı &#8211; 2

<p>Yazısal Portreler Yansımalar/Karşılaşmalar   Her okurun bir yazarı olmalı düşüncesinden yola çıkılarak hazırlandı bu kitap dizisi. Türk edebiyatıyla dünya edebiyatının okurunu bulan yazarlarına dönük birer yazınsal portre denemesi… Bir yanıyla modern edebiyatın oluşumunda iz bırakan yazarların edebi yolculuklarına dönük değerlendirmeleri içeriyor, diğer yanıyla da okura “sizin de bir yazarınız olmalı” sorusunu sor duruyor. “İyi okur”luğun önünü açan mutlaka bir yazar vardır. Yazıda yolculuğu seçen her kişinin de bir yazara gitmesi, onu keşfetmesi, ondan el alması kaçınılmaz. İşte elinizdeki bu iki kitaplık birikim Feridun Andaç’ın okura/yazara/yazar adaylarına çağrısıdır: Bir Yazarınız Olmalı. Çağına çağdaşlık eden, yazdıklarıyla yaşadıkları dönemin insan gerçekliğini yansıtan yazarların yazı/yaşam yolculuklarına bir bakışı içeriyor çizilen her bir portre. Yaşamla, yazıyla karşılaşmalar size kendi yazarınızı da keşfettirecek bir okuma yolculuğudur aynı zamanda.</p>

<p>Yazısal Portreler Yansımalar/Karşılaşmalar Her okurun bir yazarı olmalı düşüncesinden yola çıkılarak hazırlandı bu kitap dizisi. Türk edebiyatıyla dünya edebiyatının okurunu bulan yazarlarına dönük birer yazınsal portre<span class="excerpt-hellip"> […]</span></p>
