{"id":768420,"date":"2025-08-28T13:19:58","date_gmt":"2025-08-28T10:19:58","guid":{"rendered":"https:\/\/roveyayinevi.com.tr\/index.php\/urun\/genc-mungo\/"},"modified":"2026-04-15T03:34:08","modified_gmt":"2026-04-15T00:34:08","slug":"genc-mungo","status":"publish","type":"product","link":"https:\/\/roveyayinevi.com.tr\/index.php\/urun\/genc-mungo\/","title":{"rendered":"Gen\u00e7 Mungo"},"content":{"rendered":"<p>Mungo Hamilton ve James Jamieson, 1990\u2019lar\u0131n ba\u015f\u0131nda Glasgow\u2019un iki ayr\u0131 mahallesinde, i\u015f\u00e7i s\u0131n\u0131f\u0131 gen\u00e7lerinin mezhepsel \u00e7izgilerle b\u00f6l\u00fcnd\u00fc\u011f\u00fc ve itibarlar\u0131n\u0131 korumak i\u00e7in m\u00fccadeleler verdi\u011fi fazlas\u0131yla ma\u00e7o bir d\u00fcnyada ya\u015farlar. \u201cGer\u00e7ek\u201d birer erkek say\u0131labilmeleri i\u00e7in birbirlerinin ezel\u00ee d\u00fc\u015fman\u0131 olmalar\u0131 gereken bu iki gen\u00e7, James\u2019in in\u015fa etti\u011fi g\u00fcvercinli\u011fe s\u0131\u011f\u0131nd\u0131klar\u0131nda \u00e7ok iyi arkada\u015f olur, \u015fefkati ke\u015ffeder ve hi\u00e7 de misafirperver olmayan bu kur\u015funi \u015fehirden ka\u00e7man\u0131n hayalini kurarlar. Mungo ger\u00e7ek benli\u011fini etraf\u0131ndaki herkesten saklamak i\u00e7in b\u00fcy\u00fck u\u011fra\u015f vermek zorunda kalacakt\u0131r.   Karakterlerinin g\u00fcndelik hayatlar\u0131n\u0131 lirizmle zenginle\u015ftiren Douglas Stuart, bu roman\u0131nda dinsel ve cinsel tutuculu\u011fun insan\u0131 nerelere s\u00fcr\u00fckleyebilece\u011fini insanc\u0131l bir bak\u0131\u015f a\u00e7\u0131s\u0131yla yans\u0131t\u0131yor. S\u0131n\u0131fsal \u00f6zelliklerin de\u011fer yarg\u0131lar\u0131n\u0131 nas\u0131l etkiledi\u011fini, ki\u015filerin ya\u015fam\u0131n\u0131 nas\u0131l farkl\u0131 u\u00e7lara g\u00f6t\u00fcrd\u00fc\u011f\u00fcn\u00fc ak\u0131c\u0131 bir dille anlat\u0131yor.   Gen\u00e7 Mungo erkekli\u011fin anlam\u0131 ve birini sevmenin tehlikeleri hakk\u0131nda, romantizm ve \u015fiddet aras\u0131nda gidip gelen etkileyici bir roman. <\/p>\n","protected":false},"excerpt":{"rendered":"<p>Mungo Hamilton ve James Jamieson, 1990\u2019lar\u0131n ba\u015f\u0131nda Glasgow\u2019un iki ayr\u0131 mahallesinde, i\u015f\u00e7i s\u0131n\u0131f\u0131 gen\u00e7lerinin mezhepsel \u00e7izgilerle b\u00f6l\u00fcnd\u00fc\u011f\u00fc ve itibarlar\u0131n\u0131 korumak i\u00e7in m\u00fccadeleler verdi\u011fi fazlas\u0131yla ma\u00e7o bir<span class=\"excerpt-hellip\"> [\u2026]<\/span><\/p>\n","protected":false},"featured_media":0,"template":"","meta":{"_monsterinsights_skip_tracking":false,"_monsterinsights_sitenote_active":false,"_monsterinsights_sitenote_note":"","_monsterinsights_sitenote_category":0},"product_brand":[],"product_cat":[12291,12711],"product_tag":[],"class_list":{"0":"post-768420","1":"product","2":"type-product","3":"status-publish","5":"product_cat-edebiyat","6":"product_cat-roman-oyku","7":"pa_cilt-ciltsiz","8":"pa_tur-kitap","9":"pa_yayinevi-can-yayinlari","10":"pa_yazar-douglas-stuart","12":"first","13":"instock","14":"sale","15":"shipping-taxable","16":"purchasable","17":"product-type-simple"},"_links":{"self":[{"href":"https:\/\/roveyayinevi.com.tr\/index.php\/wp-json\/wp\/v2\/product\/768420","targetHints":{"allow":["GET"]}}],"collection":[{"href":"https:\/\/roveyayinevi.com.tr\/index.php\/wp-json\/wp\/v2\/product"}],"about":[{"href":"https:\/\/roveyayinevi.com.tr\/index.php\/wp-json\/wp\/v2\/types\/product"}],"wp:attachment":[{"href":"https:\/\/roveyayinevi.com.tr\/index.php\/wp-json\/wp\/v2\/media?parent=768420"}],"wp:term":[{"taxonomy":"product_brand","embeddable":true,"href":"https:\/\/roveyayinevi.com.tr\/index.php\/wp-json\/wp\/v2\/product_brand?post=768420"},{"taxonomy":"product_cat","embeddable":true,"href":"https:\/\/roveyayinevi.com.tr\/index.php\/wp-json\/wp\/v2\/product_cat?post=768420"},{"taxonomy":"product_tag","embeddable":true,"href":"https:\/\/roveyayinevi.com.tr\/index.php\/wp-json\/wp\/v2\/product_tag?post=768420"}],"curies":[{"name":"wp","href":"https:\/\/api.w.org\/{rel}","templated":true}]}}