{"id":768419,"date":"2025-08-28T13:19:55","date_gmt":"2025-08-28T10:19:55","guid":{"rendered":"https:\/\/roveyayinevi.com.tr\/index.php\/urun\/dort-islem\/"},"modified":"2026-04-15T03:34:08","modified_gmt":"2026-04-15T00:34:08","slug":"dort-islem","status":"publish","type":"product","link":"https:\/\/roveyayinevi.com.tr\/index.php\/urun\/dort-islem\/","title":{"rendered":"D\u00f6rt \u0130\u015flem"},"content":{"rendered":"<p>Hi\u00e7bir ba\u015far\u0131n\u0131n cezas\u0131z kalmad\u0131\u011f\u0131 bir \u00fclkede, yurduna ve diline hizmet etmenin bedelini 12 Mart zindanlar\u0131nda \u00f6deyen, \u201cUnutmamak gerekir ki, insan hapishanede de \u00f6zg\u00fcrd\u00fcr. \u00c7\u00fcnk\u00fc bir bak\u0131ma \u00f6zg\u00fcrl\u00fck insan\u0131n y\u00fcre\u011finde, ci\u011ferinde ve beynindedir. Bunlar olmad\u0131ktan sonra d\u0131\u015far\u0131da olmu\u015fsun ka\u00e7 para eder!&#8230;\u201d diyebilen bir ayd\u0131n\u0131n yaz\u0131lar\u0131. \u201c\u00dclkemi seviyorum, bayra\u011f\u0131m\u0131 seviyorum, bir evren tutsa\u011f\u0131y\u0131m ama kendi dilim var, onunla yaz\u0131yorum!\u201d dizeleriyle T\u00fcrk\u00e7eye sahip \u00e7\u0131kma bilincini aktaran bir ozan\u0131n sat\u0131rlar\u0131. B\u00fcy\u00fck \u015fair, usta yazar \u00d6zdemir \u0130nce olanca bilgeli\u011fiyle ve ozanca sabr\u0131yla do\u011fru bildiklerini D\u00f6rt \u0130\u015flem\u2019de vurgulamay\u0131 s\u00fcrd\u00fcr\u00fcyor. Doksan y\u0131ll\u0131k birikimini topluma aktarmaya devam ediyor, \u00e7\u00fcnk\u00fc o, Mustafa Kemal Atat\u00fcrk\u2019\u00fcn devrimi emanet etti\u011fi \u201cT\u00fcrk Gen\u00e7li\u011fi\u201dnin ya\u015fta ya da bedende de\u011fil, zihinde oldu\u011funun ayr\u0131m\u0131nda. Ayd\u0131n olma sorumlulu\u011funu duyumsayan, donan\u0131ml\u0131 bir entelekt\u00fcel olarak ya\u015fam\u0131n\u0131 adad\u0131\u011f\u0131 do\u011frular\u0131 kendine \u00f6zg\u00fc bi\u00e7emiyle hayk\u0131r\u0131yor. T\u0131pk\u0131 R\u0131fat Ilgaz\u2019\u0131n \u201cAyd\u0131n\u201d\u0131 tan\u0131mlarken dedi\u011fi gibi:Yollar kesilmi\u015f alanlar sar\u0131lm\u0131\u015fTel\u00f6rg\u00fcler \u00e7evirmi\u015f y\u00f6reniF\u0131r\u0131l f\u0131r\u0131l al\u0131c\u0131 ku\u015flar tependeBenden ge\u00e7ti mi demek istiyorsun?A\u00e7 iki kolunu iki yan\u0131naKorkuluk ol! T\u0131pk\u0131 y\u0131llar \u00f6nce kendisinin dedi\u011fi gibi:Ey o\u011ful bir g\u00fcn yaz\u0131c\u0131 olursanku\u015fkunun birikmenin ve beklemenin yaz\u0131c\u0131s\u0131sak\u0131n masal anlatma \u00fclkenin \u00e7ocuklar\u0131na Zaman ak\u0131p gitmekte da\u011f ta\u015f de\u011fi\u015fmektedirdemir paslanmakta temel \u00e7\u00fcr\u00fcmektediral kalemi bildi\u011fin en ger\u00e7ek s\u00f6z\u00fc yaz\u2026 <\/p>\n","protected":false},"excerpt":{"rendered":"<p>Hi\u00e7bir ba\u015far\u0131n\u0131n cezas\u0131z kalmad\u0131\u011f\u0131 bir \u00fclkede, yurduna ve diline hizmet etmenin bedelini 12 Mart zindanlar\u0131nda \u00f6deyen, \u201cUnutmamak gerekir ki, insan hapishanede de \u00f6zg\u00fcrd\u00fcr. \u00c7\u00fcnk\u00fc bir bak\u0131ma<span class=\"excerpt-hellip\"> [\u2026]<\/span><\/p>\n","protected":false},"featured_media":0,"template":"","meta":{"_monsterinsights_skip_tracking":false,"_monsterinsights_sitenote_active":false,"_monsterinsights_sitenote_note":"","_monsterinsights_sitenote_category":0},"product_brand":[],"product_cat":[12777,12291],"product_tag":[],"class_list":{"0":"post-768419","1":"product","2":"type-product","3":"status-publish","5":"product_cat-deneme","6":"product_cat-edebiyat","7":"pa_cilt-ciltsiz","8":"pa_tur-kitap","9":"pa_yayinevi-cumhuriyet-kitaplari","10":"pa_yazar-ozdemir-ince","12":"first","13":"instock","14":"sale","15":"shipping-taxable","16":"purchasable","17":"product-type-simple"},"_links":{"self":[{"href":"https:\/\/roveyayinevi.com.tr\/index.php\/wp-json\/wp\/v2\/product\/768419","targetHints":{"allow":["GET"]}}],"collection":[{"href":"https:\/\/roveyayinevi.com.tr\/index.php\/wp-json\/wp\/v2\/product"}],"about":[{"href":"https:\/\/roveyayinevi.com.tr\/index.php\/wp-json\/wp\/v2\/types\/product"}],"wp:attachment":[{"href":"https:\/\/roveyayinevi.com.tr\/index.php\/wp-json\/wp\/v2\/media?parent=768419"}],"wp:term":[{"taxonomy":"product_brand","embeddable":true,"href":"https:\/\/roveyayinevi.com.tr\/index.php\/wp-json\/wp\/v2\/product_brand?post=768419"},{"taxonomy":"product_cat","embeddable":true,"href":"https:\/\/roveyayinevi.com.tr\/index.php\/wp-json\/wp\/v2\/product_cat?post=768419"},{"taxonomy":"product_tag","embeddable":true,"href":"https:\/\/roveyayinevi.com.tr\/index.php\/wp-json\/wp\/v2\/product_tag?post=768419"}],"curies":[{"name":"wp","href":"https:\/\/api.w.org\/{rel}","templated":true}]}}