{"id":768406,"date":"2025-08-28T13:19:27","date_gmt":"2025-08-28T10:19:27","guid":{"rendered":"https:\/\/roveyayinevi.com.tr\/index.php\/urun\/miranin-kirmizi-defteri\/"},"modified":"2026-04-15T03:34:08","modified_gmt":"2026-04-15T00:34:08","slug":"miranin-kirmizi-defteri","status":"publish","type":"product","link":"https:\/\/roveyayinevi.com.tr\/index.php\/urun\/miranin-kirmizi-defteri\/","title":{"rendered":"Mira\u2019n\u0131n K\u0131rm\u0131z\u0131 Defteri"},"content":{"rendered":"<p>Ger\u00e7eklerin er ya da ge\u00e7 ortaya \u00e7\u0131kmak gibi k\u00f6t\u00fc bir huyu vard\u0131r.   Zeynep evlili\u011finin en zor karar\u0131n\u0131 vermeye \u00e7al\u0131\u015ft\u0131\u011f\u0131 s\u0131rada onu b\u00fcy\u00fcten anneannesi \u015eahika\u2019n\u0131n fel\u00e7 ge\u00e7irdi\u011fi ve durumunun kritik oldu\u011fu haberini al\u0131r ve apar topar New York\u2019tan T\u00fcrkiye\u2019ye gelir. Hastaneye vard\u0131\u011f\u0131nda ise \u015eahika\u2019n\u0131n, torunundan son bir iste\u011fi vard\u0131r: \u201cAnahtar\u201d\u0131 bulmas\u0131.   Zeynep hangi kilidi a\u00e7t\u0131\u011f\u0131n\u0131 bilmedi\u011fi anahtar\u0131 bulmak \u00fczere \u015eahika\u2019n\u0131n gizemli ge\u00e7mi\u015fine do\u011fru bir yolculu\u011fa \u00e7\u0131kmak zorunda kal\u0131rken, k\u0131rm\u0131z\u0131 deri kapl\u0131 bir defter onun tek k\u0131lavuzu olacakt\u0131r.    1950\u2019li y\u0131llarda \u0130stanbul\u2019da ba\u015flayan \u00f6l\u00fcms\u00fcz bir a\u015fk\u0131n iki nesil s\u00fcren gizemli tarihini \u00f6\u011frenen Zeynep, iki kad\u0131n\u0131 birbirine ba\u011flayan ger\u00e7eklerle y\u00fczle\u015fmek zorunda kalacak, pe\u015finde ko\u015ftu\u011fu anahtar\u0131n a\u00e7t\u0131\u011f\u0131 kap\u0131dan ge\u00e7ti\u011finde ise t\u00fcm hik\u00e2yelerin finalini yazacakt\u0131r.<\/p>\n","protected":false},"excerpt":{"rendered":"<p>Ger\u00e7eklerin er ya da ge\u00e7 ortaya \u00e7\u0131kmak gibi k\u00f6t\u00fc bir huyu vard\u0131r. Zeynep evlili\u011finin en zor karar\u0131n\u0131 vermeye \u00e7al\u0131\u015ft\u0131\u011f\u0131 s\u0131rada onu b\u00fcy\u00fcten anneannesi \u015eahika\u2019n\u0131n fel\u00e7 ge\u00e7irdi\u011fi<span class=\"excerpt-hellip\"> [\u2026]<\/span><\/p>\n","protected":false},"featured_media":0,"template":"","meta":{"_monsterinsights_skip_tracking":false,"_monsterinsights_sitenote_active":false,"_monsterinsights_sitenote_note":"","_monsterinsights_sitenote_category":0},"product_brand":[],"product_cat":[12291,12711],"product_tag":[],"class_list":{"0":"post-768406","1":"product","2":"type-product","3":"status-publish","5":"product_cat-edebiyat","6":"product_cat-roman-oyku","7":"pa_cilt-ciltsiz","8":"pa_tur-kitap","9":"pa_yayinevi-destek-yayinlari","10":"pa_yazar-cagla-ural","12":"first","13":"instock","14":"sale","15":"shipping-taxable","16":"purchasable","17":"product-type-simple"},"_links":{"self":[{"href":"https:\/\/roveyayinevi.com.tr\/index.php\/wp-json\/wp\/v2\/product\/768406","targetHints":{"allow":["GET"]}}],"collection":[{"href":"https:\/\/roveyayinevi.com.tr\/index.php\/wp-json\/wp\/v2\/product"}],"about":[{"href":"https:\/\/roveyayinevi.com.tr\/index.php\/wp-json\/wp\/v2\/types\/product"}],"wp:attachment":[{"href":"https:\/\/roveyayinevi.com.tr\/index.php\/wp-json\/wp\/v2\/media?parent=768406"}],"wp:term":[{"taxonomy":"product_brand","embeddable":true,"href":"https:\/\/roveyayinevi.com.tr\/index.php\/wp-json\/wp\/v2\/product_brand?post=768406"},{"taxonomy":"product_cat","embeddable":true,"href":"https:\/\/roveyayinevi.com.tr\/index.php\/wp-json\/wp\/v2\/product_cat?post=768406"},{"taxonomy":"product_tag","embeddable":true,"href":"https:\/\/roveyayinevi.com.tr\/index.php\/wp-json\/wp\/v2\/product_tag?post=768406"}],"curies":[{"name":"wp","href":"https:\/\/api.w.org\/{rel}","templated":true}]}}