{"id":768397,"date":"2025-08-28T13:19:10","date_gmt":"2025-08-28T10:19:10","guid":{"rendered":"https:\/\/roveyayinevi.com.tr\/index.php\/urun\/bu-hayatimda-aile-reisi-olacagim-2\/"},"modified":"2026-04-15T03:34:08","modified_gmt":"2026-04-15T00:34:08","slug":"bu-hayatimda-aile-reisi-olacagim-2","status":"publish","type":"product","link":"https:\/\/roveyayinevi.com.tr\/index.php\/urun\/bu-hayatimda-aile-reisi-olacagim-2\/","title":{"rendered":"Bu Hayat\u0131mda Aile Reisi Olaca\u011f\u0131m 2"},"content":{"rendered":"<p>E\u011fer ismimin g\u00fcc\u00fcn\u00fc biraz daha art\u0131rabilirsem bu, Tia i\u00e7in her \u015feyi de\u011fi\u015ftirecek&#8230;   Bu y\u00fczden \u015fimdiye kadar yapt\u0131\u011f\u0131m gibi elimdekiyle yetinmek, benim i\u00e7in bir se\u00e7enek olamaz. EL\u0130MDEN GELEN HER \u015eEY\u0130 YAPARAK T\u0130A\u2019NIN GELECE\u011e\u0130NE DESTEK OLACA\u011eIM. <\/p>\n","protected":false},"excerpt":{"rendered":"<p>E\u011fer ismimin g\u00fcc\u00fcn\u00fc biraz daha art\u0131rabilirsem bu, Tia i\u00e7in her \u015feyi de\u011fi\u015ftirecek&#8230; Bu y\u00fczden \u015fimdiye kadar yapt\u0131\u011f\u0131m gibi elimdekiyle yetinmek, benim i\u00e7in bir se\u00e7enek olamaz. EL\u0130MDEN<span class=\"excerpt-hellip\"> [\u2026]<\/span><\/p>\n","protected":false},"featured_media":0,"template":"","meta":{"_monsterinsights_skip_tracking":false,"_monsterinsights_sitenote_active":false,"_monsterinsights_sitenote_note":"","_monsterinsights_sitenote_category":0},"product_brand":[],"product_cat":[12416,12291],"product_tag":[],"class_list":{"0":"post-768397","1":"product","2":"type-product","3":"status-publish","5":"product_cat-cizgi-roman","6":"product_cat-edebiyat","7":"pa_cilt-ciltsiz","8":"pa_tur-kitap","9":"pa_yayinevi-athica-yayinlari","10":"pa_yazar-roah-kim","12":"first","13":"instock","14":"sale","15":"shipping-taxable","16":"purchasable","17":"product-type-simple"},"_links":{"self":[{"href":"https:\/\/roveyayinevi.com.tr\/index.php\/wp-json\/wp\/v2\/product\/768397","targetHints":{"allow":["GET"]}}],"collection":[{"href":"https:\/\/roveyayinevi.com.tr\/index.php\/wp-json\/wp\/v2\/product"}],"about":[{"href":"https:\/\/roveyayinevi.com.tr\/index.php\/wp-json\/wp\/v2\/types\/product"}],"wp:attachment":[{"href":"https:\/\/roveyayinevi.com.tr\/index.php\/wp-json\/wp\/v2\/media?parent=768397"}],"wp:term":[{"taxonomy":"product_brand","embeddable":true,"href":"https:\/\/roveyayinevi.com.tr\/index.php\/wp-json\/wp\/v2\/product_brand?post=768397"},{"taxonomy":"product_cat","embeddable":true,"href":"https:\/\/roveyayinevi.com.tr\/index.php\/wp-json\/wp\/v2\/product_cat?post=768397"},{"taxonomy":"product_tag","embeddable":true,"href":"https:\/\/roveyayinevi.com.tr\/index.php\/wp-json\/wp\/v2\/product_tag?post=768397"}],"curies":[{"name":"wp","href":"https:\/\/api.w.org\/{rel}","templated":true}]}}