{"id":768385,"date":"2025-08-28T13:18:43","date_gmt":"2025-08-28T10:18:43","guid":{"rendered":"https:\/\/roveyayinevi.com.tr\/index.php\/urun\/dunyamiz-olusumundan-canliliga\/"},"modified":"2026-04-15T03:34:07","modified_gmt":"2026-04-15T00:34:07","slug":"dunyamiz-olusumundan-canliliga","status":"publish","type":"product","link":"https:\/\/roveyayinevi.com.tr\/index.php\/urun\/dunyamiz-olusumundan-canliliga\/","title":{"rendered":"D\u00fcnyam\u0131z &#8211; Olu\u015fumundan Canl\u0131l\u0131\u011fa"},"content":{"rendered":"<p>HAYAL ED\u0130N\u2026   \u0130nsanlardan,  dinozorlardan \u00f6nce\u2026 B\u00f6ceklerden ve bitkilerden \u00f6nce, D\u00fcnya nas\u0131l bir yerdi?   Milyarlarca y\u0131l \u00f6ncesine yolculuk ederek D\u00fcnya\u2019n\u0131n olu\u015fum s\u00fcrecine tan\u0131kl\u0131k edin. S\u00fcrprizlerle dolu, nefes kesici bir yolculuk\u2026   Her yan\u0131 kaplayan s\u0131cak lavlardan, milyarlarca y\u0131l s\u00fcren ya\u011fmurlara\u2026 Oksijenin olu\u015fman\u0131 sa\u011flayan minik yarat\u0131klardan, oksijeni soluyan deva canl\u0131lara\u2026 D\u00fcnya\u2019n\u0131n ve canl\u0131l\u0131\u011f\u0131n olu\u015fumundan bug\u00fcne, ola\u011fan\u00fcst\u00fc bir yolculuk sizi bekliyor!<\/p>\n","protected":false},"excerpt":{"rendered":"<p>HAYAL ED\u0130N\u2026 \u0130nsanlardan, dinozorlardan \u00f6nce\u2026 B\u00f6ceklerden ve bitkilerden \u00f6nce, D\u00fcnya nas\u0131l bir yerdi? Milyarlarca y\u0131l \u00f6ncesine yolculuk ederek D\u00fcnya\u2019n\u0131n olu\u015fum s\u00fcrecine tan\u0131kl\u0131k edin. S\u00fcrprizlerle dolu, nefes<span class=\"excerpt-hellip\"> [\u2026]<\/span><\/p>\n","protected":false},"featured_media":0,"template":"","meta":{"_monsterinsights_skip_tracking":false,"_monsterinsights_sitenote_active":false,"_monsterinsights_sitenote_note":"","_monsterinsights_sitenote_category":0},"product_brand":[],"product_cat":[12274,15842],"product_tag":[],"class_list":{"0":"post-768385","1":"product","2":"type-product","3":"status-publish","5":"product_cat-cocuk-ve-genclik-kitaplari","6":"product_cat-egitici-kitaplar","7":"pa_cilt-ciltsiz","8":"pa_tur-kitap","9":"pa_yayinevi-1001-cicek-kitaplar","10":"pa_yazar-james-gladstone","12":"first","13":"instock","14":"sale","15":"shipping-taxable","16":"purchasable","17":"product-type-simple"},"_links":{"self":[{"href":"https:\/\/roveyayinevi.com.tr\/index.php\/wp-json\/wp\/v2\/product\/768385","targetHints":{"allow":["GET"]}}],"collection":[{"href":"https:\/\/roveyayinevi.com.tr\/index.php\/wp-json\/wp\/v2\/product"}],"about":[{"href":"https:\/\/roveyayinevi.com.tr\/index.php\/wp-json\/wp\/v2\/types\/product"}],"wp:attachment":[{"href":"https:\/\/roveyayinevi.com.tr\/index.php\/wp-json\/wp\/v2\/media?parent=768385"}],"wp:term":[{"taxonomy":"product_brand","embeddable":true,"href":"https:\/\/roveyayinevi.com.tr\/index.php\/wp-json\/wp\/v2\/product_brand?post=768385"},{"taxonomy":"product_cat","embeddable":true,"href":"https:\/\/roveyayinevi.com.tr\/index.php\/wp-json\/wp\/v2\/product_cat?post=768385"},{"taxonomy":"product_tag","embeddable":true,"href":"https:\/\/roveyayinevi.com.tr\/index.php\/wp-json\/wp\/v2\/product_tag?post=768385"}],"curies":[{"name":"wp","href":"https:\/\/api.w.org\/{rel}","templated":true}]}}