{"id":768382,"date":"2025-08-28T13:18:36","date_gmt":"2025-08-28T10:18:36","guid":{"rendered":"https:\/\/roveyayinevi.com.tr\/index.php\/urun\/gecmisten-gunumuze-ramazan\/"},"modified":"2026-04-15T03:34:07","modified_gmt":"2026-04-15T00:34:07","slug":"gecmisten-gunumuze-ramazan","status":"publish","type":"product","link":"https:\/\/roveyayinevi.com.tr\/index.php\/urun\/gecmisten-gunumuze-ramazan\/","title":{"rendered":"Ge\u00e7mi\u015ften G\u00fcn\u00fcm\u00fcze Ramazan"},"content":{"rendered":"<p>\u201cGe\u00e7mi\u015ften G\u00fcn\u00fcm\u00fcze Ramazan\u201d adl\u0131 bu eser, Ramazan ay\u0131n\u0131n kutsall\u0131\u011f\u0131n\u0131, anlam\u0131n\u0131, tarihsel s\u00fcrecini ve toplumsal etkilerini derinlemesine inceliyor. Ramazan\u2019\u0131n \u0130slam d\u00fcnyas\u0131ndaki yeri, oru\u00e7 ibadetinin psikolojik ve fiziksel faydalar\u0131, toplumsal dayan\u0131\u015fma ve gelenekler ile bu kutlu ay\u0131n farkl\u0131 co\u011frafyalardaki etkileri \u00fczerine kapsaml\u0131 bir bak\u0131\u015f a\u00e7\u0131s\u0131 sunuyor. Kitap, Ramazan\u2019\u0131 sadece bir ibadet de\u011fil, ayn\u0131 zamanda manevi bir e\u011fitim, bireysel geli\u015fim ve toplumsal dayan\u0131\u015fma f\u0131rsat\u0131 olarak ele al\u0131rken, gelece\u011fe \u0131\u015f\u0131k tutacak \u00f6nemli mesajlar veriyor. Ramazan\u2019a dair her y\u00f6n\u00fcyle bilincinize katk\u0131 sa\u011flayacak bu eseri, hem bireysel hem de toplumsal anlamda bir yolculu\u011fa \u00e7\u0131kmak isteyen herkese tavsiye ediyoruz.<\/p>\n","protected":false},"excerpt":{"rendered":"<p>\u201cGe\u00e7mi\u015ften G\u00fcn\u00fcm\u00fcze Ramazan\u201d adl\u0131 bu eser, Ramazan ay\u0131n\u0131n kutsall\u0131\u011f\u0131n\u0131, anlam\u0131n\u0131, tarihsel s\u00fcrecini ve toplumsal etkilerini derinlemesine inceliyor. Ramazan\u2019\u0131n \u0130slam d\u00fcnyas\u0131ndaki yeri, oru\u00e7 ibadetinin psikolojik ve fiziksel<span class=\"excerpt-hellip\"> [\u2026]<\/span><\/p>\n","protected":false},"featured_media":0,"template":"","meta":{"_monsterinsights_skip_tracking":false,"_monsterinsights_sitenote_active":false,"_monsterinsights_sitenote_note":"","_monsterinsights_sitenote_category":0},"product_brand":[],"product_cat":[12718,12719],"product_tag":[],"class_list":{"0":"post-768382","1":"product","2":"type-product","3":"status-publish","5":"product_cat-din","6":"product_cat-islam","7":"pa_cilt-ciltsiz","8":"pa_tur-kitap","9":"pa_yayinevi-kalem-lugat-yayincilik","10":"pa_yazar-zubeyt-bozkurt","12":"first","13":"instock","14":"sale","15":"shipping-taxable","16":"purchasable","17":"product-type-simple"},"_links":{"self":[{"href":"https:\/\/roveyayinevi.com.tr\/index.php\/wp-json\/wp\/v2\/product\/768382","targetHints":{"allow":["GET"]}}],"collection":[{"href":"https:\/\/roveyayinevi.com.tr\/index.php\/wp-json\/wp\/v2\/product"}],"about":[{"href":"https:\/\/roveyayinevi.com.tr\/index.php\/wp-json\/wp\/v2\/types\/product"}],"wp:attachment":[{"href":"https:\/\/roveyayinevi.com.tr\/index.php\/wp-json\/wp\/v2\/media?parent=768382"}],"wp:term":[{"taxonomy":"product_brand","embeddable":true,"href":"https:\/\/roveyayinevi.com.tr\/index.php\/wp-json\/wp\/v2\/product_brand?post=768382"},{"taxonomy":"product_cat","embeddable":true,"href":"https:\/\/roveyayinevi.com.tr\/index.php\/wp-json\/wp\/v2\/product_cat?post=768382"},{"taxonomy":"product_tag","embeddable":true,"href":"https:\/\/roveyayinevi.com.tr\/index.php\/wp-json\/wp\/v2\/product_tag?post=768382"}],"curies":[{"name":"wp","href":"https:\/\/api.w.org\/{rel}","templated":true}]}}