{"id":768369,"date":"2025-08-28T13:18:11","date_gmt":"2025-08-28T10:18:11","guid":{"rendered":"https:\/\/roveyayinevi.com.tr\/index.php\/urun\/mukemmelin-pesinde\/"},"modified":"2026-04-15T03:34:07","modified_gmt":"2026-04-15T00:34:07","slug":"mukemmelin-pesinde","status":"publish","type":"product","link":"https:\/\/roveyayinevi.com.tr\/index.php\/urun\/mukemmelin-pesinde\/","title":{"rendered":"M\u00fckemmelin Pe\u015finde"},"content":{"rendered":"<p>Bu kitap, m\u00fckemmeliyet\u00e7ilik tuza\u011f\u0131ndan ve egonun ger\u00e7ek\u00e7i olmayan taleplerinden ka\u00e7\u0131n\u0131rken, mutluluk i\u00e7in do\u011fu\u015ftan gelen potansiyelinizi fark etmeniz ve ger\u00e7ek de\u011fi\u015fim arzusunu uyand\u0131rman\u0131z i\u00e7in size ilham verecek.\u201d\u2014Matthieu Ricard, Happiness: A Guide to Developing Life\u2019s Most Important Skill kitab\u0131n\u0131n yazar\u0131* * *Hepimiz her y\u00f6nden m\u00fckemmel olmak i\u00e7in hem kendimizin hem toplumun beklentileri do\u011frultusunda \u00e7abal\u0131yoruz: Daha gen\u00e7 g\u00f6r\u00fcnmek, daha fazla para kazanmak, her zaman mutlu olmak. Ancak Tal Ben-Shahar\u2019a g\u00f6re, m\u00fckemmelin pe\u015finde ko\u015fmak asl\u0131nda mutlulu\u011fa ula\u015fman\u0131n \u00f6n\u00fcndeki en b\u00fcy\u00fck engel. Ben-Shahar, bizi esas\u0131nda imk\u00e2ns\u0131z olan m\u00fckemmellik aray\u0131\u015f\u0131ndan uzakla\u015ft\u0131rarak mutlulu\u011fa, zenginli\u011fe ve ger\u00e7ek tatmine giden bir yola y\u00f6nlendiriyor. Her zaman her \u015feyi do\u011fru yapmaya \u00e7al\u0131\u015fmadan hem \u00f6zg\u00fcrl\u00fc\u011f\u00fc hem de ac\u0131 verici duygular\u0131 deneyimleyebilece\u011fimiz ger\u00e7e\u011fini g\u00f6zler \u00f6n\u00fcne seriyor. M\u00fckemmelin Pe\u015finde ile hayatta ger\u00e7ekten ne istedi\u011finizi yeniden ke\u015ffedeceksiniz.<\/p>\n","protected":false},"excerpt":{"rendered":"<p>Bu kitap, m\u00fckemmeliyet\u00e7ilik tuza\u011f\u0131ndan ve egonun ger\u00e7ek\u00e7i olmayan taleplerinden ka\u00e7\u0131n\u0131rken, mutluluk i\u00e7in do\u011fu\u015ftan gelen potansiyelinizi fark etmeniz ve ger\u00e7ek de\u011fi\u015fim arzusunu uyand\u0131rman\u0131z i\u00e7in size ilham verecek.\u201d\u2014Matthieu<span class=\"excerpt-hellip\"> [\u2026]<\/span><\/p>\n","protected":false},"featured_media":0,"template":"","meta":{"_monsterinsights_skip_tracking":false,"_monsterinsights_sitenote_active":false,"_monsterinsights_sitenote_note":"","_monsterinsights_sitenote_category":0},"product_brand":[],"product_cat":[12364,12376],"product_tag":[],"class_list":{"0":"post-768369","1":"product","2":"type-product","3":"status-publish","5":"product_cat-genel-konular","6":"product_cat-kisisel-gelisim","7":"pa_cilt-ciltsiz","8":"pa_tur-kitap","9":"pa_yayinevi-stabil-kitap","10":"pa_yazar-tal-ben-shahar","12":"first","13":"instock","14":"sale","15":"shipping-taxable","16":"purchasable","17":"product-type-simple"},"_links":{"self":[{"href":"https:\/\/roveyayinevi.com.tr\/index.php\/wp-json\/wp\/v2\/product\/768369","targetHints":{"allow":["GET"]}}],"collection":[{"href":"https:\/\/roveyayinevi.com.tr\/index.php\/wp-json\/wp\/v2\/product"}],"about":[{"href":"https:\/\/roveyayinevi.com.tr\/index.php\/wp-json\/wp\/v2\/types\/product"}],"wp:attachment":[{"href":"https:\/\/roveyayinevi.com.tr\/index.php\/wp-json\/wp\/v2\/media?parent=768369"}],"wp:term":[{"taxonomy":"product_brand","embeddable":true,"href":"https:\/\/roveyayinevi.com.tr\/index.php\/wp-json\/wp\/v2\/product_brand?post=768369"},{"taxonomy":"product_cat","embeddable":true,"href":"https:\/\/roveyayinevi.com.tr\/index.php\/wp-json\/wp\/v2\/product_cat?post=768369"},{"taxonomy":"product_tag","embeddable":true,"href":"https:\/\/roveyayinevi.com.tr\/index.php\/wp-json\/wp\/v2\/product_tag?post=768369"}],"curies":[{"name":"wp","href":"https:\/\/api.w.org\/{rel}","templated":true}]}}